--
-- Host: localhost    Database: openCartStore
-- ------------------------------------------------------


--
-- Table structure for table `oc_address`
--

CREATE TABLE `oc_address` (
  `address_id` int(11) NOT NULL AUTO_INCREMENT,
  `customer_id` int(11) NOT NULL,
  `firstname` varchar(32) NOT NULL,
  `lastname` varchar(32) NOT NULL,
  `company` varchar(40) NOT NULL,
  `address_1` varchar(128) NOT NULL,
  `address_2` varchar(128) NOT NULL,
  `city` varchar(128) NOT NULL,
  `postcode` varchar(10) NOT NULL,
  `country_id` int(11) NOT NULL DEFAULT 0,
  `zone_id` int(11) NOT NULL DEFAULT 0,
  `custom_field` text NOT NULL,
  PRIMARY KEY (`address_id`),
  KEY `customer_id` (`customer_id`)
) ENGINE=MyISAM AUTO_INCREMENT=6 DEFAULT CHARSET=utf8;

--
-- Dumping data for table `oc_address`
--

INSERT INTO `oc_address` VALUES (2,1,'Faisal','Mehmood','','Flat 722, Block 3, Yat King Housr','','Hong Kong','852',96,1420,'[]'),(1,1,'Faisal','Mehmood','','Flat 722, Block 3, Yat King House','','Hong Kong','852',96,1420,'[]'),(3,3,'Dharmanshu','Gupta','','test','','test','1112',96,1420,'[]'),(4,8,'adas','sdf','qwe','Flat 722, Block 3, Yat King House, Lai King Estate,','Kwai Chung','Hong Kong','852',96,1425,''),(5,8,'adas','xasd','qwe','Flat 722, Block 3, Yat King House, Lai King Estate,','Kwai Chung','Hong Kong','852',96,1425,'');

--
-- Table structure for table `oc_api`
--

CREATE TABLE `oc_api` (
  `api_id` int(11) NOT NULL AUTO_INCREMENT,
  `username` varchar(64) NOT NULL,
  `key` text NOT NULL,
  `status` tinyint(1) NOT NULL,
  `date_added` datetime NOT NULL,
  `date_modified` datetime NOT NULL,
  PRIMARY KEY (`api_id`)
) ENGINE=MyISAM AUTO_INCREMENT=2 DEFAULT CHARSET=utf8;

--
-- Dumping data for table `oc_api`
--

INSERT INTO `oc_api` VALUES (1,'Default','Dl2MAd3CTHyR4mGEvNAxG0qlxP7CnGa0bETD0Qw6eOWqhvtnePQ559ipEjZ0QFHfBCjk1IQRhYAmsAVx58Y2m4sU33OVj4U4zgXdCinefyjpLsh6qxI9xXBA68RPpjPiTtYBTI2IOHZQofQyEuJRqQ3mHqfPhOLSXWGokL4vMfjB7YzAi7ZKBASMU85hwopgpmRWRMqMWkQDXutgPsDV6HlPB6qTOgkd4SV1xfKhTcm6exdJHFdhy48dmxQJYOLb',1,'2021-02-02 16:46:17','2021-02-02 16:46:17');

--
-- Table structure for table `oc_api_ip`
--

CREATE TABLE `oc_api_ip` (
  `api_ip_id` int(11) NOT NULL AUTO_INCREMENT,
  `api_id` int(11) NOT NULL,
  `ip` varchar(40) NOT NULL,
  PRIMARY KEY (`api_ip_id`)
) ENGINE=MyISAM AUTO_INCREMENT=6 DEFAULT CHARSET=utf8;

--
-- Dumping data for table `oc_api_ip`
--

INSERT INTO `oc_api_ip` VALUES (1,1,'110.235.52.190'),(2,1,'180.149.225.63'),(3,1,'110.235.52.2'),(4,1,'42.200.130.22'),(5,1,'113.28.45.212');

--
-- Table structure for table `oc_api_session`
--

CREATE TABLE `oc_api_session` (
  `api_session_id` int(11) NOT NULL AUTO_INCREMENT,
  `api_id` int(11) NOT NULL,
  `session_id` varchar(32) NOT NULL,
  `ip` varchar(40) NOT NULL,
  `date_added` datetime NOT NULL,
  `date_modified` datetime NOT NULL,
  PRIMARY KEY (`api_session_id`)
) ENGINE=MyISAM AUTO_INCREMENT=126 DEFAULT CHARSET=utf8;

--
-- Dumping data for table `oc_api_session`
--

INSERT INTO `oc_api_session` VALUES (125,1,'58c85da169a420d240bb57307e','110.235.52.2','2021-03-03 12:17:13','2021-03-03 12:17:41');

--
-- Table structure for table `oc_attribute`
--

CREATE TABLE `oc_attribute` (
  `attribute_id` int(11) NOT NULL AUTO_INCREMENT,
  `attribute_group_id` int(11) NOT NULL,
  `sort_order` int(3) NOT NULL,
  PRIMARY KEY (`attribute_id`)
) ENGINE=MyISAM AUTO_INCREMENT=12 DEFAULT CHARSET=utf8;

--
-- Dumping data for table `oc_attribute`
--

INSERT INTO `oc_attribute` VALUES (1,6,1),(2,6,5),(3,6,3),(4,3,1),(5,3,2),(6,3,3),(7,3,4),(8,3,5),(9,3,6),(10,3,7),(11,3,8);

--
-- Table structure for table `oc_attribute_description`
--

CREATE TABLE `oc_attribute_description` (
  `attribute_id` int(11) NOT NULL,
  `language_id` int(11) NOT NULL,
  `name` varchar(64) NOT NULL,
  PRIMARY KEY (`attribute_id`,`language_id`)
) ENGINE=MyISAM DEFAULT CHARSET=utf8;

--
-- Dumping data for table `oc_attribute_description`
--

INSERT INTO `oc_attribute_description` VALUES (1,1,'Description'),(2,1,'No. of Cores'),(4,1,'test 1'),(5,1,'test 2'),(6,1,'test 3'),(7,1,'test 4'),(8,1,'test 5'),(9,1,'test 6'),(10,1,'test 7'),(11,1,'test 8'),(3,1,'Clockspeed');

--
-- Table structure for table `oc_attribute_group`
--

CREATE TABLE `oc_attribute_group` (
  `attribute_group_id` int(11) NOT NULL AUTO_INCREMENT,
  `sort_order` int(3) NOT NULL,
  PRIMARY KEY (`attribute_group_id`)
) ENGINE=MyISAM AUTO_INCREMENT=7 DEFAULT CHARSET=utf8;

--
-- Dumping data for table `oc_attribute_group`
--

INSERT INTO `oc_attribute_group` VALUES (3,2),(4,1),(5,3),(6,4);

--
-- Table structure for table `oc_attribute_group_description`
--

CREATE TABLE `oc_attribute_group_description` (
  `attribute_group_id` int(11) NOT NULL,
  `language_id` int(11) NOT NULL,
  `name` varchar(64) NOT NULL,
  PRIMARY KEY (`attribute_group_id`,`language_id`)
) ENGINE=MyISAM DEFAULT CHARSET=utf8;

--
-- Dumping data for table `oc_attribute_group_description`
--

INSERT INTO `oc_attribute_group_description` VALUES (3,1,'Memory'),(4,1,'Technical'),(5,1,'Motherboard'),(6,1,'Processor');

--
-- Table structure for table `oc_auth`
--

CREATE TABLE `oc_auth` (
  `id` int(11) NOT NULL AUTO_INCREMENT,
  `l` varchar(255) NOT NULL,
  `lc` varchar(255) NOT NULL,
  `c` varchar(255) NOT NULL,
  `e` varchar(255) NOT NULL,
  `i` varchar(255) NOT NULL,
  `d` varchar(255) NOT NULL,
  `s` varchar(255) NOT NULL,
  PRIMARY KEY (`id`)
) ENGINE=MyISAM AUTO_INCREMENT=3 DEFAULT CHARSET=utf8;

--
-- Dumping data for table `oc_auth`
--

INSERT INTO `oc_auth` VALUES (1,'TVpYMTMtRVpaWVMtNElMSkktTUtHVlk=','NDkyMDg=','NDkyMDg=','YWR2X2V4dGVuZGVkX2N1c3RfaW5mbw==','MjAyMS0wMi0wMiAxNzoxMjowMQ==','MTU3LjIzMC4zMy4yMzM=','OTExOQ=='),(2,'Sko5QUotSThHWU4tWTdXWEgtSjA0Wk4=','OTUwODE=','OTUwODE=','YWR2X3Byb2R1Y3Rz','MjAyMS0wMi0wMiAxNzoyOTo0NA==','MTU3LjIzMC4zMy4yMzM=','OTExOQ==');

--
-- Table structure for table `oc_banner`
--

CREATE TABLE `oc_banner` (
  `banner_id` int(11) NOT NULL AUTO_INCREMENT,
  `name` varchar(64) NOT NULL,
  `status` tinyint(1) NOT NULL,
  PRIMARY KEY (`banner_id`)
) ENGINE=MyISAM AUTO_INCREMENT=9 DEFAULT CHARSET=utf8;

--
-- Dumping data for table `oc_banner`
--

INSERT INTO `oc_banner` VALUES (6,'HP Products',1),(7,'Home Page Slideshow',1),(8,'Manufacturers',1);

--
-- Table structure for table `oc_banner_image`
--

CREATE TABLE `oc_banner_image` (
  `banner_image_id` int(11) NOT NULL AUTO_INCREMENT,
  `banner_id` int(11) NOT NULL,
  `language_id` int(11) NOT NULL,
  `title` varchar(64) NOT NULL,
  `link` varchar(255) NOT NULL,
  `image` varchar(255) NOT NULL,
  `sort_order` int(3) NOT NULL DEFAULT 0,
  PRIMARY KEY (`banner_image_id`)
) ENGINE=MyISAM AUTO_INCREMENT=99 DEFAULT CHARSET=utf8;

--
-- Dumping data for table `oc_banner_image`
--

INSERT INTO `oc_banner_image` VALUES (79,7,1,'iPhone 6','index.php?route=product/product&amp;path=57&amp;product_id=49','catalog/demo/banners/iPhone6.jpg',0),(87,6,1,'HP Banner','index.php?route=product/manufacturer/info&amp;manufacturer_id=7','catalog/demo/compaq_presario.jpg',0),(94,8,1,'NFL','','catalog/demo/manufacturer/nfl.png',0),(95,8,1,'RedBull','','catalog/demo/manufacturer/redbull.png',0),(96,8,1,'Sony','','catalog/demo/manufacturer/sony.png',0),(91,8,1,'Coca Cola','','catalog/demo/manufacturer/cocacola.png',0),(92,8,1,'Burger King','','catalog/demo/manufacturer/burgerking.png',0),(93,8,1,'Canon','','catalog/demo/manufacturer/canon.png',0),(88,8,1,'Harley Davidson','','catalog/demo/manufacturer/harley.png',0),(89,8,1,'Dell','','catalog/demo/manufacturer/dell.png',0),(90,8,1,'Disney','','catalog/demo/manufacturer/disney.png',0),(80,7,1,'MacBookAir','','catalog/demo/banners/MacBookAir.jpg',0),(97,8,1,'Starbucks','','catalog/demo/manufacturer/starbucks.png',0),(98,8,1,'Nintendo','','catalog/demo/manufacturer/nintendo.png',0);

--
-- Table structure for table `oc_cart`
--

CREATE TABLE `oc_cart` (
  `cart_id` int(11) unsigned NOT NULL AUTO_INCREMENT,
  `api_id` int(11) NOT NULL,
  `customer_id` int(11) NOT NULL,
  `session_id` varchar(32) NOT NULL,
  `product_id` int(11) NOT NULL,
  `recurring_id` int(11) NOT NULL,
  `option` text NOT NULL,
  `quantity` int(5) NOT NULL,
  `date_added` datetime NOT NULL,
  `kbbooking_id` int(11) NOT NULL DEFAULT 0,
  PRIMARY KEY (`cart_id`),
  KEY `cart_id` (`api_id`,`customer_id`,`session_id`,`product_id`,`recurring_id`)
) ENGINE=InnoDB AUTO_INCREMENT=55 DEFAULT CHARSET=utf8;

--
-- Dumping data for table `oc_cart`
--

INSERT INTO `oc_cart` VALUES (53,0,1,'d89f9fc7277945c5d8659a2ebc',55,0,'[]',1,'2021-03-01 12:54:35',23),(54,0,8,'d89f9fc7277945c5d8659a2ebc',48,0,'[]',1,'2021-03-03 06:20:53',0);

--
-- Table structure for table `oc_category`
--

CREATE TABLE `oc_category` (
  `category_id` int(11) NOT NULL AUTO_INCREMENT,
  `image` varchar(255) DEFAULT NULL,
  `parent_id` int(11) NOT NULL DEFAULT 0,
  `top` tinyint(1) NOT NULL,
  `column` int(3) NOT NULL,
  `sort_order` int(3) NOT NULL DEFAULT 0,
  `status` tinyint(1) NOT NULL,
  `date_added` datetime NOT NULL,
  `date_modified` datetime NOT NULL,
  `banner` varchar(255) NOT NULL,
  PRIMARY KEY (`category_id`),
  KEY `parent_id` (`parent_id`)
) ENGINE=MyISAM AUTO_INCREMENT=59 DEFAULT CHARSET=utf8;

--
-- Dumping data for table `oc_category`
--

INSERT INTO `oc_category` VALUES (25,'',0,1,1,3,1,'2009-01-31 01:04:25','2021-02-26 06:53:15','catalog/mobile/banner/home4/c1-banner.jpg'),(27,'',20,0,0,2,1,'2009-01-31 01:55:34','2010-08-22 06:32:15',''),(20,'catalog/demo/compaq_presario.jpg',0,1,1,1,1,'2009-01-05 21:49:43','2011-07-16 02:14:42',''),(24,'',0,1,1,5,1,'2009-01-20 02:36:26','2011-05-30 12:15:18',''),(18,'catalog/demo/hp_2.jpg',0,1,0,2,1,'2009-01-05 21:49:15','2011-05-30 12:13:55',''),(17,'',0,1,1,4,1,'2009-01-03 21:08:57','2011-05-30 12:15:11',''),(28,'catalog/mobile/banner/home4/c4.jpg',25,0,0,1,1,'2009-02-02 13:11:12','2021-02-26 06:53:57',''),(26,'',20,0,0,1,1,'2009-01-31 01:55:14','2010-08-22 06:31:45',''),(29,'catalog/mobile/banner/home4/c1.jpg',25,0,0,1,1,'2009-02-02 13:11:37','2021-02-26 06:55:09',''),(30,'catalog/mobile/banner/home4/c2.jpg',25,0,0,1,1,'2009-02-02 13:11:59','2021-02-26 06:54:15',''),(31,'catalog/mobile/banner/home4/c6.jpg',25,0,0,1,1,'2009-02-03 14:17:24','2021-02-26 06:54:43',''),(32,'catalog/mobile/banner/home4/c5.jpg',25,0,0,1,1,'2009-02-03 14:17:34','2021-02-26 06:55:32',''),(33,'',0,1,1,6,1,'2009-02-03 14:17:55','2011-05-30 12:15:25',''),(34,'catalog/demo/ipod_touch_4.jpg',0,1,4,7,1,'2009-02-03 14:18:11','2011-05-30 12:15:31',''),(35,'',28,0,0,0,1,'2010-09-17 10:06:48','2010-09-18 14:02:42',''),(36,'',28,0,0,0,1,'2010-09-17 10:07:13','2010-09-18 14:02:55',''),(37,'',34,0,0,0,1,'2010-09-18 14:03:39','2011-04-22 01:55:08',''),(38,'',34,0,0,0,1,'2010-09-18 14:03:51','2010-09-18 14:03:51',''),(39,'',34,0,0,0,1,'2010-09-18 14:04:17','2011-04-22 01:55:20',''),(40,'',34,0,0,0,1,'2010-09-18 14:05:36','2010-09-18 14:05:36',''),(41,'',34,0,0,0,1,'2010-09-18 14:05:49','2011-04-22 01:55:30',''),(42,'',34,0,0,0,1,'2010-09-18 14:06:34','2010-11-07 20:31:04',''),(43,'',34,0,0,0,1,'2010-09-18 14:06:49','2011-04-22 01:55:40',''),(44,'',34,0,0,0,1,'2010-09-21 15:39:21','2010-11-07 20:30:55',''),(45,'',18,0,0,0,1,'2010-09-24 18:29:16','2011-04-26 08:52:11',''),(46,'',18,0,0,0,1,'2010-09-24 18:29:31','2011-04-26 08:52:23',''),(47,'',34,0,0,0,1,'2010-11-07 11:13:16','2010-11-07 11:13:16',''),(48,'',34,0,0,0,1,'2010-11-07 11:13:33','2010-11-07 11:13:33',''),(49,'',34,0,0,0,1,'2010-11-07 11:14:04','2010-11-07 11:14:04',''),(50,'',34,0,0,0,1,'2010-11-07 11:14:23','2011-04-22 01:16:01',''),(51,'',34,0,0,0,1,'2010-11-07 11:14:38','2011-04-22 01:16:13',''),(52,'',34,0,0,0,1,'2010-11-07 11:16:09','2011-04-22 01:54:57',''),(53,'',34,0,0,0,1,'2010-11-07 11:28:53','2011-04-22 01:14:36',''),(54,'',34,0,0,0,1,'2010-11-07 11:29:16','2011-04-22 01:16:50',''),(55,'',34,0,0,0,1,'2010-11-08 10:31:32','2010-11-08 10:31:32',''),(56,'',34,0,0,0,1,'2010-11-08 10:31:50','2011-04-22 01:16:37',''),(57,'',0,1,1,3,1,'2011-04-26 08:53:16','2011-05-30 12:15:05',''),(58,'',52,0,0,0,1,'2011-05-08 13:44:16','2011-05-08 13:44:16','');

--
-- Table structure for table `oc_category_description`
--

CREATE TABLE `oc_category_description` (
  `category_id` int(11) NOT NULL,
  `language_id` int(11) NOT NULL,
  `name` varchar(255) NOT NULL,
  `description` text NOT NULL,
  `meta_title` varchar(255) NOT NULL,
  `meta_description` varchar(255) NOT NULL,
  `meta_keyword` varchar(255) NOT NULL,
  PRIMARY KEY (`category_id`,`language_id`),
  KEY `name` (`name`)
) ENGINE=MyISAM DEFAULT CHARSET=utf8;

--
-- Dumping data for table `oc_category_description`
--

INSERT INTO `oc_category_description` VALUES (28,1,'Monitors','','Monitors','',''),(33,1,'Cameras','','Cameras','',''),(32,1,'Web Cameras','','Web Cameras','',''),(31,1,'Scanners','','Scanners','',''),(30,1,'Printers','','Printers','',''),(29,1,'Trackballs','','Mice and Trackballs','',''),(27,1,'Mac','','Mac','',''),(26,1,'PC','','PC','',''),(17,1,'Software','','Software','',''),(25,1,'Components','','Components','',''),(24,1,'Phones &amp; PDAs','','Phones &amp; PDAs','',''),(20,1,'Desktops','&lt;p&gt;\r\n	Example of category description text&lt;/p&gt;\r\n','Desktops','Example of category description',''),(35,1,'test 1','','test 1','',''),(36,1,'test 2','','test 2','',''),(37,1,'test 5','','test 5','',''),(38,1,'test 4','','test 4','',''),(39,1,'test 6','','test 6','',''),(40,1,'test 7','','test 7','',''),(41,1,'test 8','','test 8','',''),(42,1,'test 9','','test 9','',''),(43,1,'test 11','','test 11','',''),(34,1,'MP3 Players','&lt;p&gt;\r\n	Shop Laptop feature only the best laptop deals on the market. By comparing laptop deals from the likes of PC World, Comet, Dixons, The Link and Carphone Warehouse, Shop Laptop has the most comprehensive selection of laptops on the internet. At Shop Laptop, we pride ourselves on offering customers the very best laptop deals. From refurbished laptops to netbooks, Shop Laptop ensures that every laptop - in every colour, style, size and technical spec - is featured on the site at the lowest possible price.&lt;/p&gt;\r\n','MP3 Players','',''),(18,1,'Laptops &amp; Notebooks','&lt;p&gt;\r\n	Shop Laptop feature only the best laptop deals on the market. By comparing laptop deals from the likes of PC World, Comet, Dixons, The Link and Carphone Warehouse, Shop Laptop has the most comprehensive selection of laptops on the internet. At Shop Laptop, we pride ourselves on offering customers the very best laptop deals. From refurbished laptops to netbooks, Shop Laptop ensures that every laptop - in every colour, style, size and technical spec - is featured on the site at the lowest possible price.&lt;/p&gt;\r\n','Laptops &amp; Notebooks','',''),(44,1,'test 12','','test 12','',''),(45,1,'Windows','','Windows','',''),(46,1,'Macs','','Macs','',''),(47,1,'test 15','','test 15','',''),(48,1,'test 16','','test 16','',''),(49,1,'test 17','','test 17','',''),(50,1,'test 18','','test 18','',''),(51,1,'test 19','','test 19','',''),(52,1,'test 20','','test 20','',''),(53,1,'test 21','','test 21','',''),(54,1,'test 22','','test 22','',''),(55,1,'test 23','','test 23','',''),(56,1,'test 24','','test 24','',''),(57,1,'Tablets','','Tablets','',''),(58,1,'test 25','','test 25','','');

--
-- Table structure for table `oc_category_filter`
--

CREATE TABLE `oc_category_filter` (
  `category_id` int(11) NOT NULL,
  `filter_id` int(11) NOT NULL,
  PRIMARY KEY (`category_id`,`filter_id`)
) ENGINE=MyISAM DEFAULT CHARSET=utf8;

--
-- Dumping data for table `oc_category_filter`
--


--
-- Table structure for table `oc_category_path`
--

CREATE TABLE `oc_category_path` (
  `category_id` int(11) NOT NULL,
  `path_id` int(11) NOT NULL,
  `level` int(11) NOT NULL,
  PRIMARY KEY (`category_id`,`path_id`)
) ENGINE=MyISAM DEFAULT CHARSET=utf8;

--
-- Dumping data for table `oc_category_path`
--

INSERT INTO `oc_category_path` VALUES (25,25,0),(28,25,0),(28,28,1),(35,25,0),(35,28,1),(35,35,2),(36,25,0),(36,28,1),(36,36,2),(29,25,0),(29,29,1),(30,25,0),(30,30,1),(31,25,0),(31,31,1),(32,25,0),(32,32,1),(20,20,0),(27,20,0),(27,27,1),(26,20,0),(26,26,1),(24,24,0),(18,18,0),(45,18,0),(45,45,1),(46,18,0),(46,46,1),(17,17,0),(33,33,0),(34,34,0),(37,34,0),(37,37,1),(38,34,0),(38,38,1),(39,34,0),(39,39,1),(40,34,0),(40,40,1),(41,34,0),(41,41,1),(42,34,0),(42,42,1),(43,34,0),(43,43,1),(44,34,0),(44,44,1),(47,34,0),(47,47,1),(48,34,0),(48,48,1),(49,34,0),(49,49,1),(50,34,0),(50,50,1),(51,34,0),(51,51,1),(52,34,0),(52,52,1),(58,34,0),(58,52,1),(58,58,2),(53,34,0),(53,53,1),(54,34,0),(54,54,1),(55,34,0),(55,55,1),(56,34,0),(56,56,1),(57,57,0);

--
-- Table structure for table `oc_category_to_layout`
--

CREATE TABLE `oc_category_to_layout` (
  `category_id` int(11) NOT NULL,
  `store_id` int(11) NOT NULL,
  `layout_id` int(11) NOT NULL,
  PRIMARY KEY (`category_id`,`store_id`)
) ENGINE=MyISAM DEFAULT CHARSET=utf8;

--
-- Dumping data for table `oc_category_to_layout`
--

INSERT INTO `oc_category_to_layout` VALUES (29,0,0),(25,0,0),(28,0,0),(30,0,0),(31,0,0),(32,0,0);

--
-- Table structure for table `oc_category_to_store`
--

CREATE TABLE `oc_category_to_store` (
  `category_id` int(11) NOT NULL,
  `store_id` int(11) NOT NULL,
  PRIMARY KEY (`category_id`,`store_id`)
) ENGINE=MyISAM DEFAULT CHARSET=utf8;

--
-- Dumping data for table `oc_category_to_store`
--

INSERT INTO `oc_category_to_store` VALUES (17,0),(18,0),(20,0),(24,0),(25,0),(26,0),(27,0),(28,0),(29,0),(30,0),(31,0),(32,0),(33,0),(34,0),(35,0),(36,0),(37,0),(38,0),(39,0),(40,0),(41,0),(42,0),(43,0),(44,0),(45,0),(46,0),(47,0),(48,0),(49,0),(50,0),(51,0),(52,0),(53,0),(54,0),(55,0),(56,0),(57,0),(58,0);

--
-- Table structure for table `oc_country`
--

CREATE TABLE `oc_country` (
  `country_id` int(11) NOT NULL AUTO_INCREMENT,
  `name` varchar(128) NOT NULL,
  `iso_code_2` varchar(2) NOT NULL,
  `iso_code_3` varchar(3) NOT NULL,
  `address_format` text NOT NULL,
  `postcode_required` tinyint(1) NOT NULL,
  `status` tinyint(1) NOT NULL DEFAULT 1,
  PRIMARY KEY (`country_id`)
) ENGINE=MyISAM AUTO_INCREMENT=258 DEFAULT CHARSET=utf8;

--
-- Dumping data for table `oc_country`
--

INSERT INTO `oc_country` VALUES (1,'Afghanistan','AF','AFG','',0,1),(2,'Albania','AL','ALB','',0,1),(3,'Algeria','DZ','DZA','',0,1),(4,'American Samoa','AS','ASM','',0,1),(5,'Andorra','AD','AND','',0,1),(6,'Angola','AO','AGO','',0,1),(7,'Anguilla','AI','AIA','',0,1),(8,'Antarctica','AQ','ATA','',0,1),(9,'Antigua and Barbuda','AG','ATG','',0,1),(10,'Argentina','AR','ARG','',0,1),(11,'Armenia','AM','ARM','',0,1),(12,'Aruba','AW','ABW','',0,1),(13,'Australia','AU','AUS','',0,1),(14,'Austria','AT','AUT','',0,1),(15,'Azerbaijan','AZ','AZE','',0,1),(16,'Bahamas','BS','BHS','',0,1),(17,'Bahrain','BH','BHR','',0,1),(18,'Bangladesh','BD','BGD','',0,1),(19,'Barbados','BB','BRB','',0,1),(20,'Belarus','BY','BLR','',0,1),(21,'Belgium','BE','BEL','{firstname} {lastname}\r\n{company}\r\n{address_1}\r\n{address_2}\r\n{postcode} {city}\r\n{country}',0,1),(22,'Belize','BZ','BLZ','',0,1),(23,'Benin','BJ','BEN','',0,1),(24,'Bermuda','BM','BMU','',0,1),(25,'Bhutan','BT','BTN','',0,1),(26,'Bolivia','BO','BOL','',0,1),(27,'Bosnia and Herzegovina','BA','BIH','',0,1),(28,'Botswana','BW','BWA','',0,1),(29,'Bouvet Island','BV','BVT','',0,1),(30,'Brazil','BR','BRA','',0,1),(31,'British Indian Ocean Territory','IO','IOT','',0,1),(32,'Brunei Darussalam','BN','BRN','',0,1),(33,'Bulgaria','BG','BGR','',0,1),(34,'Burkina Faso','BF','BFA','',0,1),(35,'Burundi','BI','BDI','',0,1),(36,'Cambodia','KH','KHM','',0,1),(37,'Cameroon','CM','CMR','',0,1),(38,'Canada','CA','CAN','',0,1),(39,'Cape Verde','CV','CPV','',0,1),(40,'Cayman Islands','KY','CYM','',0,1),(41,'Central African Republic','CF','CAF','',0,1),(42,'Chad','TD','TCD','',0,1),(43,'Chile','CL','CHL','',0,1),(44,'China','CN','CHN','',0,1),(45,'Christmas Island','CX','CXR','',0,1),(46,'Cocos (Keeling) Islands','CC','CCK','',0,1),(47,'Colombia','CO','COL','',0,1),(48,'Comoros','KM','COM','',0,1),(49,'Congo','CG','COG','',0,1),(50,'Cook Islands','CK','COK','',0,1),(51,'Costa Rica','CR','CRI','',0,1),(52,'Cote D\'Ivoire','CI','CIV','',0,1),(53,'Croatia','HR','HRV','',0,1),(54,'Cuba','CU','CUB','',0,1),(55,'Cyprus','CY','CYP','',0,1),(56,'Czech Republic','CZ','CZE','',0,1),(57,'Denmark','DK','DNK','',0,1),(58,'Djibouti','DJ','DJI','',0,1),(59,'Dominica','DM','DMA','',0,1),(60,'Dominican Republic','DO','DOM','',0,1),(61,'East Timor','TL','TLS','',0,1),(62,'Ecuador','EC','ECU','',0,1),(63,'Egypt','EG','EGY','',0,1),(64,'El Salvador','SV','SLV','',0,1),(65,'Equatorial Guinea','GQ','GNQ','',0,1),(66,'Eritrea','ER','ERI','',0,1),(67,'Estonia','EE','EST','',0,1),(68,'Ethiopia','ET','ETH','',0,1),(69,'Falkland Islands (Malvinas)','FK','FLK','',0,1),(70,'Faroe Islands','FO','FRO','',0,1),(71,'Fiji','FJ','FJI','',0,1),(72,'Finland','FI','FIN','',0,1),(74,'France, Metropolitan','FR','FRA','{firstname} {lastname}\r\n{company}\r\n{address_1}\r\n{address_2}\r\n{postcode} {city}\r\n{country}',1,1),(75,'French Guiana','GF','GUF','',0,1),(76,'French Polynesia','PF','PYF','',0,1),(77,'French Southern Territories','TF','ATF','',0,1),(78,'Gabon','GA','GAB','',0,1),(79,'Gambia','GM','GMB','',0,1),(80,'Georgia','GE','GEO','',0,1),(81,'Germany','DE','DEU','{company}\r\n{firstname} {lastname}\r\n{address_1}\r\n{address_2}\r\n{postcode} {city}\r\n{country}',1,1),(82,'Ghana','GH','GHA','',0,1),(83,'Gibraltar','GI','GIB','',0,1),(84,'Greece','GR','GRC','',0,1),(85,'Greenland','GL','GRL','',0,1),(86,'Grenada','GD','GRD','',0,1),(87,'Guadeloupe','GP','GLP','',0,1),(88,'Guam','GU','GUM','',0,1),(89,'Guatemala','GT','GTM','',0,1),(90,'Guinea','GN','GIN','',0,1),(91,'Guinea-Bissau','GW','GNB','',0,1),(92,'Guyana','GY','GUY','',0,1),(93,'Haiti','HT','HTI','',0,1),(94,'Heard and Mc Donald Islands','HM','HMD','',0,1),(95,'Honduras','HN','HND','',0,1),(96,'Hong Kong','HK','HKG','',0,1),(97,'Hungary','HU','HUN','',0,1),(98,'Iceland','IS','ISL','',0,1),(99,'India','IN','IND','',0,1),(100,'Indonesia','ID','IDN','',0,1),(101,'Iran (Islamic Republic of)','IR','IRN','',0,1),(102,'Iraq','IQ','IRQ','',0,1),(103,'Ireland','IE','IRL','',0,1),(104,'Israel','IL','ISR','',0,1),(105,'Italy','IT','ITA','',0,1),(106,'Jamaica','JM','JAM','',0,1),(107,'Japan','JP','JPN','',0,1),(108,'Jordan','JO','JOR','',0,1),(109,'Kazakhstan','KZ','KAZ','',0,1),(110,'Kenya','KE','KEN','',0,1),(111,'Kiribati','KI','KIR','',0,1),(112,'North Korea','KP','PRK','',0,1),(113,'South Korea','KR','KOR','',0,1),(114,'Kuwait','KW','KWT','',0,1),(115,'Kyrgyzstan','KG','KGZ','',0,1),(116,'Lao People\'s Democratic Republic','LA','LAO','',0,1),(117,'Latvia','LV','LVA','',0,1),(118,'Lebanon','LB','LBN','',0,1),(119,'Lesotho','LS','LSO','',0,1),(120,'Liberia','LR','LBR','',0,1),(121,'Libyan Arab Jamahiriya','LY','LBY','',0,1),(122,'Liechtenstein','LI','LIE','',0,1),(123,'Lithuania','LT','LTU','',0,1),(124,'Luxembourg','LU','LUX','',0,1),(125,'Macau','MO','MAC','',0,1),(126,'FYROM','MK','MKD','',0,1),(127,'Madagascar','MG','MDG','',0,1),(128,'Malawi','MW','MWI','',0,1),(129,'Malaysia','MY','MYS','',0,1),(130,'Maldives','MV','MDV','',0,1),(131,'Mali','ML','MLI','',0,1),(132,'Malta','MT','MLT','',0,1),(133,'Marshall Islands','MH','MHL','',0,1),(134,'Martinique','MQ','MTQ','',0,1),(135,'Mauritania','MR','MRT','',0,1),(136,'Mauritius','MU','MUS','',0,1),(137,'Mayotte','YT','MYT','',0,1),(138,'Mexico','MX','MEX','',0,1),(139,'Micronesia, Federated States of','FM','FSM','',0,1),(140,'Moldova, Republic of','MD','MDA','',0,1),(141,'Monaco','MC','MCO','',0,1),(142,'Mongolia','MN','MNG','',0,1),(143,'Montserrat','MS','MSR','',0,1),(144,'Morocco','MA','MAR','',0,1),(145,'Mozambique','MZ','MOZ','',0,1),(146,'Myanmar','MM','MMR','',0,1),(147,'Namibia','NA','NAM','',0,1),(148,'Nauru','NR','NRU','',0,1),(149,'Nepal','NP','NPL','',0,1),(150,'Netherlands','NL','NLD','',0,1),(151,'Netherlands Antilles','AN','ANT','',0,1),(152,'New Caledonia','NC','NCL','',0,1),(153,'New Zealand','NZ','NZL','',0,1),(154,'Nicaragua','NI','NIC','',0,1),(155,'Niger','NE','NER','',0,1),(156,'Nigeria','NG','NGA','',0,1),(157,'Niue','NU','NIU','',0,1),(158,'Norfolk Island','NF','NFK','',0,1),(159,'Northern Mariana Islands','MP','MNP','',0,1),(160,'Norway','NO','NOR','',0,1),(161,'Oman','OM','OMN','',0,1),(162,'Pakistan','PK','PAK','',0,1),(163,'Palau','PW','PLW','',0,1),(164,'Panama','PA','PAN','',0,1),(165,'Papua New Guinea','PG','PNG','',0,1),(166,'Paraguay','PY','PRY','',0,1),(167,'Peru','PE','PER','',0,1),(168,'Philippines','PH','PHL','',0,1),(169,'Pitcairn','PN','PCN','',0,1),(170,'Poland','PL','POL','',0,1),(171,'Portugal','PT','PRT','',0,1),(172,'Puerto Rico','PR','PRI','',0,1),(173,'Qatar','QA','QAT','',0,1),(174,'Reunion','RE','REU','',0,1),(175,'Romania','RO','ROM','',0,1),(176,'Russian Federation','RU','RUS','',0,1),(177,'Rwanda','RW','RWA','',0,1),(178,'Saint Kitts and Nevis','KN','KNA','',0,1),(179,'Saint Lucia','LC','LCA','',0,1),(180,'Saint Vincent and the Grenadines','VC','VCT','',0,1),(181,'Samoa','WS','WSM','',0,1),(182,'San Marino','SM','SMR','',0,1),(183,'Sao Tome and Principe','ST','STP','',0,1),(184,'Saudi Arabia','SA','SAU','',0,1),(185,'Senegal','SN','SEN','',0,1),(186,'Seychelles','SC','SYC','',0,1),(187,'Sierra Leone','SL','SLE','',0,1),(188,'Singapore','SG','SGP','',0,1),(189,'Slovak Republic','SK','SVK','{firstname} {lastname}\r\n{company}\r\n{address_1}\r\n{address_2}\r\n{city} {postcode}\r\n{zone}\r\n{country}',0,1),(190,'Slovenia','SI','SVN','',0,1),(191,'Solomon Islands','SB','SLB','',0,1),(192,'Somalia','SO','SOM','',0,1),(193,'South Africa','ZA','ZAF','',0,1),(194,'South Georgia &amp; South Sandwich Islands','GS','SGS','',0,1),(195,'Spain','ES','ESP','',0,1),(196,'Sri Lanka','LK','LKA','',0,1),(197,'St. Helena','SH','SHN','',0,1),(198,'St. Pierre and Miquelon','PM','SPM','',0,1),(199,'Sudan','SD','SDN','',0,1),(200,'Suriname','SR','SUR','',0,1),(201,'Svalbard and Jan Mayen Islands','SJ','SJM','',0,1),(202,'Swaziland','SZ','SWZ','',0,1),(203,'Sweden','SE','SWE','{company}\r\n{firstname} {lastname}\r\n{address_1}\r\n{address_2}\r\n{postcode} {city}\r\n{country}',1,1),(204,'Switzerland','CH','CHE','',0,1),(205,'Syrian Arab Republic','SY','SYR','',0,1),(206,'Taiwan','TW','TWN','',0,1),(207,'Tajikistan','TJ','TJK','',0,1),(208,'Tanzania, United Republic of','TZ','TZA','',0,1),(209,'Thailand','TH','THA','',0,1),(210,'Togo','TG','TGO','',0,1),(211,'Tokelau','TK','TKL','',0,1),(212,'Tonga','TO','TON','',0,1),(213,'Trinidad and Tobago','TT','TTO','',0,1),(214,'Tunisia','TN','TUN','',0,1),(215,'Turkey','TR','TUR','',0,1),(216,'Turkmenistan','TM','TKM','',0,1),(217,'Turks and Caicos Islands','TC','TCA','',0,1),(218,'Tuvalu','TV','TUV','',0,1),(219,'Uganda','UG','UGA','',0,1),(220,'Ukraine','UA','UKR','',0,1),(221,'United Arab Emirates','AE','ARE','',0,1),(222,'United Kingdom','GB','GBR','',1,1),(223,'United States','US','USA','{firstname} {lastname}\r\n{company}\r\n{address_1}\r\n{address_2}\r\n{city}, {zone} {postcode}\r\n{country}',0,1),(224,'United States Minor Outlying Islands','UM','UMI','',0,1),(225,'Uruguay','UY','URY','',0,1),(226,'Uzbekistan','UZ','UZB','',0,1),(227,'Vanuatu','VU','VUT','',0,1),(228,'Vatican City State (Holy See)','VA','VAT','',0,1),(229,'Venezuela','VE','VEN','',0,1),(230,'Viet Nam','VN','VNM','',0,1),(231,'Virgin Islands (British)','VG','VGB','',0,1),(232,'Virgin Islands (U.S.)','VI','VIR','',0,1),(233,'Wallis and Futuna Islands','WF','WLF','',0,1),(234,'Western Sahara','EH','ESH','',0,1),(235,'Yemen','YE','YEM','',0,1),(237,'Democratic Republic of Congo','CD','COD','',0,1),(238,'Zambia','ZM','ZMB','',0,1),(239,'Zimbabwe','ZW','ZWE','',0,1),(242,'Montenegro','ME','MNE','',0,1),(243,'Serbia','RS','SRB','',0,1),(244,'Aaland Islands','AX','ALA','',0,1),(245,'Bonaire, Sint Eustatius and Saba','BQ','BES','',0,1),(246,'Curacao','CW','CUW','',0,1),(247,'Palestinian Territory, Occupied','PS','PSE','',0,1),(248,'South Sudan','SS','SSD','',0,1),(249,'St. Barthelemy','BL','BLM','',0,1),(250,'St. Martin (French part)','MF','MAF','',0,1),(251,'Canary Islands','IC','ICA','',0,1),(252,'Ascension Island (British)','AC','ASC','',0,1),(253,'Kosovo, Republic of','XK','UNK','',0,1),(254,'Isle of Man','IM','IMN','',0,1),(255,'Tristan da Cunha','TA','SHN','',0,1),(256,'Guernsey','GG','GGY','',0,1),(257,'Jersey','JE','JEY','',0,1);

--
-- Table structure for table `oc_coupon`
--

CREATE TABLE `oc_coupon` (
  `coupon_id` int(11) NOT NULL AUTO_INCREMENT,
  `name` varchar(128) NOT NULL,
  `code` varchar(20) NOT NULL,
  `type` char(1) NOT NULL,
  `discount` decimal(15,4) NOT NULL,
  `logged` tinyint(1) NOT NULL,
  `shipping` tinyint(1) NOT NULL,
  `total` decimal(15,4) NOT NULL,
  `date_start` date NOT NULL DEFAULT '0000-00-00',
  `date_end` date NOT NULL DEFAULT '0000-00-00',
  `uses_total` int(11) NOT NULL,
  `uses_customer` varchar(11) NOT NULL,
  `status` tinyint(1) NOT NULL,
  `date_added` datetime NOT NULL,
  PRIMARY KEY (`coupon_id`)
) ENGINE=MyISAM AUTO_INCREMENT=7 DEFAULT CHARSET=utf8;

--
-- Dumping data for table `oc_coupon`
--

INSERT INTO `oc_coupon` VALUES (4,'-10% Discount','2222','P',10.0000,0,0,0.0000,'2014-01-01','2020-01-01',10,'10',0,'2009-01-27 13:55:03'),(5,'Free Shipping','3333','P',0.0000,0,1,100.0000,'2014-01-01','2014-02-01',10,'10',0,'2009-03-14 21:13:53'),(6,'-10.00 Discount','1111','F',10.0000,0,0,10.0000,'2014-01-01','2020-01-01',100000,'10000',0,'2009-03-14 21:15:18');

--
-- Table structure for table `oc_coupon_category`
--

CREATE TABLE `oc_coupon_category` (
  `coupon_id` int(11) NOT NULL,
  `category_id` int(11) NOT NULL,
  PRIMARY KEY (`coupon_id`,`category_id`)
) ENGINE=MyISAM DEFAULT CHARSET=utf8;

--
-- Dumping data for table `oc_coupon_category`
--


--
-- Table structure for table `oc_coupon_history`
--

CREATE TABLE `oc_coupon_history` (
  `coupon_history_id` int(11) NOT NULL AUTO_INCREMENT,
  `coupon_id` int(11) NOT NULL,
  `order_id` int(11) NOT NULL,
  `customer_id` int(11) NOT NULL,
  `amount` decimal(15,4) NOT NULL,
  `date_added` datetime NOT NULL,
  PRIMARY KEY (`coupon_history_id`)
) ENGINE=MyISAM DEFAULT CHARSET=utf8;

--
-- Dumping data for table `oc_coupon_history`
--


--
-- Table structure for table `oc_coupon_product`
--

CREATE TABLE `oc_coupon_product` (
  `coupon_product_id` int(11) NOT NULL AUTO_INCREMENT,
  `coupon_id` int(11) NOT NULL,
  `product_id` int(11) NOT NULL,
  PRIMARY KEY (`coupon_product_id`)
) ENGINE=MyISAM DEFAULT CHARSET=utf8;

--
-- Dumping data for table `oc_coupon_product`
--


--
-- Table structure for table `oc_currency`
--

CREATE TABLE `oc_currency` (
  `currency_id` int(11) NOT NULL AUTO_INCREMENT,
  `title` varchar(32) NOT NULL,
  `code` varchar(3) NOT NULL,
  `symbol_left` varchar(12) NOT NULL,
  `symbol_right` varchar(12) NOT NULL,
  `decimal_place` char(1) NOT NULL,
  `value` double(15,8) NOT NULL,
  `status` tinyint(1) NOT NULL,
  `date_modified` datetime NOT NULL,
  PRIMARY KEY (`currency_id`)
) ENGINE=MyISAM AUTO_INCREMENT=4 DEFAULT CHARSET=utf8;

--
-- Dumping data for table `oc_currency`
--

INSERT INTO `oc_currency` VALUES (1,'Pound Sterling','GBP','£','','2',0.61250001,1,'2014-09-25 14:40:00'),(2,'US Dollar','USD','$','','2',1.00000000,1,'2021-03-03 08:14:53'),(3,'Euro','EUR','','€','2',0.78460002,1,'2014-09-25 14:40:00');

--
-- Table structure for table `oc_custom_field`
--

CREATE TABLE `oc_custom_field` (
  `custom_field_id` int(11) NOT NULL AUTO_INCREMENT,
  `type` varchar(32) NOT NULL,
  `value` text NOT NULL,
  `validation` varchar(255) NOT NULL,
  `location` varchar(10) NOT NULL,
  `status` tinyint(1) NOT NULL,
  `sort_order` int(3) NOT NULL,
  PRIMARY KEY (`custom_field_id`)
) ENGINE=MyISAM DEFAULT CHARSET=utf8;

--
-- Dumping data for table `oc_custom_field`
--


--
-- Table structure for table `oc_custom_field_customer_group`
--

CREATE TABLE `oc_custom_field_customer_group` (
  `custom_field_id` int(11) NOT NULL,
  `customer_group_id` int(11) NOT NULL,
  `required` tinyint(1) NOT NULL,
  PRIMARY KEY (`custom_field_id`,`customer_group_id`)
) ENGINE=MyISAM DEFAULT CHARSET=utf8;

--
-- Dumping data for table `oc_custom_field_customer_group`
--


--
-- Table structure for table `oc_custom_field_description`
--

CREATE TABLE `oc_custom_field_description` (
  `custom_field_id` int(11) NOT NULL,
  `language_id` int(11) NOT NULL,
  `name` varchar(128) NOT NULL,
  PRIMARY KEY (`custom_field_id`,`language_id`)
) ENGINE=MyISAM DEFAULT CHARSET=utf8;

--
-- Dumping data for table `oc_custom_field_description`
--


--
-- Table structure for table `oc_custom_field_value`
--

CREATE TABLE `oc_custom_field_value` (
  `custom_field_value_id` int(11) NOT NULL AUTO_INCREMENT,
  `custom_field_id` int(11) NOT NULL,
  `sort_order` int(3) NOT NULL,
  PRIMARY KEY (`custom_field_value_id`)
) ENGINE=MyISAM DEFAULT CHARSET=utf8;

--
-- Dumping data for table `oc_custom_field_value`
--


--
-- Table structure for table `oc_custom_field_value_description`
--

CREATE TABLE `oc_custom_field_value_description` (
  `custom_field_value_id` int(11) NOT NULL,
  `language_id` int(11) NOT NULL,
  `custom_field_id` int(11) NOT NULL,
  `name` varchar(128) NOT NULL,
  PRIMARY KEY (`custom_field_value_id`,`language_id`)
) ENGINE=MyISAM DEFAULT CHARSET=utf8;

--
-- Dumping data for table `oc_custom_field_value_description`
--


--
-- Table structure for table `oc_customer`
--

CREATE TABLE `oc_customer` (
  `customer_id` int(11) NOT NULL AUTO_INCREMENT,
  `customer_group_id` int(11) NOT NULL,
  `store_id` int(11) NOT NULL DEFAULT 0,
  `language_id` int(11) NOT NULL,
  `firstname` varchar(32) NOT NULL,
  `lastname` varchar(32) NOT NULL,
  `email` varchar(96) NOT NULL,
  `telephone` varchar(32) NOT NULL,
  `fax` varchar(32) NOT NULL,
  `password` varchar(40) NOT NULL,
  `salt` varchar(9) NOT NULL,
  `cart` text DEFAULT NULL,
  `wishlist` text DEFAULT NULL,
  `newsletter` tinyint(1) NOT NULL DEFAULT 0,
  `address_id` int(11) NOT NULL DEFAULT 0,
  `custom_field` text NOT NULL,
  `ip` varchar(40) NOT NULL,
  `status` tinyint(1) NOT NULL,
  `safe` tinyint(1) NOT NULL,
  `token` text NOT NULL,
  `code` varchar(40) NOT NULL,
  `date_added` datetime NOT NULL,
  `onesingal_code` varchar(255) NOT NULL,
  PRIMARY KEY (`customer_id`)
) ENGINE=MyISAM AUTO_INCREMENT=23 DEFAULT CHARSET=utf8;

--
-- Dumping data for table `oc_customer`
--

INSERT INTO `oc_customer` VALUES (1,1,0,1,'Faisal','Mehmood','faisalm@connect.hku.hk','96349464','','ae90ff079f4e7ea225d4f627cf36bb53983891f8','4fKTij8rK',NULL,NULL,0,0,'[]','110.235.52.2',1,0,'','','2021-02-03 08:33:47','123'),(2,1,0,1,'nAzEaXmRbtw','KibHvChOq','emmaaaljh15@gmail.com','8203345007','','ef38059dba38551690cded95d084daf35951a5de','pV2hT752f',NULL,NULL,0,0,'','80.73.89.109',1,0,'','','2021-02-07 00:09:18',''),(3,1,0,1,'Dharmanshu','Gupta','test@test.com','1111111111','','d42cb679d38b775c6cf235b866a9f866b7f798cf','m2Fz1y8gC',NULL,NULL,0,3,'[]','180.149.225.63',1,0,'','','2021-02-19 09:00:28',''),(4,1,0,1,'RazQSVxp','PEhrxyckNp','efrenxqipx89@gmail.com','8378975596','','ca68610f50330bd1fc79e00ed0acb9b5bb68a0ec','E3WWgfI9w',NULL,NULL,0,0,'','50.255.183.165',1,0,'','','2021-02-19 17:04:46',''),(5,1,0,1,'C','So','i_am_bitepa@yahoo.com','92631965','','a5fb45dc9fa96dfc9aa8b259d0d5204c6263bc53','q4Vtf2Ch3',NULL,NULL,0,0,'','42.200.130.22',1,0,'','','2021-02-28 13:33:38',''),(22,1,0,1,'Saqib','Riaz','saqibhku@gmail.com','79101039','','6eceeab53e9ad3db18e82b6bb5501be9e382c660','qx1v2TNBy',NULL,NULL,0,0,'','113.28.45.212',1,0,'','','2021-03-03 06:26:08',''),(8,1,0,1,'Faisal','Mehmood','faisaltheonly1@hotmail.com','96349464','','b8ec2c874035e7c644884d702eb3558be7d01d2b','7f9NnmPUP',NULL,NULL,0,0,'','110.235.52.2',1,0,'','','2021-03-03 04:08:18','');

--
-- Table structure for table `oc_customer_activity`
--

CREATE TABLE `oc_customer_activity` (
  `customer_activity_id` int(11) NOT NULL AUTO_INCREMENT,
  `customer_id` int(11) NOT NULL,
  `key` varchar(64) NOT NULL,
  `data` text NOT NULL,
  `ip` varchar(40) NOT NULL,
  `date_added` datetime NOT NULL,
  PRIMARY KEY (`customer_activity_id`),
  KEY `customer_id` (`customer_id`)
) ENGINE=MyISAM AUTO_INCREMENT=13 DEFAULT CHARSET=utf8;

--
-- Dumping data for table `oc_customer_activity`
--

INSERT INTO `oc_customer_activity` VALUES (1,1,'login','{\"customer_id\":\"1\",\"name\":\"Faisal Mehmood\"}','110.235.52.190','2021-02-03 08:41:59'),(2,1,'login','{\"customer_id\":\"1\",\"name\":\"Faisal Mehmood\"}','110.235.52.190','2021-02-04 09:29:15'),(3,1,'login','{\"customer_id\":\"1\",\"name\":\"Faisal Mehmood\"}','110.235.52.190','2021-02-05 14:55:35'),(4,1,'login','{\"customer_id\":\"1\",\"name\":\"Faisal Mehmood\"}','110.235.52.190','2021-02-05 15:30:50'),(5,1,'login','{\"customer_id\":\"1\",\"name\":\"Faisal Mehmood\"}','110.235.52.190','2021-02-05 15:33:27'),(6,1,'login','{\"customer_id\":\"1\",\"name\":\"Faisal Mehmood\"}','110.235.52.190','2021-02-05 15:42:26'),(7,1,'login','{\"customer_id\":\"1\",\"name\":\"Faisal Mehmood\"}','110.235.52.190','2021-02-05 15:46:30'),(8,1,'login','{\"customer_id\":\"1\",\"name\":\"Faisal Mehmood\"}','110.235.52.190','2021-02-05 16:21:28'),(9,1,'login','{\"customer_id\":\"1\",\"name\":\"Faisal Mehmood\"}','110.235.52.190','2021-02-05 16:22:36'),(10,3,'login','{\"customer_id\":\"3\",\"name\":\"Dharmanshu Gupta\"}','180.149.225.63','2021-02-19 09:00:41'),(11,5,'register','{\"customer_id\":5,\"name\":\"C So\"}','42.200.130.22','2021-02-28 13:33:38'),(12,1,'login','{\"customer_id\":\"1\",\"name\":\"Faisal Mehmood\"}','110.235.52.2','2021-02-28 17:43:03');

--
-- Table structure for table `oc_customer_affiliate`
--

CREATE TABLE `oc_customer_affiliate` (
  `customer_id` int(11) NOT NULL,
  `company` varchar(40) NOT NULL,
  `website` varchar(255) NOT NULL,
  `tracking` varchar(64) NOT NULL,
  `commission` decimal(4,2) NOT NULL DEFAULT 0.00,
  `tax` varchar(64) NOT NULL,
  `payment` varchar(6) NOT NULL,
  `cheque` varchar(100) NOT NULL,
  `paypal` varchar(64) NOT NULL,
  `bank_name` varchar(64) NOT NULL,
  `bank_branch_number` varchar(64) NOT NULL,
  `bank_swift_code` varchar(64) NOT NULL,
  `bank_account_name` varchar(64) NOT NULL,
  `bank_account_number` varchar(64) NOT NULL,
  `custom_field` text NOT NULL,
  `status` tinyint(1) NOT NULL,
  `date_added` datetime NOT NULL,
  PRIMARY KEY (`customer_id`)
) ENGINE=MyISAM DEFAULT CHARSET=utf8;

--
-- Dumping data for table `oc_customer_affiliate`
--


--
-- Table structure for table `oc_customer_approval`
--

CREATE TABLE `oc_customer_approval` (
  `customer_approval_id` int(11) NOT NULL AUTO_INCREMENT,
  `customer_id` int(11) NOT NULL,
  `type` varchar(9) NOT NULL,
  `date_added` datetime NOT NULL,
  PRIMARY KEY (`customer_approval_id`)
) ENGINE=MyISAM DEFAULT CHARSET=utf8;

--
-- Dumping data for table `oc_customer_approval`
--


--
-- Table structure for table `oc_customer_group`
--

CREATE TABLE `oc_customer_group` (
  `customer_group_id` int(11) NOT NULL AUTO_INCREMENT,
  `approval` int(1) NOT NULL,
  `sort_order` int(3) NOT NULL,
  PRIMARY KEY (`customer_group_id`)
) ENGINE=MyISAM AUTO_INCREMENT=2 DEFAULT CHARSET=utf8;

--
-- Dumping data for table `oc_customer_group`
--

INSERT INTO `oc_customer_group` VALUES (1,0,1);

--
-- Table structure for table `oc_customer_group_description`
--

CREATE TABLE `oc_customer_group_description` (
  `customer_group_id` int(11) NOT NULL,
  `language_id` int(11) NOT NULL,
  `name` varchar(32) NOT NULL,
  `description` text NOT NULL,
  PRIMARY KEY (`customer_group_id`,`language_id`)
) ENGINE=MyISAM DEFAULT CHARSET=utf8;

--
-- Dumping data for table `oc_customer_group_description`
--

INSERT INTO `oc_customer_group_description` VALUES (1,1,'Default','test');

--
-- Table structure for table `oc_customer_history`
--

CREATE TABLE `oc_customer_history` (
  `customer_history_id` int(11) NOT NULL AUTO_INCREMENT,
  `customer_id` int(11) NOT NULL,
  `comment` text NOT NULL,
  `date_added` datetime NOT NULL,
  PRIMARY KEY (`customer_history_id`)
) ENGINE=MyISAM DEFAULT CHARSET=utf8;

--
-- Dumping data for table `oc_customer_history`
--


--
-- Table structure for table `oc_customer_ip`
--

CREATE TABLE `oc_customer_ip` (
  `customer_ip_id` int(11) NOT NULL AUTO_INCREMENT,
  `customer_id` int(11) NOT NULL,
  `ip` varchar(40) NOT NULL,
  `date_added` datetime NOT NULL,
  PRIMARY KEY (`customer_ip_id`),
  KEY `ip` (`ip`)
) ENGINE=MyISAM AUTO_INCREMENT=14 DEFAULT CHARSET=utf8;

--
-- Dumping data for table `oc_customer_ip`
--

INSERT INTO `oc_customer_ip` VALUES (1,1,'110.235.52.190','2021-02-03 08:33:47'),(2,2,'80.73.89.109','2021-02-07 00:09:18'),(3,3,'180.149.225.63','2021-02-19 09:00:41'),(4,4,'50.255.183.165','2021-02-19 17:04:46'),(5,3,'110.235.52.2','2021-02-28 06:50:54'),(6,5,'42.200.130.22','2021-02-28 13:33:38'),(7,1,'110.235.52.2','2021-02-28 17:43:03'),(8,1,'113.28.45.212','2021-03-02 08:37:11'),(9,8,'110.235.52.2','2021-03-03 04:08:18'),(13,22,'113.28.45.212','2021-03-03 06:26:08');

--
-- Table structure for table `oc_customer_login`
--

CREATE TABLE `oc_customer_login` (
  `customer_login_id` int(11) NOT NULL AUTO_INCREMENT,
  `email` varchar(96) NOT NULL,
  `ip` varchar(40) NOT NULL,
  `total` int(4) NOT NULL,
  `date_added` datetime NOT NULL,
  `date_modified` datetime NOT NULL,
  PRIMARY KEY (`customer_login_id`),
  KEY `email` (`email`),
  KEY `ip` (`ip`)
) ENGINE=MyISAM AUTO_INCREMENT=6 DEFAULT CHARSET=utf8;

--
-- Dumping data for table `oc_customer_login`
--

INSERT INTO `oc_customer_login` VALUES (3,'efrenxqipx89@gmail.com','50.255.183.165',2,'2021-02-19 17:07:27','2021-02-19 17:07:29');

--
-- Table structure for table `oc_customer_note`
--

CREATE TABLE `oc_customer_note` (
  `customer_note_id` int(11) NOT NULL AUTO_INCREMENT,
  `customer_id` int(11) NOT NULL,
  `note` text NOT NULL,
  PRIMARY KEY (`customer_note_id`),
  KEY `customer_id` (`customer_id`)
) ENGINE=MyISAM DEFAULT CHARSET=utf8;

--
-- Dumping data for table `oc_customer_note`
--


--
-- Table structure for table `oc_customer_online`
--

CREATE TABLE `oc_customer_online` (
  `ip` varchar(40) NOT NULL,
  `customer_id` int(11) NOT NULL,
  `url` text NOT NULL,
  `referer` text NOT NULL,
  `date_added` datetime NOT NULL,
  PRIMARY KEY (`ip`)
) ENGINE=MyISAM DEFAULT CHARSET=utf8;

--
-- Dumping data for table `oc_customer_online`
--


--
-- Table structure for table `oc_customer_reward`
--

CREATE TABLE `oc_customer_reward` (
  `customer_reward_id` int(11) NOT NULL AUTO_INCREMENT,
  `customer_id` int(11) NOT NULL DEFAULT 0,
  `order_id` int(11) NOT NULL DEFAULT 0,
  `description` text NOT NULL,
  `points` int(8) NOT NULL DEFAULT 0,
  `date_added` datetime NOT NULL,
  PRIMARY KEY (`customer_reward_id`),
  KEY `order_id` (`order_id`)
) ENGINE=MyISAM DEFAULT CHARSET=utf8;

--
-- Dumping data for table `oc_customer_reward`
--


--
-- Table structure for table `oc_customer_search`
--

CREATE TABLE `oc_customer_search` (
  `customer_search_id` int(11) NOT NULL AUTO_INCREMENT,
  `store_id` int(11) NOT NULL,
  `language_id` int(11) NOT NULL,
  `customer_id` int(11) NOT NULL,
  `keyword` varchar(255) NOT NULL,
  `category_id` int(11) DEFAULT NULL,
  `sub_category` tinyint(1) NOT NULL,
  `description` tinyint(1) NOT NULL,
  `products` int(11) NOT NULL,
  `ip` varchar(40) NOT NULL,
  `date_added` datetime NOT NULL,
  PRIMARY KEY (`customer_search_id`)
) ENGINE=MyISAM DEFAULT CHARSET=utf8;

--
-- Dumping data for table `oc_customer_search`
--


--
-- Table structure for table `oc_customer_track`
--

CREATE TABLE `oc_customer_track` (
  `customer_track_id` int(10) NOT NULL AUTO_INCREMENT,
  `route` varchar(100) COLLATE utf8_bin NOT NULL,
  `ip_address` varchar(15) COLLATE utf8_bin NOT NULL,
  `customer_id` int(11) NOT NULL,
  `current_url` tinytext COLLATE utf8_bin NOT NULL,
  `referrer` tinytext COLLATE utf8_bin NOT NULL,
  `agent_type` varchar(200) COLLATE utf8_bin NOT NULL,
  `access_time` datetime NOT NULL,
  PRIMARY KEY (`customer_track_id`)
) ENGINE=MyISAM AUTO_INCREMENT=252 DEFAULT CHARSET=utf8 COLLATE=utf8_bin;

--
-- Dumping data for table `oc_customer_track`
--



--
-- Table structure for table `oc_customer_transaction`
--

CREATE TABLE `oc_customer_transaction` (
  `customer_transaction_id` int(11) NOT NULL AUTO_INCREMENT,
  `customer_id` int(11) NOT NULL,
  `order_id` int(11) NOT NULL,
  `description` text NOT NULL,
  `amount` decimal(15,4) NOT NULL,
  `date_added` datetime NOT NULL,
  PRIMARY KEY (`customer_transaction_id`)
) ENGINE=MyISAM DEFAULT CHARSET=utf8;

--
-- Dumping data for table `oc_customer_transaction`
--


--
-- Table structure for table `oc_customer_wishlist`
--

CREATE TABLE `oc_customer_wishlist` (
  `customer_id` int(11) NOT NULL,
  `product_id` int(11) NOT NULL,
  `date_added` datetime NOT NULL,
  PRIMARY KEY (`customer_id`,`product_id`)
) ENGINE=MyISAM DEFAULT CHARSET=utf8;

--
-- Dumping data for table `oc_customer_wishlist`
--

INSERT INTO `oc_customer_wishlist` VALUES (1,42,'2021-03-02 08:32:07'),(1,49,'2021-02-03 14:33:55');

--
-- Table structure for table `oc_department`
--

CREATE TABLE `oc_department` (
  `department_id` int(11) NOT NULL AUTO_INCREMENT,
  `department` varchar(100) DEFAULT NULL,
  PRIMARY KEY (`department_id`)
) ENGINE=MyISAM DEFAULT CHARSET=utf8;

--
-- Dumping data for table `oc_department`
--


--
-- Table structure for table `oc_download`
--

CREATE TABLE `oc_download` (
  `download_id` int(11) NOT NULL AUTO_INCREMENT,
  `filename` varchar(160) NOT NULL,
  `mask` varchar(128) NOT NULL,
  `date_added` datetime NOT NULL,
  PRIMARY KEY (`download_id`)
) ENGINE=MyISAM DEFAULT CHARSET=utf8;

--
-- Dumping data for table `oc_download`
--


--
-- Table structure for table `oc_download_description`
--

CREATE TABLE `oc_download_description` (
  `download_id` int(11) NOT NULL,
  `language_id` int(11) NOT NULL,
  `name` varchar(64) NOT NULL,
  PRIMARY KEY (`download_id`,`language_id`)
) ENGINE=MyISAM DEFAULT CHARSET=utf8;

--
-- Dumping data for table `oc_download_description`
--


--
-- Table structure for table `oc_event`
--

CREATE TABLE `oc_event` (
  `event_id` int(11) NOT NULL AUTO_INCREMENT,
  `code` varchar(64) NOT NULL,
  `trigger` text NOT NULL,
  `action` text NOT NULL,
  `status` tinyint(1) NOT NULL,
  `sort_order` int(3) NOT NULL,
  PRIMARY KEY (`event_id`)
) ENGINE=MyISAM AUTO_INCREMENT=198 DEFAULT CHARSET=utf8;

--
-- Dumping data for table `oc_event`
--

INSERT INTO `oc_event` VALUES (1,'activity_customer_add','catalog/model/account/customer/addCustomer/after','event/activity/addCustomer',1,0),(2,'activity_customer_edit','catalog/model/account/customer/editCustomer/after','event/activity/editCustomer',1,0),(3,'activity_customer_password','catalog/model/account/customer/editPassword/after','event/activity/editPassword',1,0),(4,'activity_customer_forgotten','catalog/model/account/customer/editCode/after','event/activity/forgotten',1,0),(5,'activity_transaction','catalog/model/account/customer/addTransaction/after','event/activity/addTransaction',1,0),(6,'activity_customer_login','catalog/model/account/customer/deleteLoginAttempts/after','event/activity/login',1,0),(7,'activity_address_add','catalog/model/account/address/addAddress/after','event/activity/addAddress',1,0),(8,'activity_address_edit','catalog/model/account/address/editAddress/after','event/activity/editAddress',1,0),(9,'activity_address_delete','catalog/model/account/address/deleteAddress/after','event/activity/deleteAddress',1,0),(10,'activity_affiliate_add','catalog/model/account/customer/addAffiliate/after','event/activity/addAffiliate',1,0),(11,'activity_affiliate_edit','catalog/model/account/customer/editAffiliate/after','event/activity/editAffiliate',1,0),(12,'activity_order_add','catalog/model/checkout/order/addOrderHistory/before','event/activity/addOrderHistory',1,0),(13,'activity_return_add','catalog/model/account/return/addReturn/after','event/activity/addReturn',1,0),(14,'mail_transaction','catalog/model/account/customer/addTransaction/after','mail/transaction',1,0),(15,'mail_forgotten','catalog/model/account/customer/editCode/after','mail/forgotten',1,0),(16,'mail_customer_add','catalog/model/account/customer/addCustomer/after','mail/register',1,0),(17,'mail_customer_alert','catalog/model/account/customer/addCustomer/after','mail/register/alert',1,0),(18,'mail_affiliate_add','catalog/model/account/customer/addAffiliate/after','mail/affiliate',1,0),(19,'mail_affiliate_alert','catalog/model/account/customer/addAffiliate/after','mail/affiliate/alert',1,0),(20,'mail_voucher','catalog/model/checkout/order/addOrderHistory/after','extension/total/voucher/send',1,0),(21,'mail_order_add','catalog/model/checkout/order/addOrderHistory/before','mail/order',1,0),(22,'mail_order_alert','catalog/model/checkout/order/addOrderHistory/before','mail/order/alert',1,0),(23,'statistics_review_add','catalog/model/catalog/review/addReview/after','event/statistics/addReview',1,0),(24,'statistics_return_add','catalog/model/account/return/addReturn/after','event/statistics/addReturn',1,0),(25,'statistics_order_history','catalog/model/checkout/order/addOrderHistory/after','event/statistics/addOrderHistory',1,0),(26,'admin_mail_affiliate_approve','admin/model/customer/customer_approval/approveAffiliate/after','mail/affiliate/approve',1,0),(27,'admin_mail_affiliate_deny','admin/model/customer/customer_approval/denyAffiliate/after','mail/affiliate/deny',1,0),(28,'admin_mail_customer_approve','admin/model/customer/customer_approval/approveCustomer/after','mail/customer/approve',1,0),(29,'admin_mail_customer_deny','admin/model/customer/customer_approval/denyCustomer/after','mail/customer/deny',1,0),(30,'admin_mail_reward','admin/model/customer/customer/addReward/after','mail/reward',1,0),(31,'admin_mail_transaction','admin/model/customer/customer/addTransaction/after','mail/transaction',1,0),(32,'admin_mail_return','admin/model/sale/return/addReturn/after','mail/return',1,0),(33,'admin_mail_forgotten','admin/model/user/user/editCode/after','mail/forgotten',1,0),(34,'module_adv_extended_cust_info','admin/view/*/before','extension/module/adv_extended_cust_info/override',1,0),(35,'module_adv_extended_cust_info','admin/view/design/layout_form/before','extension/module/adv_extended_cust_info/eventViewDesignLayoutFormBefore',1,0),(36,'module_adv_reports_products','admin/view/*/before','extension/module/adv_reports_products/override',1,0),(37,'module_adv_reports_products','admin/view/design/layout_form/before','extension/module/adv_reports_products/eventViewDesignLayoutFormBefore',1,0),(191,'user_activity','admin/controller/common/logout/before','extension/module/user_activity/add_activity',1,0),(190,'user_activity','admin/controller/common/login/before','extension/module/user_activity/add_activity',1,0),(189,'user_activity','catalog/model/checkout/order/addOrderHistory/after','extension/module/user_activity/add_activity',1,0),(188,'user_activity','catalog/model/checkout/order/deleteOrder/after','extension/module/user_activity/add_activity',1,0),(187,'user_activity','catalog/model/checkout/order/editOrder/after','extension/module/user_activity/add_activity',1,0),(186,'user_activity','catalog/model/checkout/order/addOrder/after','extension/module/user_activity/add_activity',1,0),(185,'user_activity','admin/model/catalog/review/editReview/after','extension/module/user_activity/add_activity',1,0),(184,'user_activity','admin/model/catalog/information/editInformation/after','extension/module/user_activity/add_activity',1,0),(183,'user_activity','admin/model/customer/customer/editCustomer/after','extension/module/user_activity/add_activity',1,0),(182,'user_activity','admin/model/catalog/manufacturer/deleteManufacturer/before','extension/module/user_activity/add_activity',1,0),(181,'user_activity','admin/model/catalog/category/editManufacturer/after','extension/module/user_activity/add_activity',1,0),(173,'user_activity','admin/view/sale/order_form/after','extension/module/user_activity/addUserId',1,0),(174,'user_activity','admin/model/catalog/product/addProduct/after','extension/module/user_activity/add_activity',1,0),(180,'user_activity','admin/model/catalog/category/addManufacturer/after','extension/module/user_activity/add_activity',1,0),(179,'user_activity','admin/model/catalog/category/deleteCategory/before','extension/module/user_activity/add_activity',1,0),(178,'user_activity','admin/model/catalog/category/editCategory/after','extension/module/user_activity/add_activity',1,0),(177,'user_activity','admin/model/catalog/category/addCategory/after','extension/module/user_activity/add_activity',1,0),(176,'user_activity','admin/model/catalog/product/deleteProduct/before','extension/module/user_activity/add_activity',1,0),(175,'user_activity','admin/model/catalog/product/editProduct/after','extension/module/user_activity/add_activity',1,0),(172,'user_activity','admin/view/sale/order_info/after','extension/module/user_activity/addUserId',1,0),(171,'user_activity','admin/view/sale/order_list/after','extension/module/user_activity/addUserId',1,0),(170,'user_activity','admin/view/common/column_left/before','extension/module/user_activity/admin_menu',1,0),(192,'module_adv_reports_products','admin/view/*/before','extension/module/adv_reports_products/override',1,0),(193,'module_adv_reports_products','admin/view/design/layout_form/before','extension/module/adv_reports_products/eventViewDesignLayoutFormBefore',1,0),(194,'module_adv_extended_cust_info','admin/view/*/before','extension/module/adv_extended_cust_info/override',1,0),(195,'module_adv_extended_cust_info','admin/view/design/layout_form/before','extension/module/adv_extended_cust_info/eventViewDesignLayoutFormBefore',1,0),(196,'webpush','catalog/view/common/header/before','extension/module/webpush/inject_one_script',1,0),(197,'webpush_menu','admin/view/common/column_left/before','extension/module/webpush/injectMenu',1,0);

--
-- Table structure for table `oc_extension`
--

CREATE TABLE `oc_extension` (
  `extension_id` int(11) NOT NULL AUTO_INCREMENT,
  `type` varchar(32) NOT NULL,
  `code` varchar(32) NOT NULL,
  PRIMARY KEY (`extension_id`)
) ENGINE=MyISAM AUTO_INCREMENT=98 DEFAULT CHARSET=utf8;

--
-- Dumping data for table `oc_extension`
--

INSERT INTO `oc_extension` VALUES (1,'payment','cod'),(2,'total','shipping'),(3,'total','sub_total'),(4,'total','tax'),(5,'total','total'),(6,'module','banner'),(7,'module','carousel'),(8,'total','credit'),(9,'shipping','flat'),(10,'total','handling'),(11,'total','low_order_fee'),(12,'total','coupon'),(13,'module','category'),(14,'module','account'),(15,'total','reward'),(16,'total','voucher'),(17,'payment','free_checkout'),(18,'module','featured'),(19,'module','slideshow'),(20,'theme','default'),(21,'dashboard','activity'),(22,'dashboard','sale'),(23,'dashboard','recent'),(24,'dashboard','order'),(25,'dashboard','online'),(26,'dashboard','map'),(27,'dashboard','customer'),(28,'dashboard','chart'),(29,'report','sale_coupon'),(31,'report','customer_search'),(32,'report','customer_transaction'),(33,'report','product_purchased'),(34,'report','product_viewed'),(35,'report','sale_return'),(36,'report','sale_order'),(37,'report','sale_shipping'),(38,'report','sale_tax'),(39,'report','customer_activity'),(40,'report','customer_order'),(41,'report','customer_reward'),(49,'module','so_extra_slider'),(48,'module','so_page_builder'),(45,'module','soconfig'),(46,'report','user_activity'),(47,'module','so_home_slider'),(50,'module','so_quickview'),(60,'module','so_listing_tabs'),(61,'module','so_searchpro'),(58,'module','so_deals'),(59,'module','so_category_slider'),(62,'module','so_newletter_custom_popup'),(63,'module','so_megamenu'),(64,'module','so_categories'),(65,'module','so_html_content'),(66,'module','so_filter_shop_by'),(68,'module','so_onepagecheckout'),(76,'module','so_tools'),(71,'module','so_sociallogin'),(78,'module','so_latest_blog'),(77,'module','so_countdown'),(82,'module','simple_blog'),(83,'module','simple_blog_category'),(84,'module','so_popular_tags'),(85,'module','so_super_category'),(86,'module','somobile'),(87,'module','user_activity'),(88,'module','adv_reports_products'),(89,'module','adv_extended_cust_info'),(96,'module','kbbooking'),(97,'module','webpush');

--
-- Table structure for table `oc_extension_install`
--

CREATE TABLE `oc_extension_install` (
  `extension_install_id` int(11) NOT NULL AUTO_INCREMENT,
  `extension_download_id` int(11) NOT NULL,
  `filename` varchar(255) NOT NULL,
  `date_added` datetime NOT NULL,
  PRIMARY KEY (`extension_install_id`)
) ENGINE=MyISAM AUTO_INCREMENT=39 DEFAULT CHARSET=utf8;

--
-- Dumping data for table `oc_extension_install`
--

INSERT INTO `oc_extension_install` VALUES (11,0,'opencartlabsimportexport3xphp7.2higher.ocmod.zip','2021-02-03 08:11:18'),(12,0,'user-activity-oc3.0-v2.0-event.ocmod.zip','2021-02-03 08:12:24'),(13,0,'advproductsreportv44OCv303x.ocmod.zip','2021-02-03 08:15:30'),(14,0,'advextendedcustinfov30OCv302xv3031.ocmod.zip','2021-02-03 08:27:27'),(16,0,'support3.ocmod.zip','2021-02-17 12:48:23'),(21,0,'zh--2.3.ocmod.zip','2021-02-19 13:41:50'),(37,0,'onesignal_web_push.ocmod.zip','2021-03-01 08:21:24'),(38,0,'kbbooking_system.ocmod.zip','2021-03-01 12:03:34');

--
-- Table structure for table `oc_extension_path`
--

CREATE TABLE `oc_extension_path` (
  `extension_path_id` int(11) NOT NULL AUTO_INCREMENT,
  `extension_install_id` int(11) NOT NULL,
  `path` varchar(255) NOT NULL,
  `date_added` datetime NOT NULL,
  PRIMARY KEY (`extension_path_id`)
) ENGINE=MyISAM AUTO_INCREMENT=5335 DEFAULT CHARSET=utf8;

--
-- Dumping data for table `oc_extension_path`
--

INSERT INTO `oc_extension_path` VALUES (2496,11,'system/library/export_import','2021-02-03 08:11:19'),(2497,11,'admin/controller/extension/export_import.php','2021-02-03 08:11:19'),(2498,11,'admin/model/extension/export_import.php','2021-02-03 08:11:19'),(2499,11,'admin/view/image/export-import','2021-02-03 08:11:19'),(2500,11,'admin/view/stylesheet/export_import.css','2021-02-03 08:11:19'),(2501,11,'system/library/export_import/composer.json','2021-02-03 08:11:19'),(2502,11,'system/library/export_import/composer.lock','2021-02-03 08:11:19'),(2503,11,'system/library/export_import/vendor','2021-02-03 08:11:19'),(2504,11,'admin/language/en-gb/extension/export_import.php','2021-02-03 08:11:19'),(2505,11,'admin/view/image/export-import/loading.gif','2021-02-03 08:11:19'),(2506,11,'admin/view/template/extension/export_import.twig','2021-02-03 08:11:19'),(2507,11,'system/library/export_import/vendor/autoload.php','2021-02-03 08:11:19'),(2508,11,'system/library/export_import/vendor/composer','2021-02-03 08:11:19'),(2509,11,'system/library/export_import/vendor/maennchen','2021-02-03 08:11:19'),(2510,11,'system/library/export_import/vendor/markbaker','2021-02-03 08:11:19'),(2511,11,'system/library/export_import/vendor/myclabs','2021-02-03 08:11:19'),(2512,11,'system/library/export_import/vendor/phpoffice','2021-02-03 08:11:19'),(2513,11,'system/library/export_import/vendor/psr','2021-02-03 08:11:19'),(2514,11,'system/library/export_import/vendor/symfony','2021-02-03 08:11:19'),(2515,11,'system/library/export_import/vendor/composer/ClassLoader.php','2021-02-03 08:11:19'),(2516,11,'system/library/export_import/vendor/composer/LICENSE','2021-02-03 08:11:19'),(2517,11,'system/library/export_import/vendor/composer/autoload_classmap.php','2021-02-03 08:11:19'),(2518,11,'system/library/export_import/vendor/composer/autoload_files.php','2021-02-03 08:11:19'),(2519,11,'system/library/export_import/vendor/composer/autoload_namespaces.php','2021-02-03 08:11:19'),(2520,11,'system/library/export_import/vendor/composer/autoload_psr4.php','2021-02-03 08:11:19'),(2521,11,'system/library/export_import/vendor/composer/autoload_real.php','2021-02-03 08:11:19'),(2522,11,'system/library/export_import/vendor/composer/autoload_static.php','2021-02-03 08:11:19'),(2523,11,'system/library/export_import/vendor/composer/installed.json','2021-02-03 08:11:19'),(2524,11,'system/library/export_import/vendor/maennchen/zipstream-php','2021-02-03 08:11:19'),(2525,11,'system/library/export_import/vendor/markbaker/complex','2021-02-03 08:11:19'),(2526,11,'system/library/export_import/vendor/markbaker/matrix','2021-02-03 08:11:19'),(2527,11,'system/library/export_import/vendor/myclabs/php-enum','2021-02-03 08:11:19'),(2528,11,'system/library/export_import/vendor/phpoffice/phpspreadsheet','2021-02-03 08:11:19'),(2529,11,'system/library/export_import/vendor/psr/http-client','2021-02-03 08:11:19'),(2530,11,'system/library/export_import/vendor/psr/http-factory','2021-02-03 08:11:19'),(2531,11,'system/library/export_import/vendor/psr/http-message','2021-02-03 08:11:19'),(2532,11,'system/library/export_import/vendor/psr/simple-cache','2021-02-03 08:11:19'),(2533,11,'system/library/export_import/vendor/symfony/polyfill-mbstring','2021-02-03 08:11:19'),(2534,11,'system/library/export_import/vendor/maennchen/zipstream-php/CHANGELOG.md','2021-02-03 08:11:19'),(2535,11,'system/library/export_import/vendor/maennchen/zipstream-php/CONTRIBUTING.md','2021-02-03 08:11:19'),(2536,11,'system/library/export_import/vendor/maennchen/zipstream-php/LICENSE','2021-02-03 08:11:19'),(2537,11,'system/library/export_import/vendor/maennchen/zipstream-php/README.md','2021-02-03 08:11:19'),(2538,11,'system/library/export_import/vendor/maennchen/zipstream-php/composer.json','2021-02-03 08:11:19'),(2539,11,'system/library/export_import/vendor/maennchen/zipstream-php/phpunit.xml.dist','2021-02-03 08:11:19'),(2540,11,'system/library/export_import/vendor/maennchen/zipstream-php/psalm.xml','2021-02-03 08:11:19'),(2541,11,'system/library/export_import/vendor/maennchen/zipstream-php/src','2021-02-03 08:11:19'),(2542,11,'system/library/export_import/vendor/maennchen/zipstream-php/test','2021-02-03 08:11:19'),(2543,11,'system/library/export_import/vendor/markbaker/complex/README.md','2021-02-03 08:11:19'),(2544,11,'system/library/export_import/vendor/markbaker/complex/classes','2021-02-03 08:11:19'),(2545,11,'system/library/export_import/vendor/markbaker/complex/composer.json','2021-02-03 08:11:19'),(2546,11,'system/library/export_import/vendor/markbaker/complex/examples','2021-02-03 08:11:19'),(2547,11,'system/library/export_import/vendor/markbaker/complex/license.md','2021-02-03 08:11:19'),(2548,11,'system/library/export_import/vendor/markbaker/matrix/README.md','2021-02-03 08:11:19'),(2549,11,'system/library/export_import/vendor/markbaker/matrix/buildPhar.php','2021-02-03 08:11:19'),(2550,11,'system/library/export_import/vendor/markbaker/matrix/classes','2021-02-03 08:11:19'),(2551,11,'system/library/export_import/vendor/markbaker/matrix/composer.7.2.json','2021-02-03 08:11:19'),(2552,11,'system/library/export_import/vendor/markbaker/matrix/composer.json','2021-02-03 08:11:19'),(2553,11,'system/library/export_import/vendor/markbaker/matrix/examples','2021-02-03 08:11:19'),(2554,11,'system/library/export_import/vendor/markbaker/matrix/infection.json.dist','2021-02-03 08:11:19'),(2555,11,'system/library/export_import/vendor/markbaker/matrix/license.md','2021-02-03 08:11:19'),(2556,11,'system/library/export_import/vendor/markbaker/matrix/phpstan.neon','2021-02-03 08:11:19'),(2557,11,'system/library/export_import/vendor/myclabs/php-enum/LICENSE','2021-02-03 08:11:19'),(2558,11,'system/library/export_import/vendor/myclabs/php-enum/README.md','2021-02-03 08:11:19'),(2559,11,'system/library/export_import/vendor/myclabs/php-enum/SECURITY.md','2021-02-03 08:11:19'),(2560,11,'system/library/export_import/vendor/myclabs/php-enum/composer.json','2021-02-03 08:11:19'),(2561,11,'system/library/export_import/vendor/myclabs/php-enum/psalm.xml','2021-02-03 08:11:19'),(2562,11,'system/library/export_import/vendor/myclabs/php-enum/src','2021-02-03 08:11:19'),(2563,11,'system/library/export_import/vendor/phpoffice/phpspreadsheet/CHANGELOG.md','2021-02-03 08:11:19'),(2564,11,'system/library/export_import/vendor/phpoffice/phpspreadsheet/CONTRIBUTING.md','2021-02-03 08:11:19'),(2565,11,'system/library/export_import/vendor/phpoffice/phpspreadsheet/LICENSE','2021-02-03 08:11:19'),(2566,11,'system/library/export_import/vendor/phpoffice/phpspreadsheet/README.md','2021-02-03 08:11:19'),(2567,11,'system/library/export_import/vendor/phpoffice/phpspreadsheet/composer.json','2021-02-03 08:11:19'),(2568,11,'system/library/export_import/vendor/phpoffice/phpspreadsheet/src','2021-02-03 08:11:19'),(2569,11,'system/library/export_import/vendor/psr/http-client/CHANGELOG.md','2021-02-03 08:11:19'),(2570,11,'system/library/export_import/vendor/psr/http-client/LICENSE','2021-02-03 08:11:19'),(2571,11,'system/library/export_import/vendor/psr/http-client/README.md','2021-02-03 08:11:19'),(2572,11,'system/library/export_import/vendor/psr/http-client/composer.json','2021-02-03 08:11:19'),(2573,11,'system/library/export_import/vendor/psr/http-client/src','2021-02-03 08:11:19'),(2574,11,'system/library/export_import/vendor/psr/http-factory/LICENSE','2021-02-03 08:11:19'),(2575,11,'system/library/export_import/vendor/psr/http-factory/README.md','2021-02-03 08:11:19'),(2576,11,'system/library/export_import/vendor/psr/http-factory/composer.json','2021-02-03 08:11:19'),(2577,11,'system/library/export_import/vendor/psr/http-factory/src','2021-02-03 08:11:19'),(2578,11,'system/library/export_import/vendor/psr/http-message/CHANGELOG.md','2021-02-03 08:11:19'),(2579,11,'system/library/export_import/vendor/psr/http-message/LICENSE','2021-02-03 08:11:19'),(2580,11,'system/library/export_import/vendor/psr/http-message/README.md','2021-02-03 08:11:19'),(2581,11,'system/library/export_import/vendor/psr/http-message/composer.json','2021-02-03 08:11:19'),(2582,11,'system/library/export_import/vendor/psr/http-message/src','2021-02-03 08:11:19'),(2583,11,'system/library/export_import/vendor/psr/simple-cache/LICENSE.md','2021-02-03 08:11:19'),(2584,11,'system/library/export_import/vendor/psr/simple-cache/README.md','2021-02-03 08:11:19'),(2585,11,'system/library/export_import/vendor/psr/simple-cache/composer.json','2021-02-03 08:11:19'),(2586,11,'system/library/export_import/vendor/psr/simple-cache/src','2021-02-03 08:11:19'),(2587,11,'system/library/export_import/vendor/symfony/polyfill-mbstring/LICENSE','2021-02-03 08:11:19'),(2588,11,'system/library/export_import/vendor/symfony/polyfill-mbstring/Mbstring.php','2021-02-03 08:11:19'),(2589,11,'system/library/export_import/vendor/symfony/polyfill-mbstring/README.md','2021-02-03 08:11:19'),(2590,11,'system/library/export_import/vendor/symfony/polyfill-mbstring/Resources','2021-02-03 08:11:19'),(2591,11,'system/library/export_import/vendor/symfony/polyfill-mbstring/bootstrap.php','2021-02-03 08:11:19'),(2592,11,'system/library/export_import/vendor/symfony/polyfill-mbstring/composer.json','2021-02-03 08:11:19'),(2593,11,'system/library/export_import/vendor/maennchen/zipstream-php/src/Bigint.php','2021-02-03 08:11:19'),(2594,11,'system/library/export_import/vendor/maennchen/zipstream-php/src/DeflateStream.php','2021-02-03 08:11:19'),(2595,11,'system/library/export_import/vendor/maennchen/zipstream-php/src/Exception','2021-02-03 08:11:19'),(2596,11,'system/library/export_import/vendor/maennchen/zipstream-php/src/Exception.php','2021-02-03 08:11:19'),(2597,11,'system/library/export_import/vendor/maennchen/zipstream-php/src/File.php','2021-02-03 08:11:19'),(2598,11,'system/library/export_import/vendor/maennchen/zipstream-php/src/Option','2021-02-03 08:11:19'),(2599,11,'system/library/export_import/vendor/maennchen/zipstream-php/src/Stream.php','2021-02-03 08:11:19'),(2600,11,'system/library/export_import/vendor/maennchen/zipstream-php/src/ZipStream.php','2021-02-03 08:11:19'),(2601,11,'system/library/export_import/vendor/maennchen/zipstream-php/test/BigintTest.php','2021-02-03 08:11:19'),(2602,11,'system/library/export_import/vendor/maennchen/zipstream-php/test/ZipStreamTest.php','2021-02-03 08:11:19'),(2603,11,'system/library/export_import/vendor/maennchen/zipstream-php/test/bootstrap.php','2021-02-03 08:11:19'),(2604,11,'system/library/export_import/vendor/maennchen/zipstream-php/test/bug','2021-02-03 08:11:19'),(2605,11,'system/library/export_import/vendor/markbaker/complex/classes/Autoloader.php','2021-02-03 08:11:19'),(2606,11,'system/library/export_import/vendor/markbaker/complex/classes/Bootstrap.php','2021-02-03 08:11:19'),(2607,11,'system/library/export_import/vendor/markbaker/complex/classes/src','2021-02-03 08:11:19'),(2608,11,'system/library/export_import/vendor/markbaker/complex/examples/complexTest.php','2021-02-03 08:11:19'),(2609,11,'system/library/export_import/vendor/markbaker/complex/examples/testFunctions.php','2021-02-03 08:11:19'),(2610,11,'system/library/export_import/vendor/markbaker/complex/examples/testOperations.php','2021-02-03 08:11:19'),(2611,11,'system/library/export_import/vendor/markbaker/matrix/classes/Autoloader.php','2021-02-03 08:11:19'),(2612,11,'system/library/export_import/vendor/markbaker/matrix/classes/Bootstrap.php','2021-02-03 08:11:19'),(2613,11,'system/library/export_import/vendor/markbaker/matrix/classes/src','2021-02-03 08:11:19'),(2614,11,'system/library/export_import/vendor/markbaker/matrix/examples/test.php','2021-02-03 08:11:19'),(2615,11,'system/library/export_import/vendor/myclabs/php-enum/src/Enum.php','2021-02-03 08:11:19'),(2616,11,'system/library/export_import/vendor/myclabs/php-enum/src/PHPUnit','2021-02-03 08:11:19'),(2617,11,'system/library/export_import/vendor/phpoffice/phpspreadsheet/src/PhpSpreadsheet','2021-02-03 08:11:19'),(2618,11,'system/library/export_import/vendor/psr/http-client/src/ClientExceptionInterface.php','2021-02-03 08:11:19'),(2619,11,'system/library/export_import/vendor/psr/http-client/src/ClientInterface.php','2021-02-03 08:11:19'),(2620,11,'system/library/export_import/vendor/psr/http-client/src/NetworkExceptionInterface.php','2021-02-03 08:11:19'),(2621,11,'system/library/export_import/vendor/psr/http-client/src/RequestExceptionInterface.php','2021-02-03 08:11:19'),(2622,11,'system/library/export_import/vendor/psr/http-factory/src/RequestFactoryInterface.php','2021-02-03 08:11:19'),(2623,11,'system/library/export_import/vendor/psr/http-factory/src/ResponseFactoryInterface.php','2021-02-03 08:11:19'),(2624,11,'system/library/export_import/vendor/psr/http-factory/src/ServerRequestFactoryInterface.php','2021-02-03 08:11:19'),(2625,11,'system/library/export_import/vendor/psr/http-factory/src/StreamFactoryInterface.php','2021-02-03 08:11:19'),(2626,11,'system/library/export_import/vendor/psr/http-factory/src/UploadedFileFactoryInterface.php','2021-02-03 08:11:19'),(2627,11,'system/library/export_import/vendor/psr/http-factory/src/UriFactoryInterface.php','2021-02-03 08:11:19'),(2628,11,'system/library/export_import/vendor/psr/http-message/src/MessageInterface.php','2021-02-03 08:11:19'),(2629,11,'system/library/export_import/vendor/psr/http-message/src/RequestInterface.php','2021-02-03 08:11:19'),(2630,11,'system/library/export_import/vendor/psr/http-message/src/ResponseInterface.php','2021-02-03 08:11:19'),(2631,11,'system/library/export_import/vendor/psr/http-message/src/ServerRequestInterface.php','2021-02-03 08:11:19'),(2632,11,'system/library/export_import/vendor/psr/http-message/src/StreamInterface.php','2021-02-03 08:11:19'),(2633,11,'system/library/export_import/vendor/psr/http-message/src/UploadedFileInterface.php','2021-02-03 08:11:19'),(2634,11,'system/library/export_import/vendor/psr/http-message/src/UriInterface.php','2021-02-03 08:11:19'),(2635,11,'system/library/export_import/vendor/psr/simple-cache/src/CacheException.php','2021-02-03 08:11:19'),(2636,11,'system/library/export_import/vendor/psr/simple-cache/src/CacheInterface.php','2021-02-03 08:11:19'),(2637,11,'system/library/export_import/vendor/psr/simple-cache/src/InvalidArgumentException.php','2021-02-03 08:11:19'),(2638,11,'system/library/export_import/vendor/symfony/polyfill-mbstring/Resources/unidata','2021-02-03 08:11:19'),(2639,11,'system/library/export_import/vendor/maennchen/zipstream-php/src/Exception/EncodingException.php','2021-02-03 08:11:19'),(2640,11,'system/library/export_import/vendor/maennchen/zipstream-php/src/Exception/FileNotFoundException.php','2021-02-03 08:11:19'),(2641,11,'system/library/export_import/vendor/maennchen/zipstream-php/src/Exception/FileNotReadableException.php','2021-02-03 08:11:19'),(2642,11,'system/library/export_import/vendor/maennchen/zipstream-php/src/Exception/IncompatibleOptionsException.php','2021-02-03 08:11:19'),(2643,11,'system/library/export_import/vendor/maennchen/zipstream-php/src/Exception/OverflowException.php','2021-02-03 08:11:19'),(2644,11,'system/library/export_import/vendor/maennchen/zipstream-php/src/Exception/StreamNotReadableException.php','2021-02-03 08:11:19'),(2645,11,'system/library/export_import/vendor/maennchen/zipstream-php/src/Option/Archive.php','2021-02-03 08:11:19'),(2646,11,'system/library/export_import/vendor/maennchen/zipstream-php/src/Option/File.php','2021-02-03 08:11:19'),(2647,11,'system/library/export_import/vendor/maennchen/zipstream-php/src/Option/Method.php','2021-02-03 08:11:19'),(2648,11,'system/library/export_import/vendor/maennchen/zipstream-php/src/Option/Version.php','2021-02-03 08:11:19'),(2649,11,'system/library/export_import/vendor/maennchen/zipstream-php/test/bug/BugHonorFileTimeTest.php','2021-02-03 08:11:19'),(2650,11,'system/library/export_import/vendor/markbaker/complex/classes/src/Complex.php','2021-02-03 08:11:19'),(2651,11,'system/library/export_import/vendor/markbaker/complex/classes/src/Exception.php','2021-02-03 08:11:19'),(2652,11,'system/library/export_import/vendor/markbaker/complex/classes/src/functions','2021-02-03 08:11:19'),(2653,11,'system/library/export_import/vendor/markbaker/complex/classes/src/operations','2021-02-03 08:11:19'),(2654,11,'system/library/export_import/vendor/markbaker/matrix/classes/src/Builder.php','2021-02-03 08:11:19'),(2655,11,'system/library/export_import/vendor/markbaker/matrix/classes/src/Exception.php','2021-02-03 08:11:19'),(2656,11,'system/library/export_import/vendor/markbaker/matrix/classes/src/Functions.php','2021-02-03 08:11:19'),(2657,11,'system/library/export_import/vendor/markbaker/matrix/classes/src/Matrix.php','2021-02-03 08:11:19'),(2658,11,'system/library/export_import/vendor/markbaker/matrix/classes/src/Operators','2021-02-03 08:11:19'),(2659,11,'system/library/export_import/vendor/markbaker/matrix/classes/src/functions','2021-02-03 08:11:19'),(2660,11,'system/library/export_import/vendor/markbaker/matrix/classes/src/operations','2021-02-03 08:11:19'),(2661,11,'system/library/export_import/vendor/myclabs/php-enum/src/PHPUnit/Comparator.php','2021-02-03 08:11:19'),(2662,11,'system/library/export_import/vendor/phpoffice/phpspreadsheet/src/PhpSpreadsheet/Calculation','2021-02-03 08:11:19'),(2663,11,'system/library/export_import/vendor/phpoffice/phpspreadsheet/src/PhpSpreadsheet/Cell','2021-02-03 08:11:19'),(2664,11,'system/library/export_import/vendor/phpoffice/phpspreadsheet/src/PhpSpreadsheet/Chart','2021-02-03 08:11:19'),(2665,11,'system/library/export_import/vendor/phpoffice/phpspreadsheet/src/PhpSpreadsheet/Collection','2021-02-03 08:11:19'),(2666,11,'system/library/export_import/vendor/phpoffice/phpspreadsheet/src/PhpSpreadsheet/Comment.php','2021-02-03 08:11:19'),(2667,11,'system/library/export_import/vendor/phpoffice/phpspreadsheet/src/PhpSpreadsheet/Document','2021-02-03 08:11:19'),(2668,11,'system/library/export_import/vendor/phpoffice/phpspreadsheet/src/PhpSpreadsheet/DocumentGenerator.php','2021-02-03 08:11:19'),(2669,11,'system/library/export_import/vendor/phpoffice/phpspreadsheet/src/PhpSpreadsheet/Exception.php','2021-02-03 08:11:19'),(2670,11,'system/library/export_import/vendor/phpoffice/phpspreadsheet/src/PhpSpreadsheet/HashTable.php','2021-02-03 08:11:19'),(2671,11,'system/library/export_import/vendor/phpoffice/phpspreadsheet/src/PhpSpreadsheet/Helper','2021-02-03 08:11:19'),(2672,11,'system/library/export_import/vendor/phpoffice/phpspreadsheet/src/PhpSpreadsheet/IComparable.php','2021-02-03 08:11:19'),(2673,11,'system/library/export_import/vendor/phpoffice/phpspreadsheet/src/PhpSpreadsheet/IOFactory.php','2021-02-03 08:11:19'),(2674,11,'system/library/export_import/vendor/phpoffice/phpspreadsheet/src/PhpSpreadsheet/NamedRange.php','2021-02-03 08:11:19'),(2675,11,'system/library/export_import/vendor/phpoffice/phpspreadsheet/src/PhpSpreadsheet/Reader','2021-02-03 08:11:19'),(2676,11,'system/library/export_import/vendor/phpoffice/phpspreadsheet/src/PhpSpreadsheet/ReferenceHelper.php','2021-02-03 08:11:19'),(2677,11,'system/library/export_import/vendor/phpoffice/phpspreadsheet/src/PhpSpreadsheet/RichText','2021-02-03 08:11:19'),(2678,11,'system/library/export_import/vendor/phpoffice/phpspreadsheet/src/PhpSpreadsheet/Settings.php','2021-02-03 08:11:19'),(2679,11,'system/library/export_import/vendor/phpoffice/phpspreadsheet/src/PhpSpreadsheet/Shared','2021-02-03 08:11:19'),(2680,11,'system/library/export_import/vendor/phpoffice/phpspreadsheet/src/PhpSpreadsheet/Spreadsheet.php','2021-02-03 08:11:19'),(2681,11,'system/library/export_import/vendor/phpoffice/phpspreadsheet/src/PhpSpreadsheet/Style','2021-02-03 08:11:19'),(2682,11,'system/library/export_import/vendor/phpoffice/phpspreadsheet/src/PhpSpreadsheet/Worksheet','2021-02-03 08:11:19'),(2683,11,'system/library/export_import/vendor/phpoffice/phpspreadsheet/src/PhpSpreadsheet/Writer','2021-02-03 08:11:19'),(2684,11,'system/library/export_import/vendor/symfony/polyfill-mbstring/Resources/unidata/lowerCase.php','2021-02-03 08:11:19'),(2685,11,'system/library/export_import/vendor/symfony/polyfill-mbstring/Resources/unidata/titleCaseRegexp.php','2021-02-03 08:11:19'),(2686,11,'system/library/export_import/vendor/symfony/polyfill-mbstring/Resources/unidata/upperCase.php','2021-02-03 08:11:19'),(2687,11,'system/library/export_import/vendor/markbaker/complex/classes/src/functions/abs.php','2021-02-03 08:11:19'),(2688,11,'system/library/export_import/vendor/markbaker/complex/classes/src/functions/acos.php','2021-02-03 08:11:19'),(2689,11,'system/library/export_import/vendor/markbaker/complex/classes/src/functions/acosh.php','2021-02-03 08:11:19'),(2690,11,'system/library/export_import/vendor/markbaker/complex/classes/src/functions/acot.php','2021-02-03 08:11:19'),(2691,11,'system/library/export_import/vendor/markbaker/complex/classes/src/functions/acoth.php','2021-02-03 08:11:19'),(2692,11,'system/library/export_import/vendor/markbaker/complex/classes/src/functions/acsc.php','2021-02-03 08:11:19'),(2693,11,'system/library/export_import/vendor/markbaker/complex/classes/src/functions/acsch.php','2021-02-03 08:11:19'),(2694,11,'system/library/export_import/vendor/markbaker/complex/classes/src/functions/argument.php','2021-02-03 08:11:19'),(2695,11,'system/library/export_import/vendor/markbaker/complex/classes/src/functions/asec.php','2021-02-03 08:11:19'),(2696,11,'system/library/export_import/vendor/markbaker/complex/classes/src/functions/asech.php','2021-02-03 08:11:19'),(2697,11,'system/library/export_import/vendor/markbaker/complex/classes/src/functions/asin.php','2021-02-03 08:11:19'),(2698,11,'system/library/export_import/vendor/markbaker/complex/classes/src/functions/asinh.php','2021-02-03 08:11:19'),(2699,11,'system/library/export_import/vendor/markbaker/complex/classes/src/functions/atan.php','2021-02-03 08:11:19'),(2700,11,'system/library/export_import/vendor/markbaker/complex/classes/src/functions/atanh.php','2021-02-03 08:11:19'),(2701,11,'system/library/export_import/vendor/markbaker/complex/classes/src/functions/conjugate.php','2021-02-03 08:11:19'),(2702,11,'system/library/export_import/vendor/markbaker/complex/classes/src/functions/cos.php','2021-02-03 08:11:19'),(2703,11,'system/library/export_import/vendor/markbaker/complex/classes/src/functions/cosh.php','2021-02-03 08:11:19'),(2704,11,'system/library/export_import/vendor/markbaker/complex/classes/src/functions/cot.php','2021-02-03 08:11:19'),(2705,11,'system/library/export_import/vendor/markbaker/complex/classes/src/functions/coth.php','2021-02-03 08:11:19'),(2706,11,'system/library/export_import/vendor/markbaker/complex/classes/src/functions/csc.php','2021-02-03 08:11:19'),(2707,11,'system/library/export_import/vendor/markbaker/complex/classes/src/functions/csch.php','2021-02-03 08:11:19'),(2708,11,'system/library/export_import/vendor/markbaker/complex/classes/src/functions/exp.php','2021-02-03 08:11:19'),(2709,11,'system/library/export_import/vendor/markbaker/complex/classes/src/functions/inverse.php','2021-02-03 08:11:19'),(2710,11,'system/library/export_import/vendor/markbaker/complex/classes/src/functions/ln.php','2021-02-03 08:11:19'),(2711,11,'system/library/export_import/vendor/markbaker/complex/classes/src/functions/log10.php','2021-02-03 08:11:19'),(2712,11,'system/library/export_import/vendor/markbaker/complex/classes/src/functions/log2.php','2021-02-03 08:11:19'),(2713,11,'system/library/export_import/vendor/markbaker/complex/classes/src/functions/negative.php','2021-02-03 08:11:19'),(2714,11,'system/library/export_import/vendor/markbaker/complex/classes/src/functions/pow.php','2021-02-03 08:11:19'),(2715,11,'system/library/export_import/vendor/markbaker/complex/classes/src/functions/rho.php','2021-02-03 08:11:19'),(2716,11,'system/library/export_import/vendor/markbaker/complex/classes/src/functions/sec.php','2021-02-03 08:11:19'),(2717,11,'system/library/export_import/vendor/markbaker/complex/classes/src/functions/sech.php','2021-02-03 08:11:19'),(2718,11,'system/library/export_import/vendor/markbaker/complex/classes/src/functions/sin.php','2021-02-03 08:11:19'),(2719,11,'system/library/export_import/vendor/markbaker/complex/classes/src/functions/sinh.php','2021-02-03 08:11:19'),(2720,11,'system/library/export_import/vendor/markbaker/complex/classes/src/functions/sqrt.php','2021-02-03 08:11:19'),(2721,11,'system/library/export_import/vendor/markbaker/complex/classes/src/functions/tan.php','2021-02-03 08:11:19'),(2722,11,'system/library/export_import/vendor/markbaker/complex/classes/src/functions/tanh.php','2021-02-03 08:11:19'),(2723,11,'system/library/export_import/vendor/markbaker/complex/classes/src/functions/theta.php','2021-02-03 08:11:19'),(2724,11,'system/library/export_import/vendor/markbaker/complex/classes/src/operations/add.php','2021-02-03 08:11:19'),(2725,11,'system/library/export_import/vendor/markbaker/complex/classes/src/operations/divideby.php','2021-02-03 08:11:19'),(2726,11,'system/library/export_import/vendor/markbaker/complex/classes/src/operations/divideinto.php','2021-02-03 08:11:19'),(2727,11,'system/library/export_import/vendor/markbaker/complex/classes/src/operations/multiply.php','2021-02-03 08:11:19'),(2728,11,'system/library/export_import/vendor/markbaker/complex/classes/src/operations/subtract.php','2021-02-03 08:11:19'),(2729,11,'system/library/export_import/vendor/markbaker/matrix/classes/src/Operators/Addition.php','2021-02-03 08:11:19'),(2730,11,'system/library/export_import/vendor/markbaker/matrix/classes/src/Operators/DirectSum.php','2021-02-03 08:11:19'),(2731,11,'system/library/export_import/vendor/markbaker/matrix/classes/src/Operators/Division.php','2021-02-03 08:11:19'),(2732,11,'system/library/export_import/vendor/markbaker/matrix/classes/src/Operators/Multiplication.php','2021-02-03 08:11:19'),(2733,11,'system/library/export_import/vendor/markbaker/matrix/classes/src/Operators/Operator.php','2021-02-03 08:11:19'),(2734,11,'system/library/export_import/vendor/markbaker/matrix/classes/src/Operators/Subtraction.php','2021-02-03 08:11:19'),(2735,11,'system/library/export_import/vendor/markbaker/matrix/classes/src/functions/adjoint.php','2021-02-03 08:11:19'),(2736,11,'system/library/export_import/vendor/markbaker/matrix/classes/src/functions/antidiagonal.php','2021-02-03 08:11:19'),(2737,11,'system/library/export_import/vendor/markbaker/matrix/classes/src/functions/cofactors.php','2021-02-03 08:11:19'),(2738,11,'system/library/export_import/vendor/markbaker/matrix/classes/src/functions/determinant.php','2021-02-03 08:11:19'),(2739,11,'system/library/export_import/vendor/markbaker/matrix/classes/src/functions/diagonal.php','2021-02-03 08:11:19'),(2740,11,'system/library/export_import/vendor/markbaker/matrix/classes/src/functions/identity.php','2021-02-03 08:11:19'),(2741,11,'system/library/export_import/vendor/markbaker/matrix/classes/src/functions/inverse.php','2021-02-03 08:11:19'),(2742,11,'system/library/export_import/vendor/markbaker/matrix/classes/src/functions/minors.php','2021-02-03 08:11:19'),(2743,11,'system/library/export_import/vendor/markbaker/matrix/classes/src/functions/trace.php','2021-02-03 08:11:19'),(2744,11,'system/library/export_import/vendor/markbaker/matrix/classes/src/functions/transpose.php','2021-02-03 08:11:19'),(2745,11,'system/library/export_import/vendor/markbaker/matrix/classes/src/operations/add.php','2021-02-03 08:11:19'),(2746,11,'system/library/export_import/vendor/markbaker/matrix/classes/src/operations/directsum.php','2021-02-03 08:11:19'),(2747,11,'system/library/export_import/vendor/markbaker/matrix/classes/src/operations/divideby.php','2021-02-03 08:11:19'),(2748,11,'system/library/export_import/vendor/markbaker/matrix/classes/src/operations/divideinto.php','2021-02-03 08:11:19'),(2749,11,'system/library/export_import/vendor/markbaker/matrix/classes/src/operations/multiply.php','2021-02-03 08:11:19'),(2750,11,'system/library/export_import/vendor/markbaker/matrix/classes/src/operations/subtract.php','2021-02-03 08:11:19'),(2751,11,'system/library/export_import/vendor/phpoffice/phpspreadsheet/src/PhpSpreadsheet/Calculation/Calculation.php','2021-02-03 08:11:19'),(2752,11,'system/library/export_import/vendor/phpoffice/phpspreadsheet/src/PhpSpreadsheet/Calculation/Category.php','2021-02-03 08:11:19'),(2753,11,'system/library/export_import/vendor/phpoffice/phpspreadsheet/src/PhpSpreadsheet/Calculation/Database.php','2021-02-03 08:11:19'),(2754,11,'system/library/export_import/vendor/phpoffice/phpspreadsheet/src/PhpSpreadsheet/Calculation/DateTime.php','2021-02-03 08:11:19'),(2755,11,'system/library/export_import/vendor/phpoffice/phpspreadsheet/src/PhpSpreadsheet/Calculation/Engine','2021-02-03 08:11:19'),(2756,11,'system/library/export_import/vendor/phpoffice/phpspreadsheet/src/PhpSpreadsheet/Calculation/Engineering.php','2021-02-03 08:11:19'),(2757,11,'system/library/export_import/vendor/phpoffice/phpspreadsheet/src/PhpSpreadsheet/Calculation/Exception.php','2021-02-03 08:11:19'),(2758,11,'system/library/export_import/vendor/phpoffice/phpspreadsheet/src/PhpSpreadsheet/Calculation/ExceptionHandler.php','2021-02-03 08:11:19'),(2759,11,'system/library/export_import/vendor/phpoffice/phpspreadsheet/src/PhpSpreadsheet/Calculation/Financial.php','2021-02-03 08:11:19'),(2760,11,'system/library/export_import/vendor/phpoffice/phpspreadsheet/src/PhpSpreadsheet/Calculation/FormulaParser.php','2021-02-03 08:11:19'),(2761,11,'system/library/export_import/vendor/phpoffice/phpspreadsheet/src/PhpSpreadsheet/Calculation/FormulaToken.php','2021-02-03 08:11:19'),(2762,11,'system/library/export_import/vendor/phpoffice/phpspreadsheet/src/PhpSpreadsheet/Calculation/Functions.php','2021-02-03 08:11:19'),(2763,11,'system/library/export_import/vendor/phpoffice/phpspreadsheet/src/PhpSpreadsheet/Calculation/Logical.php','2021-02-03 08:11:19'),(2764,11,'system/library/export_import/vendor/phpoffice/phpspreadsheet/src/PhpSpreadsheet/Calculation/LookupRef.php','2021-02-03 08:11:19'),(2765,11,'system/library/export_import/vendor/phpoffice/phpspreadsheet/src/PhpSpreadsheet/Calculation/MathTrig.php','2021-02-03 08:11:19'),(2766,11,'system/library/export_import/vendor/phpoffice/phpspreadsheet/src/PhpSpreadsheet/Calculation/Statistical.php','2021-02-03 08:11:19'),(2767,11,'system/library/export_import/vendor/phpoffice/phpspreadsheet/src/PhpSpreadsheet/Calculation/TextData.php','2021-02-03 08:11:19'),(2768,11,'system/library/export_import/vendor/phpoffice/phpspreadsheet/src/PhpSpreadsheet/Calculation/Token','2021-02-03 08:11:19'),(2769,11,'system/library/export_import/vendor/phpoffice/phpspreadsheet/src/PhpSpreadsheet/Calculation/Web.php','2021-02-03 08:11:19'),(2770,11,'system/library/export_import/vendor/phpoffice/phpspreadsheet/src/PhpSpreadsheet/Calculation/functionlist.txt','2021-02-03 08:11:19'),(2771,11,'system/library/export_import/vendor/phpoffice/phpspreadsheet/src/PhpSpreadsheet/Calculation/locale','2021-02-03 08:11:19'),(2772,11,'system/library/export_import/vendor/phpoffice/phpspreadsheet/src/PhpSpreadsheet/Cell/AddressHelper.php','2021-02-03 08:11:19'),(2773,11,'system/library/export_import/vendor/phpoffice/phpspreadsheet/src/PhpSpreadsheet/Cell/AdvancedValueBinder.php','2021-02-03 08:11:19'),(2774,11,'system/library/export_import/vendor/phpoffice/phpspreadsheet/src/PhpSpreadsheet/Cell/Cell.php','2021-02-03 08:11:19'),(2775,11,'system/library/export_import/vendor/phpoffice/phpspreadsheet/src/PhpSpreadsheet/Cell/Coordinate.php','2021-02-03 08:11:19'),(2776,11,'system/library/export_import/vendor/phpoffice/phpspreadsheet/src/PhpSpreadsheet/Cell/DataType.php','2021-02-03 08:11:19'),(2777,11,'system/library/export_import/vendor/phpoffice/phpspreadsheet/src/PhpSpreadsheet/Cell/DataValidation.php','2021-02-03 08:11:19'),(2778,11,'system/library/export_import/vendor/phpoffice/phpspreadsheet/src/PhpSpreadsheet/Cell/DataValidator.php','2021-02-03 08:11:19'),(2779,11,'system/library/export_import/vendor/phpoffice/phpspreadsheet/src/PhpSpreadsheet/Cell/DefaultValueBinder.php','2021-02-03 08:11:19'),(2780,11,'system/library/export_import/vendor/phpoffice/phpspreadsheet/src/PhpSpreadsheet/Cell/Hyperlink.php','2021-02-03 08:11:19'),(2781,11,'system/library/export_import/vendor/phpoffice/phpspreadsheet/src/PhpSpreadsheet/Cell/IValueBinder.php','2021-02-03 08:11:19'),(2782,11,'system/library/export_import/vendor/phpoffice/phpspreadsheet/src/PhpSpreadsheet/Cell/StringValueBinder.php','2021-02-03 08:11:19'),(2783,11,'system/library/export_import/vendor/phpoffice/phpspreadsheet/src/PhpSpreadsheet/Chart/Axis.php','2021-02-03 08:11:19'),(2784,11,'system/library/export_import/vendor/phpoffice/phpspreadsheet/src/PhpSpreadsheet/Chart/Chart.php','2021-02-03 08:11:19'),(2785,11,'system/library/export_import/vendor/phpoffice/phpspreadsheet/src/PhpSpreadsheet/Chart/DataSeries.php','2021-02-03 08:11:19'),(2786,11,'system/library/export_import/vendor/phpoffice/phpspreadsheet/src/PhpSpreadsheet/Chart/DataSeriesValues.php','2021-02-03 08:11:19'),(2787,11,'system/library/export_import/vendor/phpoffice/phpspreadsheet/src/PhpSpreadsheet/Chart/Exception.php','2021-02-03 08:11:19'),(2788,11,'system/library/export_import/vendor/phpoffice/phpspreadsheet/src/PhpSpreadsheet/Chart/GridLines.php','2021-02-03 08:11:19'),(2789,11,'system/library/export_import/vendor/phpoffice/phpspreadsheet/src/PhpSpreadsheet/Chart/Layout.php','2021-02-03 08:11:19'),(2790,11,'system/library/export_import/vendor/phpoffice/phpspreadsheet/src/PhpSpreadsheet/Chart/Legend.php','2021-02-03 08:11:19'),(2791,11,'system/library/export_import/vendor/phpoffice/phpspreadsheet/src/PhpSpreadsheet/Chart/PlotArea.php','2021-02-03 08:11:19'),(2792,11,'system/library/export_import/vendor/phpoffice/phpspreadsheet/src/PhpSpreadsheet/Chart/Properties.php','2021-02-03 08:11:19'),(2793,11,'system/library/export_import/vendor/phpoffice/phpspreadsheet/src/PhpSpreadsheet/Chart/Renderer','2021-02-03 08:11:19'),(2794,11,'system/library/export_import/vendor/phpoffice/phpspreadsheet/src/PhpSpreadsheet/Chart/Title.php','2021-02-03 08:11:19'),(2795,11,'system/library/export_import/vendor/phpoffice/phpspreadsheet/src/PhpSpreadsheet/Collection/Cells.php','2021-02-03 08:11:19'),(2796,11,'system/library/export_import/vendor/phpoffice/phpspreadsheet/src/PhpSpreadsheet/Collection/CellsFactory.php','2021-02-03 08:11:19'),(2797,11,'system/library/export_import/vendor/phpoffice/phpspreadsheet/src/PhpSpreadsheet/Collection/Memory.php','2021-02-03 08:11:19'),(2798,11,'system/library/export_import/vendor/phpoffice/phpspreadsheet/src/PhpSpreadsheet/Document/Properties.php','2021-02-03 08:11:19'),(2799,11,'system/library/export_import/vendor/phpoffice/phpspreadsheet/src/PhpSpreadsheet/Document/Security.php','2021-02-03 08:11:19'),(2800,11,'system/library/export_import/vendor/phpoffice/phpspreadsheet/src/PhpSpreadsheet/Helper/Html.php','2021-02-03 08:11:19'),(2801,11,'system/library/export_import/vendor/phpoffice/phpspreadsheet/src/PhpSpreadsheet/Helper/Sample.php','2021-02-03 08:11:19'),(2802,11,'system/library/export_import/vendor/phpoffice/phpspreadsheet/src/PhpSpreadsheet/Reader/BaseReader.php','2021-02-03 08:11:19'),(2803,11,'system/library/export_import/vendor/phpoffice/phpspreadsheet/src/PhpSpreadsheet/Reader/Csv.php','2021-02-03 08:11:19'),(2804,11,'system/library/export_import/vendor/phpoffice/phpspreadsheet/src/PhpSpreadsheet/Reader/DefaultReadFilter.php','2021-02-03 08:11:19'),(2805,11,'system/library/export_import/vendor/phpoffice/phpspreadsheet/src/PhpSpreadsheet/Reader/Exception.php','2021-02-03 08:11:19'),(2806,11,'system/library/export_import/vendor/phpoffice/phpspreadsheet/src/PhpSpreadsheet/Reader/Gnumeric.php','2021-02-03 08:11:19'),(2807,11,'system/library/export_import/vendor/phpoffice/phpspreadsheet/src/PhpSpreadsheet/Reader/Html.php','2021-02-03 08:11:19'),(2808,11,'system/library/export_import/vendor/phpoffice/phpspreadsheet/src/PhpSpreadsheet/Reader/IReadFilter.php','2021-02-03 08:11:19'),(2809,11,'system/library/export_import/vendor/phpoffice/phpspreadsheet/src/PhpSpreadsheet/Reader/IReader.php','2021-02-03 08:11:19'),(2810,11,'system/library/export_import/vendor/phpoffice/phpspreadsheet/src/PhpSpreadsheet/Reader/Ods','2021-02-03 08:11:19'),(2811,11,'system/library/export_import/vendor/phpoffice/phpspreadsheet/src/PhpSpreadsheet/Reader/Ods.php','2021-02-03 08:11:19'),(2812,11,'system/library/export_import/vendor/phpoffice/phpspreadsheet/src/PhpSpreadsheet/Reader/Security','2021-02-03 08:11:19'),(2813,11,'system/library/export_import/vendor/phpoffice/phpspreadsheet/src/PhpSpreadsheet/Reader/Slk.php','2021-02-03 08:11:19'),(2814,11,'system/library/export_import/vendor/phpoffice/phpspreadsheet/src/PhpSpreadsheet/Reader/Xls','2021-02-03 08:11:19'),(2815,11,'system/library/export_import/vendor/phpoffice/phpspreadsheet/src/PhpSpreadsheet/Reader/Xls.php','2021-02-03 08:11:19'),(2816,11,'system/library/export_import/vendor/phpoffice/phpspreadsheet/src/PhpSpreadsheet/Reader/Xlsx','2021-02-03 08:11:19'),(2817,11,'system/library/export_import/vendor/phpoffice/phpspreadsheet/src/PhpSpreadsheet/Reader/Xlsx.php','2021-02-03 08:11:19'),(2818,11,'system/library/export_import/vendor/phpoffice/phpspreadsheet/src/PhpSpreadsheet/Reader/Xml.php','2021-02-03 08:11:19'),(2819,11,'system/library/export_import/vendor/phpoffice/phpspreadsheet/src/PhpSpreadsheet/RichText/ITextElement.php','2021-02-03 08:11:19'),(2820,11,'system/library/export_import/vendor/phpoffice/phpspreadsheet/src/PhpSpreadsheet/RichText/RichText.php','2021-02-03 08:11:19'),(2821,11,'system/library/export_import/vendor/phpoffice/phpspreadsheet/src/PhpSpreadsheet/RichText/Run.php','2021-02-03 08:11:19'),(2822,11,'system/library/export_import/vendor/phpoffice/phpspreadsheet/src/PhpSpreadsheet/RichText/TextElement.php','2021-02-03 08:11:19'),(2823,11,'system/library/export_import/vendor/phpoffice/phpspreadsheet/src/PhpSpreadsheet/Shared/CodePage.php','2021-02-03 08:11:19'),(2824,11,'system/library/export_import/vendor/phpoffice/phpspreadsheet/src/PhpSpreadsheet/Shared/Date.php','2021-02-03 08:11:19'),(2825,11,'system/library/export_import/vendor/phpoffice/phpspreadsheet/src/PhpSpreadsheet/Shared/Drawing.php','2021-02-03 08:11:19'),(2826,11,'system/library/export_import/vendor/phpoffice/phpspreadsheet/src/PhpSpreadsheet/Shared/Escher','2021-02-03 08:11:19'),(2827,11,'system/library/export_import/vendor/phpoffice/phpspreadsheet/src/PhpSpreadsheet/Shared/Escher.php','2021-02-03 08:11:19'),(2828,11,'system/library/export_import/vendor/phpoffice/phpspreadsheet/src/PhpSpreadsheet/Shared/File.php','2021-02-03 08:11:19'),(2829,11,'system/library/export_import/vendor/phpoffice/phpspreadsheet/src/PhpSpreadsheet/Shared/Font.php','2021-02-03 08:11:19'),(2830,11,'system/library/export_import/vendor/phpoffice/phpspreadsheet/src/PhpSpreadsheet/Shared/JAMA','2021-02-03 08:11:19'),(2831,11,'system/library/export_import/vendor/phpoffice/phpspreadsheet/src/PhpSpreadsheet/Shared/OLE','2021-02-03 08:11:19'),(2832,11,'system/library/export_import/vendor/phpoffice/phpspreadsheet/src/PhpSpreadsheet/Shared/OLE.php','2021-02-03 08:11:19'),(2833,11,'system/library/export_import/vendor/phpoffice/phpspreadsheet/src/PhpSpreadsheet/Shared/OLERead.php','2021-02-03 08:11:19'),(2834,11,'system/library/export_import/vendor/phpoffice/phpspreadsheet/src/PhpSpreadsheet/Shared/PasswordHasher.php','2021-02-03 08:11:19'),(2835,11,'system/library/export_import/vendor/phpoffice/phpspreadsheet/src/PhpSpreadsheet/Shared/StringHelper.php','2021-02-03 08:11:19'),(2836,11,'system/library/export_import/vendor/phpoffice/phpspreadsheet/src/PhpSpreadsheet/Shared/TimeZone.php','2021-02-03 08:11:19'),(2837,11,'system/library/export_import/vendor/phpoffice/phpspreadsheet/src/PhpSpreadsheet/Shared/Trend','2021-02-03 08:11:19'),(2838,11,'system/library/export_import/vendor/phpoffice/phpspreadsheet/src/PhpSpreadsheet/Shared/XMLWriter.php','2021-02-03 08:11:19'),(2839,11,'system/library/export_import/vendor/phpoffice/phpspreadsheet/src/PhpSpreadsheet/Shared/Xls.php','2021-02-03 08:11:19'),(2840,11,'system/library/export_import/vendor/phpoffice/phpspreadsheet/src/PhpSpreadsheet/Style/Alignment.php','2021-02-03 08:11:19'),(2841,11,'system/library/export_import/vendor/phpoffice/phpspreadsheet/src/PhpSpreadsheet/Style/Border.php','2021-02-03 08:11:19'),(2842,11,'system/library/export_import/vendor/phpoffice/phpspreadsheet/src/PhpSpreadsheet/Style/Borders.php','2021-02-03 08:11:19'),(2843,11,'system/library/export_import/vendor/phpoffice/phpspreadsheet/src/PhpSpreadsheet/Style/Color.php','2021-02-03 08:11:19'),(2844,11,'system/library/export_import/vendor/phpoffice/phpspreadsheet/src/PhpSpreadsheet/Style/Conditional.php','2021-02-03 08:11:19'),(2845,11,'system/library/export_import/vendor/phpoffice/phpspreadsheet/src/PhpSpreadsheet/Style/Fill.php','2021-02-03 08:11:19'),(2846,11,'system/library/export_import/vendor/phpoffice/phpspreadsheet/src/PhpSpreadsheet/Style/Font.php','2021-02-03 08:11:19'),(2847,11,'system/library/export_import/vendor/phpoffice/phpspreadsheet/src/PhpSpreadsheet/Style/NumberFormat.php','2021-02-03 08:11:19'),(2848,11,'system/library/export_import/vendor/phpoffice/phpspreadsheet/src/PhpSpreadsheet/Style/Protection.php','2021-02-03 08:11:19'),(2849,11,'system/library/export_import/vendor/phpoffice/phpspreadsheet/src/PhpSpreadsheet/Style/Style.php','2021-02-03 08:11:19'),(2850,11,'system/library/export_import/vendor/phpoffice/phpspreadsheet/src/PhpSpreadsheet/Style/Supervisor.php','2021-02-03 08:11:19'),(2851,11,'system/library/export_import/vendor/phpoffice/phpspreadsheet/src/PhpSpreadsheet/Worksheet/AutoFilter','2021-02-03 08:11:19'),(2852,11,'system/library/export_import/vendor/phpoffice/phpspreadsheet/src/PhpSpreadsheet/Worksheet/AutoFilter.php','2021-02-03 08:11:19'),(2853,11,'system/library/export_import/vendor/phpoffice/phpspreadsheet/src/PhpSpreadsheet/Worksheet/BaseDrawing.php','2021-02-03 08:11:19'),(2854,11,'system/library/export_import/vendor/phpoffice/phpspreadsheet/src/PhpSpreadsheet/Worksheet/CellIterator.php','2021-02-03 08:11:19'),(2855,11,'system/library/export_import/vendor/phpoffice/phpspreadsheet/src/PhpSpreadsheet/Worksheet/Column.php','2021-02-03 08:11:19'),(2856,11,'system/library/export_import/vendor/phpoffice/phpspreadsheet/src/PhpSpreadsheet/Worksheet/ColumnCellIterator.php','2021-02-03 08:11:19'),(2857,11,'system/library/export_import/vendor/phpoffice/phpspreadsheet/src/PhpSpreadsheet/Worksheet/ColumnDimension.php','2021-02-03 08:11:19'),(2858,11,'system/library/export_import/vendor/phpoffice/phpspreadsheet/src/PhpSpreadsheet/Worksheet/ColumnIterator.php','2021-02-03 08:11:19'),(2859,11,'system/library/export_import/vendor/phpoffice/phpspreadsheet/src/PhpSpreadsheet/Worksheet/Dimension.php','2021-02-03 08:11:19'),(2860,11,'system/library/export_import/vendor/phpoffice/phpspreadsheet/src/PhpSpreadsheet/Worksheet/Drawing','2021-02-03 08:11:19'),(2861,11,'system/library/export_import/vendor/phpoffice/phpspreadsheet/src/PhpSpreadsheet/Worksheet/Drawing.php','2021-02-03 08:11:19'),(2862,11,'system/library/export_import/vendor/phpoffice/phpspreadsheet/src/PhpSpreadsheet/Worksheet/HeaderFooter.php','2021-02-03 08:11:19'),(2863,11,'system/library/export_import/vendor/phpoffice/phpspreadsheet/src/PhpSpreadsheet/Worksheet/HeaderFooterDrawing.php','2021-02-03 08:11:19'),(2864,11,'system/library/export_import/vendor/phpoffice/phpspreadsheet/src/PhpSpreadsheet/Worksheet/Iterator.php','2021-02-03 08:11:19'),(2865,11,'system/library/export_import/vendor/phpoffice/phpspreadsheet/src/PhpSpreadsheet/Worksheet/MemoryDrawing.php','2021-02-03 08:11:19'),(2866,11,'system/library/export_import/vendor/phpoffice/phpspreadsheet/src/PhpSpreadsheet/Worksheet/PageMargins.php','2021-02-03 08:11:19'),(2867,11,'system/library/export_import/vendor/phpoffice/phpspreadsheet/src/PhpSpreadsheet/Worksheet/PageSetup.php','2021-02-03 08:11:19'),(2868,11,'system/library/export_import/vendor/phpoffice/phpspreadsheet/src/PhpSpreadsheet/Worksheet/Protection.php','2021-02-03 08:11:19'),(2869,11,'system/library/export_import/vendor/phpoffice/phpspreadsheet/src/PhpSpreadsheet/Worksheet/Row.php','2021-02-03 08:11:19'),(2870,11,'system/library/export_import/vendor/phpoffice/phpspreadsheet/src/PhpSpreadsheet/Worksheet/RowCellIterator.php','2021-02-03 08:11:19'),(2871,11,'system/library/export_import/vendor/phpoffice/phpspreadsheet/src/PhpSpreadsheet/Worksheet/RowDimension.php','2021-02-03 08:11:19'),(2872,11,'system/library/export_import/vendor/phpoffice/phpspreadsheet/src/PhpSpreadsheet/Worksheet/RowIterator.php','2021-02-03 08:11:19'),(2873,11,'system/library/export_import/vendor/phpoffice/phpspreadsheet/src/PhpSpreadsheet/Worksheet/SheetView.php','2021-02-03 08:11:19'),(2874,11,'system/library/export_import/vendor/phpoffice/phpspreadsheet/src/PhpSpreadsheet/Worksheet/Worksheet.php','2021-02-03 08:11:19'),(2875,11,'system/library/export_import/vendor/phpoffice/phpspreadsheet/src/PhpSpreadsheet/Writer/BaseWriter.php','2021-02-03 08:11:19'),(2876,11,'system/library/export_import/vendor/phpoffice/phpspreadsheet/src/PhpSpreadsheet/Writer/Csv.php','2021-02-03 08:11:19'),(2877,11,'system/library/export_import/vendor/phpoffice/phpspreadsheet/src/PhpSpreadsheet/Writer/Exception.php','2021-02-03 08:11:19'),(2878,11,'system/library/export_import/vendor/phpoffice/phpspreadsheet/src/PhpSpreadsheet/Writer/Html.php','2021-02-03 08:11:19'),(2879,11,'system/library/export_import/vendor/phpoffice/phpspreadsheet/src/PhpSpreadsheet/Writer/IWriter.php','2021-02-03 08:11:19'),(2880,11,'system/library/export_import/vendor/phpoffice/phpspreadsheet/src/PhpSpreadsheet/Writer/Ods','2021-02-03 08:11:19'),(2881,11,'system/library/export_import/vendor/phpoffice/phpspreadsheet/src/PhpSpreadsheet/Writer/Ods.php','2021-02-03 08:11:19'),(2882,11,'system/library/export_import/vendor/phpoffice/phpspreadsheet/src/PhpSpreadsheet/Writer/Pdf','2021-02-03 08:11:19'),(2883,11,'system/library/export_import/vendor/phpoffice/phpspreadsheet/src/PhpSpreadsheet/Writer/Pdf.php','2021-02-03 08:11:19'),(2884,11,'system/library/export_import/vendor/phpoffice/phpspreadsheet/src/PhpSpreadsheet/Writer/Xls','2021-02-03 08:11:19'),(2885,11,'system/library/export_import/vendor/phpoffice/phpspreadsheet/src/PhpSpreadsheet/Writer/Xls.php','2021-02-03 08:11:19'),(2886,11,'system/library/export_import/vendor/phpoffice/phpspreadsheet/src/PhpSpreadsheet/Writer/Xlsx','2021-02-03 08:11:19'),(2887,11,'system/library/export_import/vendor/phpoffice/phpspreadsheet/src/PhpSpreadsheet/Writer/Xlsx.php','2021-02-03 08:11:19'),(2888,11,'system/library/export_import/vendor/phpoffice/phpspreadsheet/src/PhpSpreadsheet/Calculation/Engine/CyclicReferenceStack.php','2021-02-03 08:11:19'),(2889,11,'system/library/export_import/vendor/phpoffice/phpspreadsheet/src/PhpSpreadsheet/Calculation/Engine/Logger.php','2021-02-03 08:11:19'),(2890,11,'system/library/export_import/vendor/phpoffice/phpspreadsheet/src/PhpSpreadsheet/Calculation/Token/Stack.php','2021-02-03 08:11:19'),(2891,11,'system/library/export_import/vendor/phpoffice/phpspreadsheet/src/PhpSpreadsheet/Calculation/locale/bg','2021-02-03 08:11:19'),(2892,11,'system/library/export_import/vendor/phpoffice/phpspreadsheet/src/PhpSpreadsheet/Calculation/locale/cs','2021-02-03 08:11:19'),(2893,11,'system/library/export_import/vendor/phpoffice/phpspreadsheet/src/PhpSpreadsheet/Calculation/locale/da','2021-02-03 08:11:19'),(2894,11,'system/library/export_import/vendor/phpoffice/phpspreadsheet/src/PhpSpreadsheet/Calculation/locale/de','2021-02-03 08:11:19'),(2895,11,'system/library/export_import/vendor/phpoffice/phpspreadsheet/src/PhpSpreadsheet/Calculation/locale/en','2021-02-03 08:11:19'),(2896,11,'system/library/export_import/vendor/phpoffice/phpspreadsheet/src/PhpSpreadsheet/Calculation/locale/es','2021-02-03 08:11:19'),(2897,11,'system/library/export_import/vendor/phpoffice/phpspreadsheet/src/PhpSpreadsheet/Calculation/locale/fi','2021-02-03 08:11:19'),(2898,11,'system/library/export_import/vendor/phpoffice/phpspreadsheet/src/PhpSpreadsheet/Calculation/locale/fr','2021-02-03 08:11:19'),(2899,11,'system/library/export_import/vendor/phpoffice/phpspreadsheet/src/PhpSpreadsheet/Calculation/locale/hu','2021-02-03 08:11:19'),(2900,11,'system/library/export_import/vendor/phpoffice/phpspreadsheet/src/PhpSpreadsheet/Calculation/locale/it','2021-02-03 08:11:19'),(2901,11,'system/library/export_import/vendor/phpoffice/phpspreadsheet/src/PhpSpreadsheet/Calculation/locale/nl','2021-02-03 08:11:19'),(2902,11,'system/library/export_import/vendor/phpoffice/phpspreadsheet/src/PhpSpreadsheet/Calculation/locale/no','2021-02-03 08:11:19'),(2903,11,'system/library/export_import/vendor/phpoffice/phpspreadsheet/src/PhpSpreadsheet/Calculation/locale/pl','2021-02-03 08:11:19'),(2904,11,'system/library/export_import/vendor/phpoffice/phpspreadsheet/src/PhpSpreadsheet/Calculation/locale/pt','2021-02-03 08:11:19'),(2905,11,'system/library/export_import/vendor/phpoffice/phpspreadsheet/src/PhpSpreadsheet/Calculation/locale/ru','2021-02-03 08:11:19'),(2906,11,'system/library/export_import/vendor/phpoffice/phpspreadsheet/src/PhpSpreadsheet/Calculation/locale/sv','2021-02-03 08:11:19'),(2907,11,'system/library/export_import/vendor/phpoffice/phpspreadsheet/src/PhpSpreadsheet/Calculation/locale/tr','2021-02-03 08:11:19'),(2908,11,'system/library/export_import/vendor/phpoffice/phpspreadsheet/src/PhpSpreadsheet/Chart/Renderer/IRenderer.php','2021-02-03 08:11:19'),(2909,11,'system/library/export_import/vendor/phpoffice/phpspreadsheet/src/PhpSpreadsheet/Chart/Renderer/JpGraph.php','2021-02-03 08:11:19'),(2910,11,'system/library/export_import/vendor/phpoffice/phpspreadsheet/src/PhpSpreadsheet/Chart/Renderer/PHP Charting Libraries.txt','2021-02-03 08:11:19'),(2911,11,'system/library/export_import/vendor/phpoffice/phpspreadsheet/src/PhpSpreadsheet/Reader/Ods/Properties.php','2021-02-03 08:11:19'),(2912,11,'system/library/export_import/vendor/phpoffice/phpspreadsheet/src/PhpSpreadsheet/Reader/Security/XmlScanner.php','2021-02-03 08:11:19'),(2913,11,'system/library/export_import/vendor/phpoffice/phpspreadsheet/src/PhpSpreadsheet/Reader/Xls/Color','2021-02-03 08:11:19'),(2914,11,'system/library/export_import/vendor/phpoffice/phpspreadsheet/src/PhpSpreadsheet/Reader/Xls/Color.php','2021-02-03 08:11:19'),(2915,11,'system/library/export_import/vendor/phpoffice/phpspreadsheet/src/PhpSpreadsheet/Reader/Xls/ErrorCode.php','2021-02-03 08:11:19'),(2916,11,'system/library/export_import/vendor/phpoffice/phpspreadsheet/src/PhpSpreadsheet/Reader/Xls/Escher.php','2021-02-03 08:11:19'),(2917,11,'system/library/export_import/vendor/phpoffice/phpspreadsheet/src/PhpSpreadsheet/Reader/Xls/MD5.php','2021-02-03 08:11:19'),(2918,11,'system/library/export_import/vendor/phpoffice/phpspreadsheet/src/PhpSpreadsheet/Reader/Xls/RC4.php','2021-02-03 08:11:19'),(2919,11,'system/library/export_import/vendor/phpoffice/phpspreadsheet/src/PhpSpreadsheet/Reader/Xls/Style','2021-02-03 08:11:19'),(2920,11,'system/library/export_import/vendor/phpoffice/phpspreadsheet/src/PhpSpreadsheet/Reader/Xlsx/AutoFilter.php','2021-02-03 08:11:19'),(2921,11,'system/library/export_import/vendor/phpoffice/phpspreadsheet/src/PhpSpreadsheet/Reader/Xlsx/BaseParserClass.php','2021-02-03 08:11:19'),(2922,11,'system/library/export_import/vendor/phpoffice/phpspreadsheet/src/PhpSpreadsheet/Reader/Xlsx/Chart.php','2021-02-03 08:11:19'),(2923,11,'system/library/export_import/vendor/phpoffice/phpspreadsheet/src/PhpSpreadsheet/Reader/Xlsx/ColumnAndRowAttributes.php','2021-02-03 08:11:19'),(2924,11,'system/library/export_import/vendor/phpoffice/phpspreadsheet/src/PhpSpreadsheet/Reader/Xlsx/ConditionalStyles.php','2021-02-03 08:11:19'),(2925,11,'system/library/export_import/vendor/phpoffice/phpspreadsheet/src/PhpSpreadsheet/Reader/Xlsx/DataValidations.php','2021-02-03 08:11:19'),(2926,11,'system/library/export_import/vendor/phpoffice/phpspreadsheet/src/PhpSpreadsheet/Reader/Xlsx/Hyperlinks.php','2021-02-03 08:11:19'),(2927,11,'system/library/export_import/vendor/phpoffice/phpspreadsheet/src/PhpSpreadsheet/Reader/Xlsx/PageSetup.php','2021-02-03 08:11:19'),(2928,11,'system/library/export_import/vendor/phpoffice/phpspreadsheet/src/PhpSpreadsheet/Reader/Xlsx/Properties.php','2021-02-03 08:11:19'),(2929,11,'system/library/export_import/vendor/phpoffice/phpspreadsheet/src/PhpSpreadsheet/Reader/Xlsx/SheetViewOptions.php','2021-02-03 08:11:19'),(2930,11,'system/library/export_import/vendor/phpoffice/phpspreadsheet/src/PhpSpreadsheet/Reader/Xlsx/SheetViews.php','2021-02-03 08:11:19'),(2931,11,'system/library/export_import/vendor/phpoffice/phpspreadsheet/src/PhpSpreadsheet/Reader/Xlsx/Styles.php','2021-02-03 08:11:19'),(2932,11,'system/library/export_import/vendor/phpoffice/phpspreadsheet/src/PhpSpreadsheet/Reader/Xlsx/Theme.php','2021-02-03 08:11:19'),(2933,11,'system/library/export_import/vendor/phpoffice/phpspreadsheet/src/PhpSpreadsheet/Shared/Escher/DgContainer','2021-02-03 08:11:19'),(2934,11,'system/library/export_import/vendor/phpoffice/phpspreadsheet/src/PhpSpreadsheet/Shared/Escher/DgContainer.php','2021-02-03 08:11:19'),(2935,11,'system/library/export_import/vendor/phpoffice/phpspreadsheet/src/PhpSpreadsheet/Shared/Escher/DggContainer','2021-02-03 08:11:19'),(2936,11,'system/library/export_import/vendor/phpoffice/phpspreadsheet/src/PhpSpreadsheet/Shared/Escher/DggContainer.php','2021-02-03 08:11:19'),(2937,11,'system/library/export_import/vendor/phpoffice/phpspreadsheet/src/PhpSpreadsheet/Shared/JAMA/CHANGELOG.TXT','2021-02-03 08:11:19'),(2938,11,'system/library/export_import/vendor/phpoffice/phpspreadsheet/src/PhpSpreadsheet/Shared/JAMA/CholeskyDecomposition.php','2021-02-03 08:11:19'),(2939,11,'system/library/export_import/vendor/phpoffice/phpspreadsheet/src/PhpSpreadsheet/Shared/JAMA/EigenvalueDecomposition.php','2021-02-03 08:11:19'),(2940,11,'system/library/export_import/vendor/phpoffice/phpspreadsheet/src/PhpSpreadsheet/Shared/JAMA/LUDecomposition.php','2021-02-03 08:11:19'),(2941,11,'system/library/export_import/vendor/phpoffice/phpspreadsheet/src/PhpSpreadsheet/Shared/JAMA/Matrix.php','2021-02-03 08:11:19'),(2942,11,'system/library/export_import/vendor/phpoffice/phpspreadsheet/src/PhpSpreadsheet/Shared/JAMA/QRDecomposition.php','2021-02-03 08:11:19'),(2943,11,'system/library/export_import/vendor/phpoffice/phpspreadsheet/src/PhpSpreadsheet/Shared/JAMA/SingularValueDecomposition.php','2021-02-03 08:11:19'),(2944,11,'system/library/export_import/vendor/phpoffice/phpspreadsheet/src/PhpSpreadsheet/Shared/JAMA/utils','2021-02-03 08:11:19'),(2945,11,'system/library/export_import/vendor/phpoffice/phpspreadsheet/src/PhpSpreadsheet/Shared/OLE/ChainedBlockStream.php','2021-02-03 08:11:19'),(2946,11,'system/library/export_import/vendor/phpoffice/phpspreadsheet/src/PhpSpreadsheet/Shared/OLE/PPS','2021-02-03 08:11:19'),(2947,11,'system/library/export_import/vendor/phpoffice/phpspreadsheet/src/PhpSpreadsheet/Shared/OLE/PPS.php','2021-02-03 08:11:19'),(2948,11,'system/library/export_import/vendor/phpoffice/phpspreadsheet/src/PhpSpreadsheet/Shared/Trend/BestFit.php','2021-02-03 08:11:19'),(2949,11,'system/library/export_import/vendor/phpoffice/phpspreadsheet/src/PhpSpreadsheet/Shared/Trend/ExponentialBestFit.php','2021-02-03 08:11:19'),(2950,11,'system/library/export_import/vendor/phpoffice/phpspreadsheet/src/PhpSpreadsheet/Shared/Trend/LinearBestFit.php','2021-02-03 08:11:19'),(2951,11,'system/library/export_import/vendor/phpoffice/phpspreadsheet/src/PhpSpreadsheet/Shared/Trend/LogarithmicBestFit.php','2021-02-03 08:11:19'),(2952,11,'system/library/export_import/vendor/phpoffice/phpspreadsheet/src/PhpSpreadsheet/Shared/Trend/PolynomialBestFit.php','2021-02-03 08:11:19'),(2953,11,'system/library/export_import/vendor/phpoffice/phpspreadsheet/src/PhpSpreadsheet/Shared/Trend/PowerBestFit.php','2021-02-03 08:11:19'),(2954,11,'system/library/export_import/vendor/phpoffice/phpspreadsheet/src/PhpSpreadsheet/Shared/Trend/Trend.php','2021-02-03 08:11:19'),(2955,11,'system/library/export_import/vendor/phpoffice/phpspreadsheet/src/PhpSpreadsheet/Worksheet/AutoFilter/Column','2021-02-03 08:11:19'),(2956,11,'system/library/export_import/vendor/phpoffice/phpspreadsheet/src/PhpSpreadsheet/Worksheet/AutoFilter/Column.php','2021-02-03 08:11:19'),(2957,11,'system/library/export_import/vendor/phpoffice/phpspreadsheet/src/PhpSpreadsheet/Worksheet/Drawing/Shadow.php','2021-02-03 08:11:19'),(2958,11,'system/library/export_import/vendor/phpoffice/phpspreadsheet/src/PhpSpreadsheet/Writer/Ods/Cell','2021-02-03 08:11:19'),(2959,11,'system/library/export_import/vendor/phpoffice/phpspreadsheet/src/PhpSpreadsheet/Writer/Ods/Content.php','2021-02-03 08:11:19'),(2960,11,'system/library/export_import/vendor/phpoffice/phpspreadsheet/src/PhpSpreadsheet/Writer/Ods/Meta.php','2021-02-03 08:11:19'),(2961,11,'system/library/export_import/vendor/phpoffice/phpspreadsheet/src/PhpSpreadsheet/Writer/Ods/MetaInf.php','2021-02-03 08:11:19'),(2962,11,'system/library/export_import/vendor/phpoffice/phpspreadsheet/src/PhpSpreadsheet/Writer/Ods/Mimetype.php','2021-02-03 08:11:19'),(2963,11,'system/library/export_import/vendor/phpoffice/phpspreadsheet/src/PhpSpreadsheet/Writer/Ods/Settings.php','2021-02-03 08:11:19'),(2964,11,'system/library/export_import/vendor/phpoffice/phpspreadsheet/src/PhpSpreadsheet/Writer/Ods/Styles.php','2021-02-03 08:11:19'),(2965,11,'system/library/export_import/vendor/phpoffice/phpspreadsheet/src/PhpSpreadsheet/Writer/Ods/Thumbnails.php','2021-02-03 08:11:19'),(2966,11,'system/library/export_import/vendor/phpoffice/phpspreadsheet/src/PhpSpreadsheet/Writer/Ods/WriterPart.php','2021-02-03 08:11:19'),(2967,11,'system/library/export_import/vendor/phpoffice/phpspreadsheet/src/PhpSpreadsheet/Writer/Pdf/Dompdf.php','2021-02-03 08:11:19'),(2968,11,'system/library/export_import/vendor/phpoffice/phpspreadsheet/src/PhpSpreadsheet/Writer/Pdf/Mpdf.php','2021-02-03 08:11:19'),(2969,11,'system/library/export_import/vendor/phpoffice/phpspreadsheet/src/PhpSpreadsheet/Writer/Pdf/Tcpdf.php','2021-02-03 08:11:19'),(2970,11,'system/library/export_import/vendor/phpoffice/phpspreadsheet/src/PhpSpreadsheet/Writer/Xls/BIFFwriter.php','2021-02-03 08:11:19'),(2971,11,'system/library/export_import/vendor/phpoffice/phpspreadsheet/src/PhpSpreadsheet/Writer/Xls/Escher.php','2021-02-03 08:11:19'),(2972,11,'system/library/export_import/vendor/phpoffice/phpspreadsheet/src/PhpSpreadsheet/Writer/Xls/Font.php','2021-02-03 08:11:19'),(2973,11,'system/library/export_import/vendor/phpoffice/phpspreadsheet/src/PhpSpreadsheet/Writer/Xls/Parser.php','2021-02-03 08:11:19'),(2974,11,'system/library/export_import/vendor/phpoffice/phpspreadsheet/src/PhpSpreadsheet/Writer/Xls/Workbook.php','2021-02-03 08:11:19'),(2975,11,'system/library/export_import/vendor/phpoffice/phpspreadsheet/src/PhpSpreadsheet/Writer/Xls/Worksheet.php','2021-02-03 08:11:19'),(2976,11,'system/library/export_import/vendor/phpoffice/phpspreadsheet/src/PhpSpreadsheet/Writer/Xls/Xf.php','2021-02-03 08:11:19'),(2977,11,'system/library/export_import/vendor/phpoffice/phpspreadsheet/src/PhpSpreadsheet/Writer/Xlsx/Chart.php','2021-02-03 08:11:19'),(2978,11,'system/library/export_import/vendor/phpoffice/phpspreadsheet/src/PhpSpreadsheet/Writer/Xlsx/Comments.php','2021-02-03 08:11:19'),(2979,11,'system/library/export_import/vendor/phpoffice/phpspreadsheet/src/PhpSpreadsheet/Writer/Xlsx/ContentTypes.php','2021-02-03 08:11:19'),(2980,11,'system/library/export_import/vendor/phpoffice/phpspreadsheet/src/PhpSpreadsheet/Writer/Xlsx/DocProps.php','2021-02-03 08:11:19'),(2981,11,'system/library/export_import/vendor/phpoffice/phpspreadsheet/src/PhpSpreadsheet/Writer/Xlsx/Drawing.php','2021-02-03 08:11:19'),(2982,11,'system/library/export_import/vendor/phpoffice/phpspreadsheet/src/PhpSpreadsheet/Writer/Xlsx/Rels.php','2021-02-03 08:11:19'),(2983,11,'system/library/export_import/vendor/phpoffice/phpspreadsheet/src/PhpSpreadsheet/Writer/Xlsx/RelsRibbon.php','2021-02-03 08:11:19'),(2984,11,'system/library/export_import/vendor/phpoffice/phpspreadsheet/src/PhpSpreadsheet/Writer/Xlsx/RelsVBA.php','2021-02-03 08:11:19'),(2985,11,'system/library/export_import/vendor/phpoffice/phpspreadsheet/src/PhpSpreadsheet/Writer/Xlsx/StringTable.php','2021-02-03 08:11:19'),(2986,11,'system/library/export_import/vendor/phpoffice/phpspreadsheet/src/PhpSpreadsheet/Writer/Xlsx/Style.php','2021-02-03 08:11:19'),(2987,11,'system/library/export_import/vendor/phpoffice/phpspreadsheet/src/PhpSpreadsheet/Writer/Xlsx/Theme.php','2021-02-03 08:11:19'),(2988,11,'system/library/export_import/vendor/phpoffice/phpspreadsheet/src/PhpSpreadsheet/Writer/Xlsx/Workbook.php','2021-02-03 08:11:19'),(2989,11,'system/library/export_import/vendor/phpoffice/phpspreadsheet/src/PhpSpreadsheet/Writer/Xlsx/Worksheet.php','2021-02-03 08:11:19'),(2990,11,'system/library/export_import/vendor/phpoffice/phpspreadsheet/src/PhpSpreadsheet/Writer/Xlsx/WriterPart.php','2021-02-03 08:11:19'),(2991,11,'system/library/export_import/vendor/phpoffice/phpspreadsheet/src/PhpSpreadsheet/Writer/Xlsx/Xlfn.php','2021-02-03 08:11:19'),(2992,11,'system/library/export_import/vendor/phpoffice/phpspreadsheet/src/PhpSpreadsheet/Calculation/locale/bg/config','2021-02-03 08:11:19'),(2993,11,'system/library/export_import/vendor/phpoffice/phpspreadsheet/src/PhpSpreadsheet/Calculation/locale/bg/functions','2021-02-03 08:11:19'),(2994,11,'system/library/export_import/vendor/phpoffice/phpspreadsheet/src/PhpSpreadsheet/Calculation/locale/cs/config','2021-02-03 08:11:19'),(2995,11,'system/library/export_import/vendor/phpoffice/phpspreadsheet/src/PhpSpreadsheet/Calculation/locale/cs/functions','2021-02-03 08:11:19'),(2996,11,'system/library/export_import/vendor/phpoffice/phpspreadsheet/src/PhpSpreadsheet/Calculation/locale/da/config','2021-02-03 08:11:19'),(2997,11,'system/library/export_import/vendor/phpoffice/phpspreadsheet/src/PhpSpreadsheet/Calculation/locale/da/functions','2021-02-03 08:11:19'),(2998,11,'system/library/export_import/vendor/phpoffice/phpspreadsheet/src/PhpSpreadsheet/Calculation/locale/de/config','2021-02-03 08:11:19'),(2999,11,'system/library/export_import/vendor/phpoffice/phpspreadsheet/src/PhpSpreadsheet/Calculation/locale/de/functions','2021-02-03 08:11:19'),(3000,11,'system/library/export_import/vendor/phpoffice/phpspreadsheet/src/PhpSpreadsheet/Calculation/locale/en/uk','2021-02-03 08:11:19'),(3001,11,'system/library/export_import/vendor/phpoffice/phpspreadsheet/src/PhpSpreadsheet/Calculation/locale/es/config','2021-02-03 08:11:19'),(3002,11,'system/library/export_import/vendor/phpoffice/phpspreadsheet/src/PhpSpreadsheet/Calculation/locale/es/functions','2021-02-03 08:11:19'),(3003,11,'system/library/export_import/vendor/phpoffice/phpspreadsheet/src/PhpSpreadsheet/Calculation/locale/fi/config','2021-02-03 08:11:19'),(3004,11,'system/library/export_import/vendor/phpoffice/phpspreadsheet/src/PhpSpreadsheet/Calculation/locale/fi/functions','2021-02-03 08:11:19'),(3005,11,'system/library/export_import/vendor/phpoffice/phpspreadsheet/src/PhpSpreadsheet/Calculation/locale/fr/config','2021-02-03 08:11:19'),(3006,11,'system/library/export_import/vendor/phpoffice/phpspreadsheet/src/PhpSpreadsheet/Calculation/locale/fr/functions','2021-02-03 08:11:19'),(3007,11,'system/library/export_import/vendor/phpoffice/phpspreadsheet/src/PhpSpreadsheet/Calculation/locale/hu/config','2021-02-03 08:11:19'),(3008,11,'system/library/export_import/vendor/phpoffice/phpspreadsheet/src/PhpSpreadsheet/Calculation/locale/hu/functions','2021-02-03 08:11:19'),(3009,11,'system/library/export_import/vendor/phpoffice/phpspreadsheet/src/PhpSpreadsheet/Calculation/locale/it/config','2021-02-03 08:11:19'),(3010,11,'system/library/export_import/vendor/phpoffice/phpspreadsheet/src/PhpSpreadsheet/Calculation/locale/it/functions','2021-02-03 08:11:19'),(3011,11,'system/library/export_import/vendor/phpoffice/phpspreadsheet/src/PhpSpreadsheet/Calculation/locale/nl/config','2021-02-03 08:11:19'),(3012,11,'system/library/export_import/vendor/phpoffice/phpspreadsheet/src/PhpSpreadsheet/Calculation/locale/nl/functions','2021-02-03 08:11:19'),(3013,11,'system/library/export_import/vendor/phpoffice/phpspreadsheet/src/PhpSpreadsheet/Calculation/locale/no/config','2021-02-03 08:11:19'),(3014,11,'system/library/export_import/vendor/phpoffice/phpspreadsheet/src/PhpSpreadsheet/Calculation/locale/no/functions','2021-02-03 08:11:19'),(3015,11,'system/library/export_import/vendor/phpoffice/phpspreadsheet/src/PhpSpreadsheet/Calculation/locale/pl/config','2021-02-03 08:11:19'),(3016,11,'system/library/export_import/vendor/phpoffice/phpspreadsheet/src/PhpSpreadsheet/Calculation/locale/pl/functions','2021-02-03 08:11:19'),(3017,11,'system/library/export_import/vendor/phpoffice/phpspreadsheet/src/PhpSpreadsheet/Calculation/locale/pt/br','2021-02-03 08:11:19'),(3018,11,'system/library/export_import/vendor/phpoffice/phpspreadsheet/src/PhpSpreadsheet/Calculation/locale/pt/config','2021-02-03 08:11:19'),(3019,11,'system/library/export_import/vendor/phpoffice/phpspreadsheet/src/PhpSpreadsheet/Calculation/locale/pt/functions','2021-02-03 08:11:19'),(3020,11,'system/library/export_import/vendor/phpoffice/phpspreadsheet/src/PhpSpreadsheet/Calculation/locale/ru/config','2021-02-03 08:11:19'),(3021,11,'system/library/export_import/vendor/phpoffice/phpspreadsheet/src/PhpSpreadsheet/Calculation/locale/ru/functions','2021-02-03 08:11:19'),(3022,11,'system/library/export_import/vendor/phpoffice/phpspreadsheet/src/PhpSpreadsheet/Calculation/locale/sv/config','2021-02-03 08:11:19'),(3023,11,'system/library/export_import/vendor/phpoffice/phpspreadsheet/src/PhpSpreadsheet/Calculation/locale/sv/functions','2021-02-03 08:11:19'),(3024,11,'system/library/export_import/vendor/phpoffice/phpspreadsheet/src/PhpSpreadsheet/Calculation/locale/tr/config','2021-02-03 08:11:19'),(3025,11,'system/library/export_import/vendor/phpoffice/phpspreadsheet/src/PhpSpreadsheet/Calculation/locale/tr/functions','2021-02-03 08:11:19'),(3026,11,'system/library/export_import/vendor/phpoffice/phpspreadsheet/src/PhpSpreadsheet/Reader/Xls/Color/BIFF5.php','2021-02-03 08:11:19'),(3027,11,'system/library/export_import/vendor/phpoffice/phpspreadsheet/src/PhpSpreadsheet/Reader/Xls/Color/BIFF8.php','2021-02-03 08:11:19'),(3028,11,'system/library/export_import/vendor/phpoffice/phpspreadsheet/src/PhpSpreadsheet/Reader/Xls/Color/BuiltIn.php','2021-02-03 08:11:19'),(3029,11,'system/library/export_import/vendor/phpoffice/phpspreadsheet/src/PhpSpreadsheet/Reader/Xls/Style/Border.php','2021-02-03 08:11:19'),(3030,11,'system/library/export_import/vendor/phpoffice/phpspreadsheet/src/PhpSpreadsheet/Reader/Xls/Style/FillPattern.php','2021-02-03 08:11:19'),(3031,11,'system/library/export_import/vendor/phpoffice/phpspreadsheet/src/PhpSpreadsheet/Shared/Escher/DgContainer/SpgrContainer','2021-02-03 08:11:19'),(3032,11,'system/library/export_import/vendor/phpoffice/phpspreadsheet/src/PhpSpreadsheet/Shared/Escher/DgContainer/SpgrContainer.php','2021-02-03 08:11:19'),(3033,11,'system/library/export_import/vendor/phpoffice/phpspreadsheet/src/PhpSpreadsheet/Shared/Escher/DggContainer/BstoreContainer','2021-02-03 08:11:19'),(3034,11,'system/library/export_import/vendor/phpoffice/phpspreadsheet/src/PhpSpreadsheet/Shared/Escher/DggContainer/BstoreContainer.php','2021-02-03 08:11:19'),(3035,11,'system/library/export_import/vendor/phpoffice/phpspreadsheet/src/PhpSpreadsheet/Shared/JAMA/utils/Maths.php','2021-02-03 08:11:19'),(3036,11,'system/library/export_import/vendor/phpoffice/phpspreadsheet/src/PhpSpreadsheet/Shared/OLE/PPS/File.php','2021-02-03 08:11:19'),(3037,11,'system/library/export_import/vendor/phpoffice/phpspreadsheet/src/PhpSpreadsheet/Shared/OLE/PPS/Root.php','2021-02-03 08:11:19'),(3038,11,'system/library/export_import/vendor/phpoffice/phpspreadsheet/src/PhpSpreadsheet/Worksheet/AutoFilter/Column/Rule.php','2021-02-03 08:11:19'),(3039,11,'system/library/export_import/vendor/phpoffice/phpspreadsheet/src/PhpSpreadsheet/Writer/Ods/Cell/Comment.php','2021-02-03 08:11:19'),(3040,11,'system/library/export_import/vendor/phpoffice/phpspreadsheet/src/PhpSpreadsheet/Calculation/locale/en/uk/config','2021-02-03 08:11:19'),(3041,11,'system/library/export_import/vendor/phpoffice/phpspreadsheet/src/PhpSpreadsheet/Calculation/locale/pt/br/config','2021-02-03 08:11:19'),(3042,11,'system/library/export_import/vendor/phpoffice/phpspreadsheet/src/PhpSpreadsheet/Calculation/locale/pt/br/functions','2021-02-03 08:11:19'),(3043,11,'system/library/export_import/vendor/phpoffice/phpspreadsheet/src/PhpSpreadsheet/Shared/Escher/DgContainer/SpgrContainer/SpContainer.php','2021-02-03 08:11:19'),(3044,11,'system/library/export_import/vendor/phpoffice/phpspreadsheet/src/PhpSpreadsheet/Shared/Escher/DggContainer/BstoreContainer/BSE','2021-02-03 08:11:19'),(3045,11,'system/library/export_import/vendor/phpoffice/phpspreadsheet/src/PhpSpreadsheet/Shared/Escher/DggContainer/BstoreContainer/BSE.php','2021-02-03 08:11:19'),(3046,11,'system/library/export_import/vendor/phpoffice/phpspreadsheet/src/PhpSpreadsheet/Shared/Escher/DggContainer/BstoreContainer/BSE/Blip.php','2021-02-03 08:11:19'),(3047,12,'admin/controller/extension/module/user_activity.php','2021-02-03 08:12:24'),(3048,12,'admin/controller/extension/report/user_activity.php','2021-02-03 08:12:24'),(3049,12,'admin/model/extension/module/user_activity.php','2021-02-03 08:12:24'),(3050,12,'admin/model/extension/report/user_activity.php','2021-02-03 08:12:24'),(3051,12,'catalog/controller/extension/module/user_activity.php','2021-02-03 08:12:24'),(3052,12,'catalog/model/extension/module/user_activity.php','2021-02-03 08:12:24'),(3053,12,'admin/language/en-gb/extension/module/user_activity.php','2021-02-03 08:12:24'),(3054,12,'admin/language/en-gb/extension/report/user_activity.php','2021-02-03 08:12:24'),(3055,12,'admin/view/template/extension/module/user_activity.twig','2021-02-03 08:12:24'),(3056,12,'admin/view/template/extension/report/user_activity_form.twig','2021-02-03 08:12:24'),(3057,12,'admin/view/template/extension/report/user_activity_info.twig','2021-02-03 08:12:24'),(3058,13,'system/library/PHPExcel','2021-02-03 08:15:31'),(3059,13,'system/library/dompdf','2021-02-03 08:15:31'),(3060,13,'system/library/pear','2021-02-03 08:15:31'),(3061,13,'admin/view/image/adv_reports','2021-02-03 08:15:31'),(3062,13,'system/library/PHPExcel/Classes','2021-02-03 08:15:31'),(3063,13,'system/library/dompdf/CONTRIBUTING.md','2021-02-03 08:15:31'),(3064,13,'system/library/dompdf/LICENSE.LGPL','2021-02-03 08:15:31'),(3065,13,'system/library/dompdf/README.md','2021-02-03 08:15:31'),(3066,13,'system/library/dompdf/VERSION','2021-02-03 08:15:31'),(3067,13,'system/library/dompdf/autoload.inc.php','2021-02-03 08:15:31'),(3068,13,'system/library/dompdf/lib','2021-02-03 08:15:31'),(3069,13,'system/library/dompdf/src','2021-02-03 08:15:31'),(3070,13,'system/library/pear/ChainedBlockStream.php','2021-02-03 08:15:31'),(3071,13,'system/library/pear/Console','2021-02-03 08:15:31'),(3072,13,'system/library/pear/LICENSE','2021-02-03 08:15:31'),(3073,13,'system/library/pear/OLE.php','2021-02-03 08:15:31'),(3074,13,'system/library/pear/OS','2021-02-03 08:15:31'),(3075,13,'system/library/pear/PEAR','2021-02-03 08:15:31'),(3076,13,'system/library/pear/PEAR.php','2021-02-03 08:15:31'),(3077,13,'system/library/pear/PEAR5.php','2021-02-03 08:15:31'),(3078,13,'system/library/pear/PPS','2021-02-03 08:15:31'),(3079,13,'system/library/pear/PPS.php','2021-02-03 08:15:31'),(3080,13,'system/library/pear/README','2021-02-03 08:15:31'),(3081,13,'system/library/pear/Spreadsheet','2021-02-03 08:15:31'),(3082,13,'system/library/pear/System.php','2021-02-03 08:15:31'),(3083,13,'admin/controller/extension/module/adv_reports_products.php','2021-02-03 08:15:31'),(3084,13,'admin/controller/extension/report/adv_products.php','2021-02-03 08:15:31'),(3085,13,'admin/controller/extension/report/adv_reports','2021-02-03 08:15:31'),(3086,13,'admin/model/extension/module/adv_settings.php','2021-02-03 08:15:31'),(3087,13,'admin/model/extension/report/adv_products.php','2021-02-03 08:15:31'),(3088,13,'admin/view/image/adv_reports/adv_logo.png','2021-02-03 08:15:31'),(3089,13,'admin/view/image/adv_reports/line.png','2021-02-03 08:15:31'),(3090,13,'admin/view/image/adv_reports/page_loading.gif','2021-02-03 08:15:31'),(3091,13,'admin/view/javascript/bootstrap/less','2021-02-03 08:15:31'),(3092,13,'system/library/PHPExcel/Classes/PHPExcel','2021-02-03 08:15:31'),(3093,13,'system/library/PHPExcel/Classes/PHPExcel.php','2021-02-03 08:15:31'),(3094,13,'system/library/dompdf/lib/Cpdf.php','2021-02-03 08:15:31'),(3095,13,'system/library/dompdf/lib/fonts','2021-02-03 08:15:31'),(3096,13,'system/library/dompdf/lib/html5lib','2021-02-03 08:15:31'),(3097,13,'system/library/dompdf/lib/php-css-parser','2021-02-03 08:15:31'),(3098,13,'system/library/dompdf/lib/php-font-lib','2021-02-03 08:15:31'),(3099,13,'system/library/dompdf/lib/php-svg-lib','2021-02-03 08:15:31'),(3100,13,'system/library/dompdf/lib/res','2021-02-03 08:15:31'),(3101,13,'system/library/dompdf/src/Adapter','2021-02-03 08:15:31'),(3102,13,'system/library/dompdf/src/Autoloader.php','2021-02-03 08:15:31'),(3103,13,'system/library/dompdf/src/Canvas.php','2021-02-03 08:15:31'),(3104,13,'system/library/dompdf/src/CanvasFactory.php','2021-02-03 08:15:31'),(3105,13,'system/library/dompdf/src/Cellmap.php','2021-02-03 08:15:31'),(3106,13,'system/library/dompdf/src/Css','2021-02-03 08:15:31'),(3107,13,'system/library/dompdf/src/Dompdf.php','2021-02-03 08:15:31'),(3108,13,'system/library/dompdf/src/Exception','2021-02-03 08:15:31'),(3109,13,'system/library/dompdf/src/Exception.php','2021-02-03 08:15:31'),(3110,13,'system/library/dompdf/src/FontMetrics.php','2021-02-03 08:15:31'),(3111,13,'system/library/dompdf/src/Frame','2021-02-03 08:15:31'),(3112,13,'system/library/dompdf/src/Frame.php','2021-02-03 08:15:31'),(3113,13,'system/library/dompdf/src/FrameDecorator','2021-02-03 08:15:31'),(3114,13,'system/library/dompdf/src/FrameReflower','2021-02-03 08:15:31'),(3115,13,'system/library/dompdf/src/Helpers.php','2021-02-03 08:15:31'),(3116,13,'system/library/dompdf/src/Image','2021-02-03 08:15:31'),(3117,13,'system/library/dompdf/src/JavascriptEmbedder.php','2021-02-03 08:15:31'),(3118,13,'system/library/dompdf/src/LineBox.php','2021-02-03 08:15:31'),(3119,13,'system/library/dompdf/src/Options.php','2021-02-03 08:15:31'),(3120,13,'system/library/dompdf/src/PhpEvaluator.php','2021-02-03 08:15:31'),(3121,13,'system/library/dompdf/src/Positioner','2021-02-03 08:15:31'),(3122,13,'system/library/dompdf/src/Renderer','2021-02-03 08:15:31'),(3123,13,'system/library/dompdf/src/Renderer.php','2021-02-03 08:15:31'),(3124,13,'system/library/pear/Console/Getopt.php','2021-02-03 08:15:31'),(3125,13,'system/library/pear/OS/Guess.php','2021-02-03 08:15:31'),(3126,13,'system/library/pear/PEAR/Exception.php','2021-02-03 08:15:31'),(3127,13,'system/library/pear/PEAR/FixPHP5PEARWarnings.php','2021-02-03 08:15:31'),(3128,13,'system/library/pear/PPS/File.php','2021-02-03 08:15:31'),(3129,13,'system/library/pear/PPS/Root.php','2021-02-03 08:15:31'),(3130,13,'system/library/pear/Spreadsheet/Excel','2021-02-03 08:15:31'),(3131,13,'admin/controller/extension/report/adv_reports/pp_export_csv.inc.php','2021-02-03 08:15:31'),(3132,13,'admin/controller/extension/report/adv_reports/pp_export_csv_all_details.inc.php','2021-02-03 08:15:31'),(3133,13,'admin/controller/extension/report/adv_reports/pp_export_csv_basic_details.inc.php','2021-02-03 08:15:31'),(3134,13,'admin/controller/extension/report/adv_reports/pp_export_html.inc.php','2021-02-03 08:15:31'),(3135,13,'admin/controller/extension/report/adv_reports/pp_export_html_basic_details.inc.php','2021-02-03 08:15:31'),(3136,13,'admin/controller/extension/report/adv_reports/pp_export_pdf.inc.php','2021-02-03 08:15:31'),(3137,13,'admin/controller/extension/report/adv_reports/pp_export_pdf_basic_details.inc.php','2021-02-03 08:15:31'),(3138,13,'admin/controller/extension/report/adv_reports/pp_export_xls.inc.php','2021-02-03 08:15:31'),(3139,13,'admin/controller/extension/report/adv_reports/pp_export_xls_all_details.inc.php','2021-02-03 08:15:31'),(3140,13,'admin/controller/extension/report/adv_reports/pp_export_xls_basic_details.inc.php','2021-02-03 08:15:31'),(3141,13,'admin/controller/extension/report/adv_reports/pp_export_xlsx.inc.php','2021-02-03 08:15:31'),(3142,13,'admin/controller/extension/report/adv_reports/pp_export_xlsx_all_details.inc.php','2021-02-03 08:15:31'),(3143,13,'admin/controller/extension/report/adv_reports/pp_export_xlsx_basic_details.inc.php','2021-02-03 08:15:31'),(3144,13,'admin/language/en-gb/extension/module/adv_reports_products.php','2021-02-03 08:15:31'),(3145,13,'admin/language/en-gb/extension/report/adv_products.php','2021-02-03 08:15:31'),(3146,13,'admin/view/javascript/bootstrap/css/bootstrap-multiselect.css','2021-02-03 08:15:31'),(3147,13,'admin/view/javascript/bootstrap/css/bootstrap-select.css','2021-02-03 08:15:31'),(3148,13,'admin/view/javascript/bootstrap/css/bootstrap-select.css.map','2021-02-03 08:15:31'),(3149,13,'admin/view/javascript/bootstrap/js/bootstrap-multiselect.js','2021-02-03 08:15:31'),(3150,13,'admin/view/javascript/bootstrap/js/bootstrap-select.js.map','2021-02-03 08:15:31'),(3151,13,'admin/view/javascript/bootstrap/js/bootstrap-select.min.js','2021-02-03 08:15:31'),(3152,13,'admin/view/javascript/bootstrap/less/bootstrap-multiselect.less','2021-02-03 08:15:31'),(3153,13,'admin/view/template/extension/module/adv_reports_products.tpl','2021-02-03 08:15:31'),(3154,13,'admin/view/template/extension/report/adv_products.tpl','2021-02-03 08:15:31'),(3155,13,'system/library/PHPExcel/Classes/PHPExcel/Autoloader.php','2021-02-03 08:15:31'),(3156,13,'system/library/PHPExcel/Classes/PHPExcel/CachedObjectStorage','2021-02-03 08:15:31'),(3157,13,'system/library/PHPExcel/Classes/PHPExcel/CachedObjectStorageFactory.php','2021-02-03 08:15:31'),(3158,13,'system/library/PHPExcel/Classes/PHPExcel/CalcEngine','2021-02-03 08:15:31'),(3159,13,'system/library/PHPExcel/Classes/PHPExcel/Calculation','2021-02-03 08:15:31'),(3160,13,'system/library/PHPExcel/Classes/PHPExcel/Calculation.php','2021-02-03 08:15:31'),(3161,13,'system/library/PHPExcel/Classes/PHPExcel/Cell','2021-02-03 08:15:31'),(3162,13,'system/library/PHPExcel/Classes/PHPExcel/Cell.php','2021-02-03 08:15:31'),(3163,13,'system/library/PHPExcel/Classes/PHPExcel/Chart','2021-02-03 08:15:31'),(3164,13,'system/library/PHPExcel/Classes/PHPExcel/Chart.php','2021-02-03 08:15:31'),(3165,13,'system/library/PHPExcel/Classes/PHPExcel/Comment.php','2021-02-03 08:15:31'),(3166,13,'system/library/PHPExcel/Classes/PHPExcel/DocumentProperties.php','2021-02-03 08:15:31'),(3167,13,'system/library/PHPExcel/Classes/PHPExcel/DocumentSecurity.php','2021-02-03 08:15:31'),(3168,13,'system/library/PHPExcel/Classes/PHPExcel/Exception.php','2021-02-03 08:15:31'),(3169,13,'system/library/PHPExcel/Classes/PHPExcel/HashTable.php','2021-02-03 08:15:31'),(3170,13,'system/library/PHPExcel/Classes/PHPExcel/Helper','2021-02-03 08:15:31'),(3171,13,'system/library/PHPExcel/Classes/PHPExcel/IComparable.php','2021-02-03 08:15:31'),(3172,13,'system/library/PHPExcel/Classes/PHPExcel/IOFactory.php','2021-02-03 08:15:31'),(3173,13,'system/library/PHPExcel/Classes/PHPExcel/NamedRange.php','2021-02-03 08:15:31'),(3174,13,'system/library/PHPExcel/Classes/PHPExcel/Reader','2021-02-03 08:15:31'),(3175,13,'system/library/PHPExcel/Classes/PHPExcel/ReferenceHelper.php','2021-02-03 08:15:31'),(3176,13,'system/library/PHPExcel/Classes/PHPExcel/RichText','2021-02-03 08:15:31'),(3177,13,'system/library/PHPExcel/Classes/PHPExcel/RichText.php','2021-02-03 08:15:31'),(3178,13,'system/library/PHPExcel/Classes/PHPExcel/Settings.php','2021-02-03 08:15:31'),(3179,13,'system/library/PHPExcel/Classes/PHPExcel/Shared','2021-02-03 08:15:31'),(3180,13,'system/library/PHPExcel/Classes/PHPExcel/Style','2021-02-03 08:15:31'),(3181,13,'system/library/PHPExcel/Classes/PHPExcel/Style.php','2021-02-03 08:15:31'),(3182,13,'system/library/PHPExcel/Classes/PHPExcel/Worksheet','2021-02-03 08:15:31'),(3183,13,'system/library/PHPExcel/Classes/PHPExcel/Worksheet.php','2021-02-03 08:15:31'),(3184,13,'system/library/PHPExcel/Classes/PHPExcel/WorksheetIterator.php','2021-02-03 08:15:31'),(3185,13,'system/library/PHPExcel/Classes/PHPExcel/Writer','2021-02-03 08:15:31'),(3186,13,'system/library/PHPExcel/Classes/PHPExcel/locale','2021-02-03 08:15:31'),(3187,13,'system/library/dompdf/lib/fonts/DejaVuSansCondensed-Bold.ttf','2021-02-03 08:15:31'),(3188,13,'system/library/dompdf/lib/fonts/DejaVuSansCondensed-Bold.ufm','2021-02-03 08:15:31'),(3189,13,'system/library/dompdf/lib/fonts/DejaVuSansCondensed-Bold.ufm.php','2021-02-03 08:15:31'),(3190,13,'system/library/dompdf/lib/fonts/DejaVuSansCondensed.ttf','2021-02-03 08:15:31'),(3191,13,'system/library/dompdf/lib/fonts/DejaVuSansCondensed.ufm','2021-02-03 08:15:31'),(3192,13,'system/library/dompdf/lib/fonts/DejaVuSansCondensed.ufm.php','2021-02-03 08:15:31'),(3193,13,'system/library/dompdf/lib/fonts/Helvetica-Bold.afm','2021-02-03 08:15:31'),(3194,13,'system/library/dompdf/lib/fonts/Helvetica-BoldOblique.afm','2021-02-03 08:15:31'),(3195,13,'system/library/dompdf/lib/fonts/Helvetica-Oblique.afm','2021-02-03 08:15:31'),(3196,13,'system/library/dompdf/lib/fonts/Helvetica.afm','2021-02-03 08:15:31'),(3197,13,'system/library/dompdf/lib/fonts/Helvetica.afm.php','2021-02-03 08:15:31'),(3198,13,'system/library/dompdf/lib/fonts/dompdf_font_family_cache.dist.php','2021-02-03 08:15:31'),(3199,13,'system/library/dompdf/lib/fonts/mustRead.html','2021-02-03 08:15:31'),(3200,13,'system/library/dompdf/lib/html5lib/Data.php','2021-02-03 08:15:31'),(3201,13,'system/library/dompdf/lib/html5lib/InputStream.php','2021-02-03 08:15:31'),(3202,13,'system/library/dompdf/lib/html5lib/Parser.php','2021-02-03 08:15:31'),(3203,13,'system/library/dompdf/lib/html5lib/Tokenizer.php','2021-02-03 08:15:31'),(3204,13,'system/library/dompdf/lib/html5lib/TreeBuilder.php','2021-02-03 08:15:31'),(3205,13,'system/library/dompdf/lib/html5lib/named-character-references.ser','2021-02-03 08:15:31'),(3206,13,'system/library/dompdf/lib/php-css-parser/CHANGELOG.md','2021-02-03 08:15:31'),(3207,13,'system/library/dompdf/lib/php-css-parser/Doxyfile','2021-02-03 08:15:31'),(3208,13,'system/library/dompdf/lib/php-css-parser/README.md','2021-02-03 08:15:31'),(3209,13,'system/library/dompdf/lib/php-css-parser/composer.json','2021-02-03 08:15:31'),(3210,13,'system/library/dompdf/lib/php-css-parser/composer.lock','2021-02-03 08:15:31'),(3211,13,'system/library/dompdf/lib/php-css-parser/lib','2021-02-03 08:15:31'),(3212,13,'system/library/dompdf/lib/php-css-parser/phpunit.xml','2021-02-03 08:15:31'),(3213,13,'system/library/dompdf/lib/php-css-parser/tests','2021-02-03 08:15:31'),(3214,13,'system/library/dompdf/lib/php-font-lib/LICENSE','2021-02-03 08:15:31'),(3215,13,'system/library/dompdf/lib/php-font-lib/README.md','2021-02-03 08:15:31'),(3216,13,'system/library/dompdf/lib/php-font-lib/bower.json','2021-02-03 08:15:31'),(3217,13,'system/library/dompdf/lib/php-font-lib/composer.json','2021-02-03 08:15:31'),(3218,13,'system/library/dompdf/lib/php-font-lib/index.php','2021-02-03 08:15:31'),(3219,13,'system/library/dompdf/lib/php-font-lib/maps','2021-02-03 08:15:31'),(3220,13,'system/library/dompdf/lib/php-font-lib/phpunit.xml.dist','2021-02-03 08:15:31'),(3221,13,'system/library/dompdf/lib/php-font-lib/sample-fonts','2021-02-03 08:15:31'),(3222,13,'system/library/dompdf/lib/php-font-lib/src','2021-02-03 08:15:31'),(3223,13,'system/library/dompdf/lib/php-font-lib/tests','2021-02-03 08:15:31'),(3224,13,'system/library/dompdf/lib/php-svg-lib/COPYING','2021-02-03 08:15:31'),(3225,13,'system/library/dompdf/lib/php-svg-lib/COPYING.GPL','2021-02-03 08:15:31'),(3226,13,'system/library/dompdf/lib/php-svg-lib/README.md','2021-02-03 08:15:31'),(3227,13,'system/library/dompdf/lib/php-svg-lib/composer.json','2021-02-03 08:15:31'),(3228,13,'system/library/dompdf/lib/php-svg-lib/phpunit.xml','2021-02-03 08:15:31'),(3229,13,'system/library/dompdf/lib/php-svg-lib/src','2021-02-03 08:15:31'),(3230,13,'system/library/dompdf/lib/php-svg-lib/tests','2021-02-03 08:15:31'),(3231,13,'system/library/dompdf/lib/res/broken_image.png','2021-02-03 08:15:31'),(3232,13,'system/library/dompdf/lib/res/broken_image.svg','2021-02-03 08:15:31'),(3233,13,'system/library/dompdf/lib/res/html.css','2021-02-03 08:15:31'),(3234,13,'system/library/dompdf/src/Adapter/CPDF.php','2021-02-03 08:15:31'),(3235,13,'system/library/dompdf/src/Adapter/GD.php','2021-02-03 08:15:31'),(3236,13,'system/library/dompdf/src/Adapter/PDFLib.php','2021-02-03 08:15:31'),(3237,13,'system/library/dompdf/src/Css/AttributeTranslator.php','2021-02-03 08:15:31'),(3238,13,'system/library/dompdf/src/Css/Color.php','2021-02-03 08:15:31'),(3239,13,'system/library/dompdf/src/Css/Style.php','2021-02-03 08:15:31'),(3240,13,'system/library/dompdf/src/Css/Stylesheet.php','2021-02-03 08:15:31'),(3241,13,'system/library/dompdf/src/Exception/ImageException.php','2021-02-03 08:15:31'),(3242,13,'system/library/dompdf/src/Frame/Factory.php','2021-02-03 08:15:31'),(3243,13,'system/library/dompdf/src/Frame/FrameList.php','2021-02-03 08:15:31'),(3244,13,'system/library/dompdf/src/Frame/FrameListIterator.php','2021-02-03 08:15:31'),(3245,13,'system/library/dompdf/src/Frame/FrameTree.php','2021-02-03 08:15:31'),(3246,13,'system/library/dompdf/src/Frame/FrameTreeIterator.php','2021-02-03 08:15:31'),(3247,13,'system/library/dompdf/src/Frame/FrameTreeList.php','2021-02-03 08:15:31'),(3248,13,'system/library/dompdf/src/FrameDecorator/AbstractFrameDecorator.php','2021-02-03 08:15:31'),(3249,13,'system/library/dompdf/src/FrameDecorator/Block.php','2021-02-03 08:15:31'),(3250,13,'system/library/dompdf/src/FrameDecorator/Image.php','2021-02-03 08:15:31'),(3251,13,'system/library/dompdf/src/FrameDecorator/Inline.php','2021-02-03 08:15:31'),(3252,13,'system/library/dompdf/src/FrameDecorator/ListBullet.php','2021-02-03 08:15:31'),(3253,13,'system/library/dompdf/src/FrameDecorator/ListBulletImage.php','2021-02-03 08:15:31'),(3254,13,'system/library/dompdf/src/FrameDecorator/NullFrameDecorator.php','2021-02-03 08:15:31'),(3255,13,'system/library/dompdf/src/FrameDecorator/Page.php','2021-02-03 08:15:31'),(3256,13,'system/library/dompdf/src/FrameDecorator/Table.php','2021-02-03 08:15:31'),(3257,13,'system/library/dompdf/src/FrameDecorator/TableCell.php','2021-02-03 08:15:31'),(3258,13,'system/library/dompdf/src/FrameDecorator/TableRow.php','2021-02-03 08:15:31'),(3259,13,'system/library/dompdf/src/FrameDecorator/TableRowGroup.php','2021-02-03 08:15:31'),(3260,13,'system/library/dompdf/src/FrameDecorator/Text.php','2021-02-03 08:15:31'),(3261,13,'system/library/dompdf/src/FrameReflower/AbstractFrameReflower.php','2021-02-03 08:15:31'),(3262,13,'system/library/dompdf/src/FrameReflower/Block.php','2021-02-03 08:15:31'),(3263,13,'system/library/dompdf/src/FrameReflower/Image.php','2021-02-03 08:15:31'),(3264,13,'system/library/dompdf/src/FrameReflower/Inline.php','2021-02-03 08:15:31'),(3265,13,'system/library/dompdf/src/FrameReflower/ListBullet.php','2021-02-03 08:15:31'),(3266,13,'system/library/dompdf/src/FrameReflower/NullFrameReflower.php','2021-02-03 08:15:31'),(3267,13,'system/library/dompdf/src/FrameReflower/Page.php','2021-02-03 08:15:31'),(3268,13,'system/library/dompdf/src/FrameReflower/Table.php','2021-02-03 08:15:31'),(3269,13,'system/library/dompdf/src/FrameReflower/TableCell.php','2021-02-03 08:15:31'),(3270,13,'system/library/dompdf/src/FrameReflower/TableRow.php','2021-02-03 08:15:31'),(3271,13,'system/library/dompdf/src/FrameReflower/TableRowGroup.php','2021-02-03 08:15:31'),(3272,13,'system/library/dompdf/src/FrameReflower/Text.php','2021-02-03 08:15:31'),(3273,13,'system/library/dompdf/src/Image/Cache.php','2021-02-03 08:15:31'),(3274,13,'system/library/dompdf/src/Positioner/Absolute.php','2021-02-03 08:15:31'),(3275,13,'system/library/dompdf/src/Positioner/AbstractPositioner.php','2021-02-03 08:15:31'),(3276,13,'system/library/dompdf/src/Positioner/Block.php','2021-02-03 08:15:31'),(3277,13,'system/library/dompdf/src/Positioner/Fixed.php','2021-02-03 08:15:31'),(3278,13,'system/library/dompdf/src/Positioner/Inline.php','2021-02-03 08:15:31'),(3279,13,'system/library/dompdf/src/Positioner/ListBullet.php','2021-02-03 08:15:31'),(3280,13,'system/library/dompdf/src/Positioner/NullPositioner.php','2021-02-03 08:15:31'),(3281,13,'system/library/dompdf/src/Positioner/TableCell.php','2021-02-03 08:15:31'),(3282,13,'system/library/dompdf/src/Positioner/TableRow.php','2021-02-03 08:15:31'),(3283,13,'system/library/dompdf/src/Renderer/AbstractRenderer.php','2021-02-03 08:15:31'),(3284,13,'system/library/dompdf/src/Renderer/Block.php','2021-02-03 08:15:31'),(3285,13,'system/library/dompdf/src/Renderer/Image.php','2021-02-03 08:15:31'),(3286,13,'system/library/dompdf/src/Renderer/Inline.php','2021-02-03 08:15:31'),(3287,13,'system/library/dompdf/src/Renderer/ListBullet.php','2021-02-03 08:15:31'),(3288,13,'system/library/dompdf/src/Renderer/TableCell.php','2021-02-03 08:15:31'),(3289,13,'system/library/dompdf/src/Renderer/TableRowGroup.php','2021-02-03 08:15:31'),(3290,13,'system/library/dompdf/src/Renderer/Text.php','2021-02-03 08:15:31'),(3291,13,'system/library/pear/Spreadsheet/Excel/Writer','2021-02-03 08:15:31'),(3292,13,'system/library/pear/Spreadsheet/Excel/Writer.php','2021-02-03 08:15:31'),(3293,13,'system/library/PHPExcel/Classes/PHPExcel/CachedObjectStorage/APC.php','2021-02-03 08:15:31'),(3294,13,'system/library/PHPExcel/Classes/PHPExcel/CachedObjectStorage/CacheBase.php','2021-02-03 08:15:31'),(3295,13,'system/library/PHPExcel/Classes/PHPExcel/CachedObjectStorage/DiscISAM.php','2021-02-03 08:15:31'),(3296,13,'system/library/PHPExcel/Classes/PHPExcel/CachedObjectStorage/ICache.php','2021-02-03 08:15:31'),(3297,13,'system/library/PHPExcel/Classes/PHPExcel/CachedObjectStorage/Igbinary.php','2021-02-03 08:15:31'),(3298,13,'system/library/PHPExcel/Classes/PHPExcel/CachedObjectStorage/Memcache.php','2021-02-03 08:15:31'),(3299,13,'system/library/PHPExcel/Classes/PHPExcel/CachedObjectStorage/Memory.php','2021-02-03 08:15:31'),(3300,13,'system/library/PHPExcel/Classes/PHPExcel/CachedObjectStorage/MemoryGZip.php','2021-02-03 08:15:31'),(3301,13,'system/library/PHPExcel/Classes/PHPExcel/CachedObjectStorage/MemorySerialized.php','2021-02-03 08:15:31'),(3302,13,'system/library/PHPExcel/Classes/PHPExcel/CachedObjectStorage/PHPTemp.php','2021-02-03 08:15:31'),(3303,13,'system/library/PHPExcel/Classes/PHPExcel/CachedObjectStorage/SQLite.php','2021-02-03 08:15:31'),(3304,13,'system/library/PHPExcel/Classes/PHPExcel/CachedObjectStorage/SQLite3.php','2021-02-03 08:15:31'),(3305,13,'system/library/PHPExcel/Classes/PHPExcel/CachedObjectStorage/Wincache.php','2021-02-03 08:15:31'),(3306,13,'system/library/PHPExcel/Classes/PHPExcel/CalcEngine/CyclicReferenceStack.php','2021-02-03 08:15:31'),(3307,13,'system/library/PHPExcel/Classes/PHPExcel/CalcEngine/Logger.php','2021-02-03 08:15:31'),(3308,13,'system/library/PHPExcel/Classes/PHPExcel/Calculation/Database.php','2021-02-03 08:15:31'),(3309,13,'system/library/PHPExcel/Classes/PHPExcel/Calculation/DateTime.php','2021-02-03 08:15:31'),(3310,13,'system/library/PHPExcel/Classes/PHPExcel/Calculation/Engineering.php','2021-02-03 08:15:31'),(3311,13,'system/library/PHPExcel/Classes/PHPExcel/Calculation/Exception.php','2021-02-03 08:15:31'),(3312,13,'system/library/PHPExcel/Classes/PHPExcel/Calculation/ExceptionHandler.php','2021-02-03 08:15:31'),(3313,13,'system/library/PHPExcel/Classes/PHPExcel/Calculation/Financial.php','2021-02-03 08:15:31'),(3314,13,'system/library/PHPExcel/Classes/PHPExcel/Calculation/FormulaParser.php','2021-02-03 08:15:31'),(3315,13,'system/library/PHPExcel/Classes/PHPExcel/Calculation/FormulaToken.php','2021-02-03 08:15:31'),(3316,13,'system/library/PHPExcel/Classes/PHPExcel/Calculation/Function.php','2021-02-03 08:15:31'),(3317,13,'system/library/PHPExcel/Classes/PHPExcel/Calculation/Functions.php','2021-02-03 08:15:31'),(3318,13,'system/library/PHPExcel/Classes/PHPExcel/Calculation/Functions.php_php7','2021-02-03 08:15:31'),(3319,13,'system/library/PHPExcel/Classes/PHPExcel/Calculation/Logical.php','2021-02-03 08:15:31'),(3320,13,'system/library/PHPExcel/Classes/PHPExcel/Calculation/LookupRef.php','2021-02-03 08:15:31'),(3321,13,'system/library/PHPExcel/Classes/PHPExcel/Calculation/MathTrig.php','2021-02-03 08:15:31'),(3322,13,'system/library/PHPExcel/Classes/PHPExcel/Calculation/Statistical.php','2021-02-03 08:15:31'),(3323,13,'system/library/PHPExcel/Classes/PHPExcel/Calculation/TextData.php','2021-02-03 08:15:31'),(3324,13,'system/library/PHPExcel/Classes/PHPExcel/Calculation/Token','2021-02-03 08:15:31'),(3325,13,'system/library/PHPExcel/Classes/PHPExcel/Calculation/functionlist.txt','2021-02-03 08:15:31'),(3326,13,'system/library/PHPExcel/Classes/PHPExcel/Cell/AdvancedValueBinder.php','2021-02-03 08:15:31'),(3327,13,'system/library/PHPExcel/Classes/PHPExcel/Cell/DataType.php','2021-02-03 08:15:31'),(3328,13,'system/library/PHPExcel/Classes/PHPExcel/Cell/DataValidation.php','2021-02-03 08:15:31'),(3329,13,'system/library/PHPExcel/Classes/PHPExcel/Cell/DefaultValueBinder.php','2021-02-03 08:15:31'),(3330,13,'system/library/PHPExcel/Classes/PHPExcel/Cell/Hyperlink.php','2021-02-03 08:15:31'),(3331,13,'system/library/PHPExcel/Classes/PHPExcel/Cell/IValueBinder.php','2021-02-03 08:15:31'),(3332,13,'system/library/PHPExcel/Classes/PHPExcel/Chart/Axis.php','2021-02-03 08:15:31'),(3333,13,'system/library/PHPExcel/Classes/PHPExcel/Chart/DataSeries.php','2021-02-03 08:15:31'),(3334,13,'system/library/PHPExcel/Classes/PHPExcel/Chart/DataSeriesValues.php','2021-02-03 08:15:31'),(3335,13,'system/library/PHPExcel/Classes/PHPExcel/Chart/Exception.php','2021-02-03 08:15:31'),(3336,13,'system/library/PHPExcel/Classes/PHPExcel/Chart/GridLines.php','2021-02-03 08:15:31'),(3337,13,'system/library/PHPExcel/Classes/PHPExcel/Chart/Layout.php','2021-02-03 08:15:31'),(3338,13,'system/library/PHPExcel/Classes/PHPExcel/Chart/Legend.php','2021-02-03 08:15:31'),(3339,13,'system/library/PHPExcel/Classes/PHPExcel/Chart/PlotArea.php','2021-02-03 08:15:31'),(3340,13,'system/library/PHPExcel/Classes/PHPExcel/Chart/Properties.php','2021-02-03 08:15:31'),(3341,13,'system/library/PHPExcel/Classes/PHPExcel/Chart/Renderer','2021-02-03 08:15:31'),(3342,13,'system/library/PHPExcel/Classes/PHPExcel/Chart/Title.php','2021-02-03 08:15:31'),(3343,13,'system/library/PHPExcel/Classes/PHPExcel/Helper/HTML.php','2021-02-03 08:15:31'),(3344,13,'system/library/PHPExcel/Classes/PHPExcel/Reader/Abstract.php','2021-02-03 08:15:31'),(3345,13,'system/library/PHPExcel/Classes/PHPExcel/Reader/CSV.php','2021-02-03 08:15:31'),(3346,13,'system/library/PHPExcel/Classes/PHPExcel/Reader/DefaultReadFilter.php','2021-02-03 08:15:31'),(3347,13,'system/library/PHPExcel/Classes/PHPExcel/Reader/Excel2003XML.php','2021-02-03 08:15:31'),(3348,13,'system/library/PHPExcel/Classes/PHPExcel/Reader/Excel2007','2021-02-03 08:15:31'),(3349,13,'system/library/PHPExcel/Classes/PHPExcel/Reader/Excel2007.php','2021-02-03 08:15:31'),(3350,13,'system/library/PHPExcel/Classes/PHPExcel/Reader/Excel5','2021-02-03 08:15:31'),(3351,13,'system/library/PHPExcel/Classes/PHPExcel/Reader/Excel5.php','2021-02-03 08:15:31'),(3352,13,'system/library/PHPExcel/Classes/PHPExcel/Reader/Exception.php','2021-02-03 08:15:31'),(3353,13,'system/library/PHPExcel/Classes/PHPExcel/Reader/Gnumeric.php','2021-02-03 08:15:31'),(3354,13,'system/library/PHPExcel/Classes/PHPExcel/Reader/HTML.php','2021-02-03 08:15:31'),(3355,13,'system/library/PHPExcel/Classes/PHPExcel/Reader/IReadFilter.php','2021-02-03 08:15:31'),(3356,13,'system/library/PHPExcel/Classes/PHPExcel/Reader/IReader.php','2021-02-03 08:15:31'),(3357,13,'system/library/PHPExcel/Classes/PHPExcel/Reader/OOCalc.php','2021-02-03 08:15:31'),(3358,13,'system/library/PHPExcel/Classes/PHPExcel/Reader/SYLK.php','2021-02-03 08:15:31'),(3359,13,'system/library/PHPExcel/Classes/PHPExcel/RichText/ITextElement.php','2021-02-03 08:15:31'),(3360,13,'system/library/PHPExcel/Classes/PHPExcel/RichText/Run.php','2021-02-03 08:15:31'),(3361,13,'system/library/PHPExcel/Classes/PHPExcel/RichText/TextElement.php','2021-02-03 08:15:31'),(3362,13,'system/library/PHPExcel/Classes/PHPExcel/Shared/CodePage.php','2021-02-03 08:15:31'),(3363,13,'system/library/PHPExcel/Classes/PHPExcel/Shared/Date.php','2021-02-03 08:15:31'),(3364,13,'system/library/PHPExcel/Classes/PHPExcel/Shared/Drawing.php','2021-02-03 08:15:31'),(3365,13,'system/library/PHPExcel/Classes/PHPExcel/Shared/Escher','2021-02-03 08:15:31'),(3366,13,'system/library/PHPExcel/Classes/PHPExcel/Shared/Escher.php','2021-02-03 08:15:31'),(3367,13,'system/library/PHPExcel/Classes/PHPExcel/Shared/Excel5.php','2021-02-03 08:15:31'),(3368,13,'system/library/PHPExcel/Classes/PHPExcel/Shared/File.php','2021-02-03 08:15:31'),(3369,13,'system/library/PHPExcel/Classes/PHPExcel/Shared/Font.php','2021-02-03 08:15:31'),(3370,13,'system/library/PHPExcel/Classes/PHPExcel/Shared/JAMA','2021-02-03 08:15:31'),(3371,13,'system/library/PHPExcel/Classes/PHPExcel/Shared/OLE','2021-02-03 08:15:31'),(3372,13,'system/library/PHPExcel/Classes/PHPExcel/Shared/OLE.php','2021-02-03 08:15:31'),(3373,13,'system/library/PHPExcel/Classes/PHPExcel/Shared/OLERead.php','2021-02-03 08:15:31'),(3374,13,'system/library/PHPExcel/Classes/PHPExcel/Shared/PCLZip','2021-02-03 08:15:31'),(3375,13,'system/library/PHPExcel/Classes/PHPExcel/Shared/PasswordHasher.php','2021-02-03 08:15:31'),(3376,13,'system/library/PHPExcel/Classes/PHPExcel/Shared/String.php','2021-02-03 08:15:31'),(3377,13,'system/library/PHPExcel/Classes/PHPExcel/Shared/TimeZone.php','2021-02-03 08:15:31'),(3378,13,'system/library/PHPExcel/Classes/PHPExcel/Shared/XMLWriter.php','2021-02-03 08:15:31'),(3379,13,'system/library/PHPExcel/Classes/PHPExcel/Shared/ZipArchive.php','2021-02-03 08:15:31'),(3380,13,'system/library/PHPExcel/Classes/PHPExcel/Shared/ZipStreamWrapper.php','2021-02-03 08:15:31'),(3381,13,'system/library/PHPExcel/Classes/PHPExcel/Shared/trend','2021-02-03 08:15:31'),(3382,13,'system/library/PHPExcel/Classes/PHPExcel/Style/Alignment.php','2021-02-03 08:15:31'),(3383,13,'system/library/PHPExcel/Classes/PHPExcel/Style/Border.php','2021-02-03 08:15:31'),(3384,13,'system/library/PHPExcel/Classes/PHPExcel/Style/Borders.php','2021-02-03 08:15:31'),(3385,13,'system/library/PHPExcel/Classes/PHPExcel/Style/Color.php','2021-02-03 08:15:31'),(3386,13,'system/library/PHPExcel/Classes/PHPExcel/Style/Conditional.php','2021-02-03 08:15:31'),(3387,13,'system/library/PHPExcel/Classes/PHPExcel/Style/Fill.php','2021-02-03 08:15:31'),(3388,13,'system/library/PHPExcel/Classes/PHPExcel/Style/Font.php','2021-02-03 08:15:31'),(3389,13,'system/library/PHPExcel/Classes/PHPExcel/Style/NumberFormat.php','2021-02-03 08:15:31'),(3390,13,'system/library/PHPExcel/Classes/PHPExcel/Style/Protection.php','2021-02-03 08:15:31'),(3391,13,'system/library/PHPExcel/Classes/PHPExcel/Style/Supervisor.php','2021-02-03 08:15:31'),(3392,13,'system/library/PHPExcel/Classes/PHPExcel/Worksheet/AutoFilter','2021-02-03 08:15:31'),(3393,13,'system/library/PHPExcel/Classes/PHPExcel/Worksheet/AutoFilter.php','2021-02-03 08:15:31'),(3394,13,'system/library/PHPExcel/Classes/PHPExcel/Worksheet/BaseDrawing.php','2021-02-03 08:15:31'),(3395,13,'system/library/PHPExcel/Classes/PHPExcel/Worksheet/CellIterator.php','2021-02-03 08:15:31'),(3396,13,'system/library/PHPExcel/Classes/PHPExcel/Worksheet/Column.php','2021-02-03 08:15:31'),(3397,13,'system/library/PHPExcel/Classes/PHPExcel/Worksheet/ColumnCellIterator.php','2021-02-03 08:15:31'),(3398,13,'system/library/PHPExcel/Classes/PHPExcel/Worksheet/ColumnDimension.php','2021-02-03 08:15:31'),(3399,13,'system/library/PHPExcel/Classes/PHPExcel/Worksheet/ColumnIterator.php','2021-02-03 08:15:31'),(3400,13,'system/library/PHPExcel/Classes/PHPExcel/Worksheet/Drawing','2021-02-03 08:15:31'),(3401,13,'system/library/PHPExcel/Classes/PHPExcel/Worksheet/Drawing.php','2021-02-03 08:15:31'),(3402,13,'system/library/PHPExcel/Classes/PHPExcel/Worksheet/HeaderFooter.php','2021-02-03 08:15:31'),(3403,13,'system/library/PHPExcel/Classes/PHPExcel/Worksheet/HeaderFooterDrawing.php','2021-02-03 08:15:31'),(3404,13,'system/library/PHPExcel/Classes/PHPExcel/Worksheet/MemoryDrawing.php','2021-02-03 08:15:31'),(3405,13,'system/library/PHPExcel/Classes/PHPExcel/Worksheet/PageMargins.php','2021-02-03 08:15:31'),(3406,13,'system/library/PHPExcel/Classes/PHPExcel/Worksheet/PageSetup.php','2021-02-03 08:15:31'),(3407,13,'system/library/PHPExcel/Classes/PHPExcel/Worksheet/Protection.php','2021-02-03 08:15:31'),(3408,13,'system/library/PHPExcel/Classes/PHPExcel/Worksheet/Row.php','2021-02-03 08:15:31'),(3409,13,'system/library/PHPExcel/Classes/PHPExcel/Worksheet/RowCellIterator.php','2021-02-03 08:15:31'),(3410,13,'system/library/PHPExcel/Classes/PHPExcel/Worksheet/RowDimension.php','2021-02-03 08:15:31'),(3411,13,'system/library/PHPExcel/Classes/PHPExcel/Worksheet/RowIterator.php','2021-02-03 08:15:31'),(3412,13,'system/library/PHPExcel/Classes/PHPExcel/Worksheet/SheetView.php','2021-02-03 08:15:31'),(3413,13,'system/library/PHPExcel/Classes/PHPExcel/Writer/Abstract.php','2021-02-03 08:15:31'),(3414,13,'system/library/PHPExcel/Classes/PHPExcel/Writer/CSV.php','2021-02-03 08:15:31'),(3415,13,'system/library/PHPExcel/Classes/PHPExcel/Writer/Excel2007','2021-02-03 08:15:31'),(3416,13,'system/library/PHPExcel/Classes/PHPExcel/Writer/Excel2007.php','2021-02-03 08:15:31'),(3417,13,'system/library/PHPExcel/Classes/PHPExcel/Writer/Excel5','2021-02-03 08:15:31'),(3418,13,'system/library/PHPExcel/Classes/PHPExcel/Writer/Excel5.php','2021-02-03 08:15:31'),(3419,13,'system/library/PHPExcel/Classes/PHPExcel/Writer/Exception.php','2021-02-03 08:15:31'),(3420,13,'system/library/PHPExcel/Classes/PHPExcel/Writer/HTML.php','2021-02-03 08:15:31'),(3421,13,'system/library/PHPExcel/Classes/PHPExcel/Writer/IWriter.php','2021-02-03 08:15:31'),(3422,13,'system/library/PHPExcel/Classes/PHPExcel/Writer/OpenDocument','2021-02-03 08:15:31'),(3423,13,'system/library/PHPExcel/Classes/PHPExcel/Writer/OpenDocument.php','2021-02-03 08:15:31'),(3424,13,'system/library/PHPExcel/Classes/PHPExcel/Writer/PDF','2021-02-03 08:15:31'),(3425,13,'system/library/PHPExcel/Classes/PHPExcel/Writer/PDF.php','2021-02-03 08:15:31'),(3426,13,'system/library/PHPExcel/Classes/PHPExcel/locale/bg','2021-02-03 08:15:31'),(3427,13,'system/library/PHPExcel/Classes/PHPExcel/locale/cs','2021-02-03 08:15:31'),(3428,13,'system/library/PHPExcel/Classes/PHPExcel/locale/da','2021-02-03 08:15:31'),(3429,13,'system/library/PHPExcel/Classes/PHPExcel/locale/de','2021-02-03 08:15:31'),(3430,13,'system/library/PHPExcel/Classes/PHPExcel/locale/en','2021-02-03 08:15:31'),(3431,13,'system/library/PHPExcel/Classes/PHPExcel/locale/es','2021-02-03 08:15:31'),(3432,13,'system/library/PHPExcel/Classes/PHPExcel/locale/fi','2021-02-03 08:15:31'),(3433,13,'system/library/PHPExcel/Classes/PHPExcel/locale/fr','2021-02-03 08:15:31'),(3434,13,'system/library/PHPExcel/Classes/PHPExcel/locale/hu','2021-02-03 08:15:31'),(3435,13,'system/library/PHPExcel/Classes/PHPExcel/locale/it','2021-02-03 08:15:31'),(3436,13,'system/library/PHPExcel/Classes/PHPExcel/locale/nl','2021-02-03 08:15:31'),(3437,13,'system/library/PHPExcel/Classes/PHPExcel/locale/no','2021-02-03 08:15:31'),(3438,13,'system/library/PHPExcel/Classes/PHPExcel/locale/pl','2021-02-03 08:15:31'),(3439,13,'system/library/PHPExcel/Classes/PHPExcel/locale/pt','2021-02-03 08:15:31'),(3440,13,'system/library/PHPExcel/Classes/PHPExcel/locale/ru','2021-02-03 08:15:31'),(3441,13,'system/library/PHPExcel/Classes/PHPExcel/locale/sv','2021-02-03 08:15:31'),(3442,13,'system/library/PHPExcel/Classes/PHPExcel/locale/tr','2021-02-03 08:15:31'),(3443,13,'system/library/dompdf/lib/php-css-parser/lib/Sabberworm','2021-02-03 08:15:31'),(3444,13,'system/library/dompdf/lib/php-css-parser/tests/Sabberworm','2021-02-03 08:15:31'),(3445,13,'system/library/dompdf/lib/php-css-parser/tests/bootstrap.php','2021-02-03 08:15:31'),(3446,13,'system/library/dompdf/lib/php-css-parser/tests/files','2021-02-03 08:15:31'),(3447,13,'system/library/dompdf/lib/php-css-parser/tests/phpunit.xml','2021-02-03 08:15:31'),(3448,13,'system/library/dompdf/lib/php-css-parser/tests/quickdump.php','2021-02-03 08:15:31'),(3449,13,'system/library/dompdf/lib/php-font-lib/maps/adobe-standard-encoding.map','2021-02-03 08:15:31'),(3450,13,'system/library/dompdf/lib/php-font-lib/maps/cp1250.map','2021-02-03 08:15:31'),(3451,13,'system/library/dompdf/lib/php-font-lib/maps/cp1251.map','2021-02-03 08:15:31'),(3452,13,'system/library/dompdf/lib/php-font-lib/maps/cp1252.map','2021-02-03 08:15:31'),(3453,13,'system/library/dompdf/lib/php-font-lib/maps/cp1253.map','2021-02-03 08:15:31'),(3454,13,'system/library/dompdf/lib/php-font-lib/maps/cp1254.map','2021-02-03 08:15:31'),(3455,13,'system/library/dompdf/lib/php-font-lib/maps/cp1255.map','2021-02-03 08:15:31'),(3456,13,'system/library/dompdf/lib/php-font-lib/maps/cp1257.map','2021-02-03 08:15:31'),(3457,13,'system/library/dompdf/lib/php-font-lib/maps/cp1258.map','2021-02-03 08:15:31'),(3458,13,'system/library/dompdf/lib/php-font-lib/maps/cp874.map','2021-02-03 08:15:31'),(3459,13,'system/library/dompdf/lib/php-font-lib/maps/iso-8859-1.map','2021-02-03 08:15:31'),(3460,13,'system/library/dompdf/lib/php-font-lib/maps/iso-8859-11.map','2021-02-03 08:15:31'),(3461,13,'system/library/dompdf/lib/php-font-lib/maps/iso-8859-15.map','2021-02-03 08:15:31'),(3462,13,'system/library/dompdf/lib/php-font-lib/maps/iso-8859-16.map','2021-02-03 08:15:31'),(3463,13,'system/library/dompdf/lib/php-font-lib/maps/iso-8859-2.map','2021-02-03 08:15:31'),(3464,13,'system/library/dompdf/lib/php-font-lib/maps/iso-8859-4.map','2021-02-03 08:15:31'),(3465,13,'system/library/dompdf/lib/php-font-lib/maps/iso-8859-5.map','2021-02-03 08:15:31'),(3466,13,'system/library/dompdf/lib/php-font-lib/maps/iso-8859-7.map','2021-02-03 08:15:31'),(3467,13,'system/library/dompdf/lib/php-font-lib/maps/iso-8859-9.map','2021-02-03 08:15:31'),(3468,13,'system/library/dompdf/lib/php-font-lib/maps/koi8-r.map','2021-02-03 08:15:31'),(3469,13,'system/library/dompdf/lib/php-font-lib/maps/koi8-u.map','2021-02-03 08:15:31'),(3470,13,'system/library/dompdf/lib/php-font-lib/sample-fonts/IntelClear-Light.ttf','2021-02-03 08:15:31'),(3471,13,'system/library/dompdf/lib/php-font-lib/sample-fonts/NotoSansShavian-Regular.ttf','2021-02-03 08:15:31'),(3472,13,'system/library/dompdf/lib/php-font-lib/src/FontLib','2021-02-03 08:15:31'),(3473,13,'system/library/dompdf/lib/php-font-lib/tests/FontLib','2021-02-03 08:15:31'),(3474,13,'system/library/dompdf/lib/php-svg-lib/src/Svg','2021-02-03 08:15:31'),(3475,13,'system/library/dompdf/lib/php-svg-lib/src/autoload.php','2021-02-03 08:15:31'),(3476,13,'system/library/dompdf/lib/php-svg-lib/tests/Svg','2021-02-03 08:15:31'),(3477,13,'system/library/pear/Spreadsheet/Excel/Writer/BIFFwriter.php','2021-02-03 08:15:31'),(3478,13,'system/library/pear/Spreadsheet/Excel/Writer/Format.php','2021-02-03 08:15:31'),(3479,13,'system/library/pear/Spreadsheet/Excel/Writer/Parser.php','2021-02-03 08:15:31'),(3480,13,'system/library/pear/Spreadsheet/Excel/Writer/Validator.php','2021-02-03 08:15:31'),(3481,13,'system/library/pear/Spreadsheet/Excel/Writer/Workbook.php','2021-02-03 08:15:31'),(3482,13,'system/library/pear/Spreadsheet/Excel/Writer/Worksheet.php','2021-02-03 08:15:31'),(3483,13,'system/library/PHPExcel/Classes/PHPExcel/Calculation/Token/Stack.php','2021-02-03 08:15:31'),(3484,13,'system/library/PHPExcel/Classes/PHPExcel/Chart/Renderer/PHP Charting Libraries.txt','2021-02-03 08:15:31'),(3485,13,'system/library/PHPExcel/Classes/PHPExcel/Chart/Renderer/jpgraph.php','2021-02-03 08:15:31'),(3486,13,'system/library/PHPExcel/Classes/PHPExcel/Reader/Excel2007/Chart.php','2021-02-03 08:15:31'),(3487,13,'system/library/PHPExcel/Classes/PHPExcel/Reader/Excel2007/Theme.php','2021-02-03 08:15:31'),(3488,13,'system/library/PHPExcel/Classes/PHPExcel/Reader/Excel5/Escher.php','2021-02-03 08:15:31'),(3489,13,'system/library/PHPExcel/Classes/PHPExcel/Reader/Excel5/MD5.php','2021-02-03 08:15:31'),(3490,13,'system/library/PHPExcel/Classes/PHPExcel/Reader/Excel5/RC4.php','2021-02-03 08:15:31'),(3491,13,'system/library/PHPExcel/Classes/PHPExcel/Shared/Escher/DgContainer','2021-02-03 08:15:31'),(3492,13,'system/library/PHPExcel/Classes/PHPExcel/Shared/Escher/DgContainer.php','2021-02-03 08:15:31'),(3493,13,'system/library/PHPExcel/Classes/PHPExcel/Shared/Escher/DggContainer','2021-02-03 08:15:31'),(3494,13,'system/library/PHPExcel/Classes/PHPExcel/Shared/Escher/DggContainer.php','2021-02-03 08:15:31'),(3495,13,'system/library/PHPExcel/Classes/PHPExcel/Shared/JAMA/CHANGELOG.TXT','2021-02-03 08:15:31'),(3496,13,'system/library/PHPExcel/Classes/PHPExcel/Shared/JAMA/CholeskyDecomposition.php','2021-02-03 08:15:31'),(3497,13,'system/library/PHPExcel/Classes/PHPExcel/Shared/JAMA/EigenvalueDecomposition.php','2021-02-03 08:15:31'),(3498,13,'system/library/PHPExcel/Classes/PHPExcel/Shared/JAMA/LUDecomposition.php','2021-02-03 08:15:31'),(3499,13,'system/library/PHPExcel/Classes/PHPExcel/Shared/JAMA/Matrix.php','2021-02-03 08:15:31'),(3500,13,'system/library/PHPExcel/Classes/PHPExcel/Shared/JAMA/QRDecomposition.php','2021-02-03 08:15:31'),(3501,13,'system/library/PHPExcel/Classes/PHPExcel/Shared/JAMA/SingularValueDecomposition.php','2021-02-03 08:15:31'),(3502,13,'system/library/PHPExcel/Classes/PHPExcel/Shared/JAMA/utils','2021-02-03 08:15:31'),(3503,13,'system/library/PHPExcel/Classes/PHPExcel/Shared/OLE/ChainedBlockStream.php','2021-02-03 08:15:31'),(3504,13,'system/library/PHPExcel/Classes/PHPExcel/Shared/OLE/PPS','2021-02-03 08:15:31'),(3505,13,'system/library/PHPExcel/Classes/PHPExcel/Shared/OLE/PPS.php','2021-02-03 08:15:31'),(3506,13,'system/library/PHPExcel/Classes/PHPExcel/Shared/PCLZip/gnu-lgpl.txt','2021-02-03 08:15:31'),(3507,13,'system/library/PHPExcel/Classes/PHPExcel/Shared/PCLZip/pclzip.lib.php','2021-02-03 08:15:31'),(3508,13,'system/library/PHPExcel/Classes/PHPExcel/Shared/PCLZip/readme.txt','2021-02-03 08:15:31'),(3509,13,'system/library/PHPExcel/Classes/PHPExcel/Shared/trend/bestFitClass.php','2021-02-03 08:15:31'),(3510,13,'system/library/PHPExcel/Classes/PHPExcel/Shared/trend/exponentialBestFitClass.php','2021-02-03 08:15:31'),(3511,13,'system/library/PHPExcel/Classes/PHPExcel/Shared/trend/linearBestFitClass.php','2021-02-03 08:15:31'),(3512,13,'system/library/PHPExcel/Classes/PHPExcel/Shared/trend/logarithmicBestFitClass.php','2021-02-03 08:15:31'),(3513,13,'system/library/PHPExcel/Classes/PHPExcel/Shared/trend/polynomialBestFitClass.php','2021-02-03 08:15:31'),(3514,13,'system/library/PHPExcel/Classes/PHPExcel/Shared/trend/powerBestFitClass.php','2021-02-03 08:15:31'),(3515,13,'system/library/PHPExcel/Classes/PHPExcel/Shared/trend/trendClass.php','2021-02-03 08:15:31'),(3516,13,'system/library/PHPExcel/Classes/PHPExcel/Worksheet/AutoFilter/Column','2021-02-03 08:15:31'),(3517,13,'system/library/PHPExcel/Classes/PHPExcel/Worksheet/AutoFilter/Column.php','2021-02-03 08:15:31'),(3518,13,'system/library/PHPExcel/Classes/PHPExcel/Worksheet/Drawing/Shadow.php','2021-02-03 08:15:31'),(3519,13,'system/library/PHPExcel/Classes/PHPExcel/Writer/Excel2007/Chart.php','2021-02-03 08:15:31'),(3520,13,'system/library/PHPExcel/Classes/PHPExcel/Writer/Excel2007/Comments.php','2021-02-03 08:15:31'),(3521,13,'system/library/PHPExcel/Classes/PHPExcel/Writer/Excel2007/ContentTypes.php','2021-02-03 08:15:31'),(3522,13,'system/library/PHPExcel/Classes/PHPExcel/Writer/Excel2007/DocProps.php','2021-02-03 08:15:31'),(3523,13,'system/library/PHPExcel/Classes/PHPExcel/Writer/Excel2007/Drawing.php','2021-02-03 08:15:31'),(3524,13,'system/library/PHPExcel/Classes/PHPExcel/Writer/Excel2007/Rels.php','2021-02-03 08:15:31'),(3525,13,'system/library/PHPExcel/Classes/PHPExcel/Writer/Excel2007/RelsRibbon.php','2021-02-03 08:15:31'),(3526,13,'system/library/PHPExcel/Classes/PHPExcel/Writer/Excel2007/RelsVBA.php','2021-02-03 08:15:31'),(3527,13,'system/library/PHPExcel/Classes/PHPExcel/Writer/Excel2007/StringTable.php','2021-02-03 08:15:31'),(3528,13,'system/library/PHPExcel/Classes/PHPExcel/Writer/Excel2007/Style.php','2021-02-03 08:15:31'),(3529,13,'system/library/PHPExcel/Classes/PHPExcel/Writer/Excel2007/Theme.php','2021-02-03 08:15:31'),(3530,13,'system/library/PHPExcel/Classes/PHPExcel/Writer/Excel2007/Workbook.php','2021-02-03 08:15:31'),(3531,13,'system/library/PHPExcel/Classes/PHPExcel/Writer/Excel2007/Worksheet.php','2021-02-03 08:15:31'),(3532,13,'system/library/PHPExcel/Classes/PHPExcel/Writer/Excel2007/WriterPart.php','2021-02-03 08:15:31'),(3533,13,'system/library/PHPExcel/Classes/PHPExcel/Writer/Excel5/BIFFwriter.php','2021-02-03 08:15:31'),(3534,13,'system/library/PHPExcel/Classes/PHPExcel/Writer/Excel5/Escher.php','2021-02-03 08:15:31'),(3535,13,'system/library/PHPExcel/Classes/PHPExcel/Writer/Excel5/Font.php','2021-02-03 08:15:31'),(3536,13,'system/library/PHPExcel/Classes/PHPExcel/Writer/Excel5/Parser.php','2021-02-03 08:15:31'),(3537,13,'system/library/PHPExcel/Classes/PHPExcel/Writer/Excel5/Workbook.php','2021-02-03 08:15:31'),(3538,13,'system/library/PHPExcel/Classes/PHPExcel/Writer/Excel5/Worksheet.php','2021-02-03 08:15:31'),(3539,13,'system/library/PHPExcel/Classes/PHPExcel/Writer/Excel5/Xf.php','2021-02-03 08:15:31'),(3540,13,'system/library/PHPExcel/Classes/PHPExcel/Writer/OpenDocument/Cell','2021-02-03 08:15:31'),(3541,13,'system/library/PHPExcel/Classes/PHPExcel/Writer/OpenDocument/Content.php','2021-02-03 08:15:31'),(3542,13,'system/library/PHPExcel/Classes/PHPExcel/Writer/OpenDocument/Meta.php','2021-02-03 08:15:31'),(3543,13,'system/library/PHPExcel/Classes/PHPExcel/Writer/OpenDocument/MetaInf.php','2021-02-03 08:15:31'),(3544,13,'system/library/PHPExcel/Classes/PHPExcel/Writer/OpenDocument/Mimetype.php','2021-02-03 08:15:31'),(3545,13,'system/library/PHPExcel/Classes/PHPExcel/Writer/OpenDocument/Settings.php','2021-02-03 08:15:31'),(3546,13,'system/library/PHPExcel/Classes/PHPExcel/Writer/OpenDocument/Styles.php','2021-02-03 08:15:31'),(3547,13,'system/library/PHPExcel/Classes/PHPExcel/Writer/OpenDocument/Thumbnails.php','2021-02-03 08:15:31'),(3548,13,'system/library/PHPExcel/Classes/PHPExcel/Writer/OpenDocument/WriterPart.php','2021-02-03 08:15:31'),(3549,13,'system/library/PHPExcel/Classes/PHPExcel/Writer/PDF/Core.php','2021-02-03 08:15:31'),(3550,13,'system/library/PHPExcel/Classes/PHPExcel/Writer/PDF/DomPDF.php','2021-02-03 08:15:31'),(3551,13,'system/library/PHPExcel/Classes/PHPExcel/Writer/PDF/mPDF.php','2021-02-03 08:15:31'),(3552,13,'system/library/PHPExcel/Classes/PHPExcel/Writer/PDF/tcPDF.php','2021-02-03 08:15:31'),(3553,13,'system/library/PHPExcel/Classes/PHPExcel/locale/bg/config','2021-02-03 08:15:31'),(3554,13,'system/library/PHPExcel/Classes/PHPExcel/locale/cs/config','2021-02-03 08:15:31'),(3555,13,'system/library/PHPExcel/Classes/PHPExcel/locale/cs/functions','2021-02-03 08:15:31'),(3556,13,'system/library/PHPExcel/Classes/PHPExcel/locale/da/config','2021-02-03 08:15:31'),(3557,13,'system/library/PHPExcel/Classes/PHPExcel/locale/da/functions','2021-02-03 08:15:31'),(3558,13,'system/library/PHPExcel/Classes/PHPExcel/locale/de/config','2021-02-03 08:15:31'),(3559,13,'system/library/PHPExcel/Classes/PHPExcel/locale/de/functions','2021-02-03 08:15:31'),(3560,13,'system/library/PHPExcel/Classes/PHPExcel/locale/en/uk','2021-02-03 08:15:31'),(3561,13,'system/library/PHPExcel/Classes/PHPExcel/locale/es/config','2021-02-03 08:15:31'),(3562,13,'system/library/PHPExcel/Classes/PHPExcel/locale/es/functions','2021-02-03 08:15:31'),(3563,13,'system/library/PHPExcel/Classes/PHPExcel/locale/fi/config','2021-02-03 08:15:31'),(3564,13,'system/library/PHPExcel/Classes/PHPExcel/locale/fi/functions','2021-02-03 08:15:31'),(3565,13,'system/library/PHPExcel/Classes/PHPExcel/locale/fr/config','2021-02-03 08:15:31'),(3566,13,'system/library/PHPExcel/Classes/PHPExcel/locale/fr/functions','2021-02-03 08:15:31'),(3567,13,'system/library/PHPExcel/Classes/PHPExcel/locale/hu/config','2021-02-03 08:15:31'),(3568,13,'system/library/PHPExcel/Classes/PHPExcel/locale/hu/functions','2021-02-03 08:15:31'),(3569,13,'system/library/PHPExcel/Classes/PHPExcel/locale/it/config','2021-02-03 08:15:31'),(3570,13,'system/library/PHPExcel/Classes/PHPExcel/locale/it/functions','2021-02-03 08:15:31'),(3571,13,'system/library/PHPExcel/Classes/PHPExcel/locale/nl/config','2021-02-03 08:15:31'),(3572,13,'system/library/PHPExcel/Classes/PHPExcel/locale/nl/functions','2021-02-03 08:15:31'),(3573,13,'system/library/PHPExcel/Classes/PHPExcel/locale/no/config','2021-02-03 08:15:31'),(3574,13,'system/library/PHPExcel/Classes/PHPExcel/locale/no/functions','2021-02-03 08:15:31'),(3575,13,'system/library/PHPExcel/Classes/PHPExcel/locale/pl/config','2021-02-03 08:15:31'),(3576,13,'system/library/PHPExcel/Classes/PHPExcel/locale/pl/functions','2021-02-03 08:15:31'),(3577,13,'system/library/PHPExcel/Classes/PHPExcel/locale/pt/br','2021-02-03 08:15:31'),(3578,13,'system/library/PHPExcel/Classes/PHPExcel/locale/pt/config','2021-02-03 08:15:31'),(3579,13,'system/library/PHPExcel/Classes/PHPExcel/locale/pt/functions','2021-02-03 08:15:31'),(3580,13,'system/library/PHPExcel/Classes/PHPExcel/locale/ru/config','2021-02-03 08:15:31'),(3581,13,'system/library/PHPExcel/Classes/PHPExcel/locale/ru/functions','2021-02-03 08:15:31'),(3582,13,'system/library/PHPExcel/Classes/PHPExcel/locale/sv/config','2021-02-03 08:15:31'),(3583,13,'system/library/PHPExcel/Classes/PHPExcel/locale/sv/functions','2021-02-03 08:15:31'),(3584,13,'system/library/PHPExcel/Classes/PHPExcel/locale/tr/config','2021-02-03 08:15:31'),(3585,13,'system/library/PHPExcel/Classes/PHPExcel/locale/tr/functions','2021-02-03 08:15:31'),(3586,13,'system/library/dompdf/lib/php-css-parser/lib/Sabberworm/CSS','2021-02-03 08:15:31'),(3587,13,'system/library/dompdf/lib/php-css-parser/tests/Sabberworm/CSS','2021-02-03 08:15:31'),(3588,13,'system/library/dompdf/lib/php-css-parser/tests/files/-charset-after-rule.css','2021-02-03 08:15:31'),(3589,13,'system/library/dompdf/lib/php-css-parser/tests/files/-charset-in-block.css','2021-02-03 08:15:31'),(3590,13,'system/library/dompdf/lib/php-css-parser/tests/files/-empty.css','2021-02-03 08:15:31'),(3591,13,'system/library/dompdf/lib/php-css-parser/tests/files/-end-token-2.css','2021-02-03 08:15:31'),(3592,13,'system/library/dompdf/lib/php-css-parser/tests/files/-end-token.css','2021-02-03 08:15:31'),(3593,13,'system/library/dompdf/lib/php-css-parser/tests/files/-fault-tolerance.css','2021-02-03 08:15:31'),(3594,13,'system/library/dompdf/lib/php-css-parser/tests/files/-tobedone.css','2021-02-03 08:15:31'),(3595,13,'system/library/dompdf/lib/php-css-parser/tests/files/1readme.css','2021-02-03 08:15:31'),(3596,13,'system/library/dompdf/lib/php-css-parser/tests/files/2readme.css','2021-02-03 08:15:31'),(3597,13,'system/library/dompdf/lib/php-css-parser/tests/files/atrules.css','2021-02-03 08:15:31'),(3598,13,'system/library/dompdf/lib/php-css-parser/tests/files/case-insensitivity.css','2021-02-03 08:15:31'),(3599,13,'system/library/dompdf/lib/php-css-parser/tests/files/colortest.css','2021-02-03 08:15:31'),(3600,13,'system/library/dompdf/lib/php-css-parser/tests/files/comments.css','2021-02-03 08:15:31'),(3601,13,'system/library/dompdf/lib/php-css-parser/tests/files/create-shorthands.css','2021-02-03 08:15:31'),(3602,13,'system/library/dompdf/lib/php-css-parser/tests/files/docuwiki.css','2021-02-03 08:15:31'),(3603,13,'system/library/dompdf/lib/php-css-parser/tests/files/expand-shorthands.css','2021-02-03 08:15:31'),(3604,13,'system/library/dompdf/lib/php-css-parser/tests/files/functions.css','2021-02-03 08:15:31'),(3605,13,'system/library/dompdf/lib/php-css-parser/tests/files/ie-hacks.css','2021-02-03 08:15:31'),(3606,13,'system/library/dompdf/lib/php-css-parser/tests/files/ie.css','2021-02-03 08:15:31'),(3607,13,'system/library/dompdf/lib/php-css-parser/tests/files/important.css','2021-02-03 08:15:31'),(3608,13,'system/library/dompdf/lib/php-css-parser/tests/files/inner-color.css','2021-02-03 08:15:31'),(3609,13,'system/library/dompdf/lib/php-css-parser/tests/files/line-numbers.css','2021-02-03 08:15:31'),(3610,13,'system/library/dompdf/lib/php-css-parser/tests/files/namespaces.css','2021-02-03 08:15:31'),(3611,13,'system/library/dompdf/lib/php-css-parser/tests/files/nested.css','2021-02-03 08:15:31'),(3612,13,'system/library/dompdf/lib/php-css-parser/tests/files/slashed.css','2021-02-03 08:15:31'),(3613,13,'system/library/dompdf/lib/php-css-parser/tests/files/specificity.css','2021-02-03 08:15:31'),(3614,13,'system/library/dompdf/lib/php-css-parser/tests/files/unicode.css','2021-02-03 08:15:31'),(3615,13,'system/library/dompdf/lib/php-css-parser/tests/files/url.css','2021-02-03 08:15:31'),(3616,13,'system/library/dompdf/lib/php-css-parser/tests/files/values.css','2021-02-03 08:15:31'),(3617,13,'system/library/dompdf/lib/php-css-parser/tests/files/webkit.css','2021-02-03 08:15:31'),(3618,13,'system/library/dompdf/lib/php-css-parser/tests/files/whitespace.css','2021-02-03 08:15:31'),(3619,13,'system/library/dompdf/lib/php-font-lib/src/FontLib/AdobeFontMetrics.php','2021-02-03 08:15:31'),(3620,13,'system/library/dompdf/lib/php-font-lib/src/FontLib/Autoloader.php','2021-02-03 08:15:31'),(3621,13,'system/library/dompdf/lib/php-font-lib/src/FontLib/BinaryStream.php','2021-02-03 08:15:31'),(3622,13,'system/library/dompdf/lib/php-font-lib/src/FontLib/EOT','2021-02-03 08:15:31'),(3623,13,'system/library/dompdf/lib/php-font-lib/src/FontLib/EncodingMap.php','2021-02-03 08:15:31'),(3624,13,'system/library/dompdf/lib/php-font-lib/src/FontLib/Exception','2021-02-03 08:15:31'),(3625,13,'system/library/dompdf/lib/php-font-lib/src/FontLib/Font.php','2021-02-03 08:15:31'),(3626,13,'system/library/dompdf/lib/php-font-lib/src/FontLib/Glyph','2021-02-03 08:15:31'),(3627,13,'system/library/dompdf/lib/php-font-lib/src/FontLib/Header.php','2021-02-03 08:15:31'),(3628,13,'system/library/dompdf/lib/php-font-lib/src/FontLib/OpenType','2021-02-03 08:15:31'),(3629,13,'system/library/dompdf/lib/php-font-lib/src/FontLib/Table','2021-02-03 08:15:31'),(3630,13,'system/library/dompdf/lib/php-font-lib/src/FontLib/TrueType','2021-02-03 08:15:31'),(3631,13,'system/library/dompdf/lib/php-font-lib/src/FontLib/WOFF','2021-02-03 08:15:31'),(3632,13,'system/library/dompdf/lib/php-font-lib/tests/FontLib/FontTest.php','2021-02-03 08:15:31'),(3633,13,'system/library/dompdf/lib/php-svg-lib/src/Svg/DefaultStyle.php','2021-02-03 08:15:31'),(3634,13,'system/library/dompdf/lib/php-svg-lib/src/Svg/Document.php','2021-02-03 08:15:31'),(3635,13,'system/library/dompdf/lib/php-svg-lib/src/Svg/Gradient','2021-02-03 08:15:31'),(3636,13,'system/library/dompdf/lib/php-svg-lib/src/Svg/Style.php','2021-02-03 08:15:31'),(3637,13,'system/library/dompdf/lib/php-svg-lib/src/Svg/Surface','2021-02-03 08:15:31'),(3638,13,'system/library/dompdf/lib/php-svg-lib/src/Svg/Tag','2021-02-03 08:15:31'),(3639,13,'system/library/dompdf/lib/php-svg-lib/tests/Svg/StyleTest.php','2021-02-03 08:15:31'),(3640,13,'system/library/PHPExcel/Classes/PHPExcel/Shared/Escher/DgContainer/SpgrContainer','2021-02-03 08:15:31'),(3641,13,'system/library/PHPExcel/Classes/PHPExcel/Shared/Escher/DgContainer/SpgrContainer.php','2021-02-03 08:15:31'),(3642,13,'system/library/PHPExcel/Classes/PHPExcel/Shared/Escher/DggContainer/BstoreContainer','2021-02-03 08:15:31'),(3643,13,'system/library/PHPExcel/Classes/PHPExcel/Shared/Escher/DggContainer/BstoreContainer.php','2021-02-03 08:15:31'),(3644,13,'system/library/PHPExcel/Classes/PHPExcel/Shared/JAMA/utils/Error.php','2021-02-03 08:15:31'),(3645,13,'system/library/PHPExcel/Classes/PHPExcel/Shared/JAMA/utils/Maths.php','2021-02-03 08:15:31'),(3646,13,'system/library/PHPExcel/Classes/PHPExcel/Shared/OLE/PPS/File.php','2021-02-03 08:15:31'),(3647,13,'system/library/PHPExcel/Classes/PHPExcel/Shared/OLE/PPS/Root.php','2021-02-03 08:15:31'),(3648,13,'system/library/PHPExcel/Classes/PHPExcel/Worksheet/AutoFilter/Column/Rule.php','2021-02-03 08:15:31'),(3649,13,'system/library/PHPExcel/Classes/PHPExcel/Writer/OpenDocument/Cell/Comment.php','2021-02-03 08:15:31'),(3650,13,'system/library/PHPExcel/Classes/PHPExcel/locale/en/uk/config','2021-02-03 08:15:31'),(3651,13,'system/library/PHPExcel/Classes/PHPExcel/locale/pt/br/config','2021-02-03 08:15:31'),(3652,13,'system/library/PHPExcel/Classes/PHPExcel/locale/pt/br/functions','2021-02-03 08:15:31'),(3653,13,'system/library/dompdf/lib/php-css-parser/lib/Sabberworm/CSS/CSSList','2021-02-03 08:15:31'),(3654,13,'system/library/dompdf/lib/php-css-parser/lib/Sabberworm/CSS/Comment','2021-02-03 08:15:31'),(3655,13,'system/library/dompdf/lib/php-css-parser/lib/Sabberworm/CSS/OutputFormat.php','2021-02-03 08:15:31'),(3656,13,'system/library/dompdf/lib/php-css-parser/lib/Sabberworm/CSS/Parser.php','2021-02-03 08:15:31'),(3657,13,'system/library/dompdf/lib/php-css-parser/lib/Sabberworm/CSS/Parsing','2021-02-03 08:15:31'),(3658,13,'system/library/dompdf/lib/php-css-parser/lib/Sabberworm/CSS/Property','2021-02-03 08:15:31'),(3659,13,'system/library/dompdf/lib/php-css-parser/lib/Sabberworm/CSS/Renderable.php','2021-02-03 08:15:31'),(3660,13,'system/library/dompdf/lib/php-css-parser/lib/Sabberworm/CSS/Rule','2021-02-03 08:15:31'),(3661,13,'system/library/dompdf/lib/php-css-parser/lib/Sabberworm/CSS/RuleSet','2021-02-03 08:15:31'),(3662,13,'system/library/dompdf/lib/php-css-parser/lib/Sabberworm/CSS/Settings.php','2021-02-03 08:15:31'),(3663,13,'system/library/dompdf/lib/php-css-parser/lib/Sabberworm/CSS/Value','2021-02-03 08:15:31'),(3664,13,'system/library/dompdf/lib/php-css-parser/tests/Sabberworm/CSS/CSSList','2021-02-03 08:15:31'),(3665,13,'system/library/dompdf/lib/php-css-parser/tests/Sabberworm/CSS/OutputFormatTest.php','2021-02-03 08:15:31'),(3666,13,'system/library/dompdf/lib/php-css-parser/tests/Sabberworm/CSS/ParserTest.php','2021-02-03 08:15:31'),(3667,13,'system/library/dompdf/lib/php-css-parser/tests/Sabberworm/CSS/RuleSet','2021-02-03 08:15:31'),(3668,13,'system/library/dompdf/lib/php-font-lib/src/FontLib/EOT/File.php','2021-02-03 08:15:31'),(3669,13,'system/library/dompdf/lib/php-font-lib/src/FontLib/EOT/Header.php','2021-02-03 08:15:31'),(3670,13,'system/library/dompdf/lib/php-font-lib/src/FontLib/Exception/FontNotFoundException.php','2021-02-03 08:15:31'),(3671,13,'system/library/dompdf/lib/php-font-lib/src/FontLib/Glyph/Outline.php','2021-02-03 08:15:31'),(3672,13,'system/library/dompdf/lib/php-font-lib/src/FontLib/Glyph/OutlineComponent.php','2021-02-03 08:15:31'),(3673,13,'system/library/dompdf/lib/php-font-lib/src/FontLib/Glyph/OutlineComposite.php','2021-02-03 08:15:31'),(3674,13,'system/library/dompdf/lib/php-font-lib/src/FontLib/Glyph/OutlineSimple.php','2021-02-03 08:15:31'),(3675,13,'system/library/dompdf/lib/php-font-lib/src/FontLib/OpenType/File.php','2021-02-03 08:15:31'),(3676,13,'system/library/dompdf/lib/php-font-lib/src/FontLib/OpenType/TableDirectoryEntry.php','2021-02-03 08:15:31'),(3677,13,'system/library/dompdf/lib/php-font-lib/src/FontLib/Table/DirectoryEntry.php','2021-02-03 08:15:31'),(3678,13,'system/library/dompdf/lib/php-font-lib/src/FontLib/Table/Table.php','2021-02-03 08:15:31'),(3679,13,'system/library/dompdf/lib/php-font-lib/src/FontLib/Table/Type','2021-02-03 08:15:31'),(3680,13,'system/library/dompdf/lib/php-font-lib/src/FontLib/TrueType/Collection.php','2021-02-03 08:15:31'),(3681,13,'system/library/dompdf/lib/php-font-lib/src/FontLib/TrueType/File.php','2021-02-03 08:15:31'),(3682,13,'system/library/dompdf/lib/php-font-lib/src/FontLib/TrueType/Header.php','2021-02-03 08:15:31'),(3683,13,'system/library/dompdf/lib/php-font-lib/src/FontLib/TrueType/TableDirectoryEntry.php','2021-02-03 08:15:31'),(3684,13,'system/library/dompdf/lib/php-font-lib/src/FontLib/WOFF/File.php','2021-02-03 08:15:31'),(3685,13,'system/library/dompdf/lib/php-font-lib/src/FontLib/WOFF/Header.php','2021-02-03 08:15:31'),(3686,13,'system/library/dompdf/lib/php-font-lib/src/FontLib/WOFF/TableDirectoryEntry.php','2021-02-03 08:15:31'),(3687,13,'system/library/dompdf/lib/php-svg-lib/src/Svg/Gradient/Stop.php','2021-02-03 08:15:31'),(3688,13,'system/library/dompdf/lib/php-svg-lib/src/Svg/Surface/CPdf.php','2021-02-03 08:15:31'),(3689,13,'system/library/dompdf/lib/php-svg-lib/src/Svg/Surface/SurfaceCpdf.php','2021-02-03 08:15:31'),(3690,13,'system/library/dompdf/lib/php-svg-lib/src/Svg/Surface/SurfaceGmagick.php','2021-02-03 08:15:31'),(3691,13,'system/library/dompdf/lib/php-svg-lib/src/Svg/Surface/SurfaceInterface.php','2021-02-03 08:15:31'),(3692,13,'system/library/dompdf/lib/php-svg-lib/src/Svg/Surface/SurfacePDFLib.php','2021-02-03 08:15:31'),(3693,13,'system/library/dompdf/lib/php-svg-lib/src/Svg/Tag/AbstractTag.php','2021-02-03 08:15:31'),(3694,13,'system/library/dompdf/lib/php-svg-lib/src/Svg/Tag/Anchor.php','2021-02-03 08:15:31'),(3695,13,'system/library/dompdf/lib/php-svg-lib/src/Svg/Tag/Circle.php','2021-02-03 08:15:31'),(3696,13,'system/library/dompdf/lib/php-svg-lib/src/Svg/Tag/ClipPath.php','2021-02-03 08:15:31'),(3697,13,'system/library/dompdf/lib/php-svg-lib/src/Svg/Tag/Ellipse.php','2021-02-03 08:15:31'),(3698,13,'system/library/dompdf/lib/php-svg-lib/src/Svg/Tag/Group.php','2021-02-03 08:15:31'),(3699,13,'system/library/dompdf/lib/php-svg-lib/src/Svg/Tag/Image.php','2021-02-03 08:15:31'),(3700,13,'system/library/dompdf/lib/php-svg-lib/src/Svg/Tag/Line.php','2021-02-03 08:15:31'),(3701,13,'system/library/dompdf/lib/php-svg-lib/src/Svg/Tag/LinearGradient.php','2021-02-03 08:15:31'),(3702,13,'system/library/dompdf/lib/php-svg-lib/src/Svg/Tag/Path.php','2021-02-03 08:15:31'),(3703,13,'system/library/dompdf/lib/php-svg-lib/src/Svg/Tag/Polygon.php','2021-02-03 08:15:31'),(3704,13,'system/library/dompdf/lib/php-svg-lib/src/Svg/Tag/Polyline.php','2021-02-03 08:15:31'),(3705,13,'system/library/dompdf/lib/php-svg-lib/src/Svg/Tag/RadialGradient.php','2021-02-03 08:15:31'),(3706,13,'system/library/dompdf/lib/php-svg-lib/src/Svg/Tag/Rect.php','2021-02-03 08:15:31'),(3707,13,'system/library/dompdf/lib/php-svg-lib/src/Svg/Tag/Shape.php','2021-02-03 08:15:31'),(3708,13,'system/library/dompdf/lib/php-svg-lib/src/Svg/Tag/Stop.php','2021-02-03 08:15:31'),(3709,13,'system/library/dompdf/lib/php-svg-lib/src/Svg/Tag/StyleTag.php','2021-02-03 08:15:31'),(3710,13,'system/library/dompdf/lib/php-svg-lib/src/Svg/Tag/Text.php','2021-02-03 08:15:31'),(3711,13,'system/library/dompdf/lib/php-svg-lib/src/Svg/Tag/UseTag.php','2021-02-03 08:15:31'),(3712,13,'system/library/PHPExcel/Classes/PHPExcel/Shared/Escher/DgContainer/SpgrContainer/SpContainer.php','2021-02-03 08:15:31'),(3713,13,'system/library/PHPExcel/Classes/PHPExcel/Shared/Escher/DggContainer/BstoreContainer/BSE','2021-02-03 08:15:31'),(3714,13,'system/library/PHPExcel/Classes/PHPExcel/Shared/Escher/DggContainer/BstoreContainer/BSE.php','2021-02-03 08:15:31'),(3715,13,'system/library/dompdf/lib/php-css-parser/lib/Sabberworm/CSS/CSSList/AtRuleBlockList.php','2021-02-03 08:15:31'),(3716,13,'system/library/dompdf/lib/php-css-parser/lib/Sabberworm/CSS/CSSList/CSSBlockList.php','2021-02-03 08:15:31'),(3717,13,'system/library/dompdf/lib/php-css-parser/lib/Sabberworm/CSS/CSSList/CSSList.php','2021-02-03 08:15:31'),(3718,13,'system/library/dompdf/lib/php-css-parser/lib/Sabberworm/CSS/CSSList/Document.php','2021-02-03 08:15:31'),(3719,13,'system/library/dompdf/lib/php-css-parser/lib/Sabberworm/CSS/CSSList/KeyFrame.php','2021-02-03 08:15:31'),(3720,13,'system/library/dompdf/lib/php-css-parser/lib/Sabberworm/CSS/Comment/Comment.php','2021-02-03 08:15:31'),(3721,13,'system/library/dompdf/lib/php-css-parser/lib/Sabberworm/CSS/Comment/Commentable.php','2021-02-03 08:15:31'),(3722,13,'system/library/dompdf/lib/php-css-parser/lib/Sabberworm/CSS/Parsing/OutputException.php','2021-02-03 08:15:31'),(3723,13,'system/library/dompdf/lib/php-css-parser/lib/Sabberworm/CSS/Parsing/SourceException.php','2021-02-03 08:15:31'),(3724,13,'system/library/dompdf/lib/php-css-parser/lib/Sabberworm/CSS/Parsing/UnexpectedTokenException.php','2021-02-03 08:15:31'),(3725,13,'system/library/dompdf/lib/php-css-parser/lib/Sabberworm/CSS/Property/AtRule.php','2021-02-03 08:15:31'),(3726,13,'system/library/dompdf/lib/php-css-parser/lib/Sabberworm/CSS/Property/CSSNamespace.php','2021-02-03 08:15:31'),(3727,13,'system/library/dompdf/lib/php-css-parser/lib/Sabberworm/CSS/Property/Charset.php','2021-02-03 08:15:31'),(3728,13,'system/library/dompdf/lib/php-css-parser/lib/Sabberworm/CSS/Property/Import.php','2021-02-03 08:15:31'),(3729,13,'system/library/dompdf/lib/php-css-parser/lib/Sabberworm/CSS/Property/Selector.php','2021-02-03 08:15:31'),(3730,13,'system/library/dompdf/lib/php-css-parser/lib/Sabberworm/CSS/Rule/Rule.php','2021-02-03 08:15:31'),(3731,13,'system/library/dompdf/lib/php-css-parser/lib/Sabberworm/CSS/RuleSet/AtRuleSet.php','2021-02-03 08:15:31'),(3732,13,'system/library/dompdf/lib/php-css-parser/lib/Sabberworm/CSS/RuleSet/DeclarationBlock.php','2021-02-03 08:15:31'),(3733,13,'system/library/dompdf/lib/php-css-parser/lib/Sabberworm/CSS/RuleSet/RuleSet.php','2021-02-03 08:15:31'),(3734,13,'system/library/dompdf/lib/php-css-parser/lib/Sabberworm/CSS/Value/CSSFunction.php','2021-02-03 08:15:31'),(3735,13,'system/library/dompdf/lib/php-css-parser/lib/Sabberworm/CSS/Value/CSSString.php','2021-02-03 08:15:31'),(3736,13,'system/library/dompdf/lib/php-css-parser/lib/Sabberworm/CSS/Value/Color.php','2021-02-03 08:15:31'),(3737,13,'system/library/dompdf/lib/php-css-parser/lib/Sabberworm/CSS/Value/PrimitiveValue.php','2021-02-03 08:15:31'),(3738,13,'system/library/dompdf/lib/php-css-parser/lib/Sabberworm/CSS/Value/RuleValueList.php','2021-02-03 08:15:31'),(3739,13,'system/library/dompdf/lib/php-css-parser/lib/Sabberworm/CSS/Value/Size.php','2021-02-03 08:15:31'),(3740,13,'system/library/dompdf/lib/php-css-parser/lib/Sabberworm/CSS/Value/URL.php','2021-02-03 08:15:31'),(3741,13,'system/library/dompdf/lib/php-css-parser/lib/Sabberworm/CSS/Value/Value.php','2021-02-03 08:15:31'),(3742,13,'system/library/dompdf/lib/php-css-parser/lib/Sabberworm/CSS/Value/ValueList.php','2021-02-03 08:15:31'),(3743,13,'system/library/dompdf/lib/php-css-parser/tests/Sabberworm/CSS/CSSList/AtRuleBlockListTest.php','2021-02-03 08:15:31'),(3744,13,'system/library/dompdf/lib/php-css-parser/tests/Sabberworm/CSS/CSSList/DocumentTest.php','2021-02-03 08:15:31'),(3745,13,'system/library/dompdf/lib/php-css-parser/tests/Sabberworm/CSS/RuleSet/DeclarationBlockTest.php','2021-02-03 08:15:31'),(3746,13,'system/library/dompdf/lib/php-css-parser/tests/Sabberworm/CSS/RuleSet/LenientParsingTest.php','2021-02-03 08:15:31'),(3747,13,'system/library/dompdf/lib/php-font-lib/src/FontLib/Table/Type/cmap.php','2021-02-03 08:15:31'),(3748,13,'system/library/dompdf/lib/php-font-lib/src/FontLib/Table/Type/glyf.php','2021-02-03 08:15:31'),(3749,13,'system/library/dompdf/lib/php-font-lib/src/FontLib/Table/Type/head.php','2021-02-03 08:15:31'),(3750,13,'system/library/dompdf/lib/php-font-lib/src/FontLib/Table/Type/hhea.php','2021-02-03 08:15:31'),(3751,13,'system/library/dompdf/lib/php-font-lib/src/FontLib/Table/Type/hmtx.php','2021-02-03 08:15:31'),(3752,13,'system/library/dompdf/lib/php-font-lib/src/FontLib/Table/Type/kern.php','2021-02-03 08:15:31'),(3753,13,'system/library/dompdf/lib/php-font-lib/src/FontLib/Table/Type/loca.php','2021-02-03 08:15:31'),(3754,13,'system/library/dompdf/lib/php-font-lib/src/FontLib/Table/Type/maxp.php','2021-02-03 08:15:31'),(3755,13,'system/library/dompdf/lib/php-font-lib/src/FontLib/Table/Type/name.php','2021-02-03 08:15:31'),(3756,13,'system/library/dompdf/lib/php-font-lib/src/FontLib/Table/Type/nameRecord.php','2021-02-03 08:15:31'),(3757,13,'system/library/dompdf/lib/php-font-lib/src/FontLib/Table/Type/os2.php','2021-02-03 08:15:31'),(3758,13,'system/library/dompdf/lib/php-font-lib/src/FontLib/Table/Type/post.php','2021-02-03 08:15:31'),(3759,13,'system/library/PHPExcel/Classes/PHPExcel/Shared/Escher/DggContainer/BstoreContainer/BSE/Blip.php','2021-02-03 08:15:31'),(3760,14,'catalog/controller/extension/purchased.php','2021-02-03 08:27:27'),(3761,14,'catalog/model/extension/purchased.php','2021-02-03 08:27:27'),(3762,14,'system/config/include/adv_access.php','2021-02-03 08:27:27'),(3763,14,'admin/controller/extension/module/adv_extended_cust_info.php','2021-02-03 08:27:27'),(3764,14,'admin/model/extension/module/adv_settings.php','2021-02-03 08:27:27'),(3765,14,'admin/view/image/adv_reports/adv_logo.png','2021-02-03 08:27:27'),(3766,14,'admin/view/image/adv_reports/line.png','2021-02-03 08:27:27'),(3767,14,'admin/view/image/adv_reports/page_loading.gif','2021-02-03 08:27:27'),(3768,14,'admin/view/javascript/jquery/jquery.tmpl.min.js','2021-02-03 08:27:27'),(3769,14,'catalog/language/en-gb/extension/purchased.php','2021-02-03 08:27:27'),(3770,14,'admin/language/en-gb/extension/module/adv_extended_cust_info.php','2021-02-03 08:27:27'),(3771,14,'admin/view/javascript/bootstrap/css/bootstrap-multiselect.css','2021-02-03 08:27:27'),(3772,14,'admin/view/javascript/bootstrap/css/bootstrap-select.css','2021-02-03 08:27:27'),(3773,14,'admin/view/javascript/bootstrap/css/bootstrap-select.css.map','2021-02-03 08:27:27'),(3774,14,'admin/view/javascript/bootstrap/js/bootstrap-multiselect.js','2021-02-03 08:27:27'),(3775,14,'admin/view/javascript/bootstrap/js/bootstrap-select.js.map','2021-02-03 08:27:27'),(3776,14,'admin/view/javascript/bootstrap/js/bootstrap-select.min.js','2021-02-03 08:27:27'),(3777,14,'admin/view/javascript/bootstrap/less/bootstrap-multiselect.less','2021-02-03 08:27:27'),(3778,14,'admin/view/template/extension/module/adv_extended_cust_info.tpl','2021-02-03 08:27:27'),(3779,14,'catalog/view/theme/default/template/extension/purchased.twig','2021-02-03 08:27:27'),(3780,16,'admin/view/javascript/jscolor.js','2021-02-17 12:48:23'),(3781,16,'admin/controller/extension/module/demo.php','2021-02-17 12:48:23'),(3782,16,'admin/controller/extension/module/department.php','2021-02-17 12:48:23'),(3783,16,'admin/controller/extension/module/support.php','2021-02-17 12:48:23'),(3784,16,'admin/controller/extension/module/support_email.php','2021-02-17 12:48:23'),(3785,16,'admin/controller/extension/module/support_setting.php','2021-02-17 12:48:23'),(3786,16,'admin/controller/extension/module/support_status.php','2021-02-17 12:48:23'),(3787,16,'admin/model/extension/report/group.php','2021-02-17 12:48:23'),(3788,16,'admin/model/extension/report/support.php','2021-02-17 12:48:23'),(3789,16,'catalog/controller/extension/module/getsupport.php','2021-02-17 12:48:23'),(3790,16,'catalog/controller/extension/module/support.php','2021-02-17 12:48:23'),(3791,16,'catalog/controller/extension/module/support_success.php','2021-02-17 12:48:23'),(3792,16,'catalog/controller/extension/module/ticket.php','2021-02-17 12:48:23'),(3793,16,'catalog/model/extension/module/support.php','2021-02-17 12:48:23'),(3794,16,'admin/language/en-gb/extension/module/demo.php','2021-02-17 12:48:23'),(3795,16,'admin/language/en-gb/extension/module/department.php','2021-02-17 12:48:23'),(3796,16,'admin/language/en-gb/extension/module/faq_group_form.tpl','2021-02-17 12:48:23'),(3797,16,'admin/language/en-gb/extension/module/support.php','2021-02-17 12:48:23'),(3798,16,'admin/language/en-gb/extension/module/support_email.php','2021-02-17 12:48:23'),(3799,16,'admin/language/en-gb/extension/module/support_setting.php','2021-02-17 12:48:23'),(3800,16,'admin/language/en-gb/extension/module/support_status.php','2021-02-17 12:48:23'),(3801,16,'admin/view/template/extension/module/department.twig','2021-02-17 12:48:23'),(3802,16,'admin/view/template/extension/module/faq_group_form.twig','2021-02-17 12:48:23'),(3803,16,'admin/view/template/extension/module/faq_group_list.twig','2021-02-17 12:48:23'),(3804,16,'admin/view/template/extension/module/questions.twig','2021-02-17 12:48:23'),(3805,16,'admin/view/template/extension/module/support_email.twig','2021-02-17 12:48:23'),(3806,16,'admin/view/template/extension/module/support_setting_form.twig','2021-02-17 12:48:23'),(3807,16,'admin/view/template/extension/module/support_status.twig','2021-02-17 12:48:23'),(3808,16,'admin/view/template/extension/module/support_status_form.twig','2021-02-17 12:48:23'),(3809,16,'admin/view/template/extension/module/ticket_list.twig','2021-02-17 12:48:23'),(3810,16,'admin/view/template/extension/module/view.twig','2021-02-17 12:48:23'),(3811,16,'catalog/language/en-gb/extension/module/frequently.php','2021-02-17 12:48:23'),(3812,16,'catalog/language/en-gb/extension/module/support.php','2021-02-17 12:48:23'),(3813,16,'catalog/language/en-gb/extension/module/support_success.php','2021-02-17 12:48:23'),(3814,16,'catalog/view/theme/default/template/extension/module/frequently_que.twig','2021-02-17 12:48:23'),(3815,16,'catalog/view/theme/default/template/extension/module/support.twig','2021-02-17 12:48:23'),(3816,16,'catalog/view/theme/default/template/extension/module/support_success.twig','2021-02-17 12:48:23'),(3817,16,'catalog/view/theme/default/template/extension/module/ticket_list.twig','2021-02-17 12:48:23'),(3818,16,'catalog/view/theme/default/template/extension/module/view.twig','2021-02-17 12:48:23'),(4825,21,'admin/language/zh-HK','2021-02-19 13:41:50'),(4826,21,'admin/view/extension','2021-02-19 13:41:50'),(4827,21,'catalog/language/zh-HK','2021-02-19 13:41:50'),(4828,21,'admin/language/zh-HK/catalog','2021-02-19 13:41:50'),(4829,21,'admin/language/zh-HK/common','2021-02-19 13:41:50'),(4830,21,'admin/language/zh-HK/customer','2021-02-19 13:41:50'),(4831,21,'admin/language/zh-HK/design','2021-02-19 13:41:50'),(4832,21,'admin/language/zh-HK/error','2021-02-19 13:41:50'),(4833,21,'admin/language/zh-HK/extension','2021-02-19 13:41:50'),(4834,21,'admin/language/zh-HK/localisation','2021-02-19 13:41:50'),(4835,21,'admin/language/zh-HK/mail','2021-02-19 13:41:50'),(4836,21,'admin/language/zh-HK/marketing','2021-02-19 13:41:50'),(4837,21,'admin/language/zh-HK/report','2021-02-19 13:41:50'),(4838,21,'admin/language/zh-HK/sale','2021-02-19 13:41:50'),(4839,21,'admin/language/zh-HK/setting','2021-02-19 13:41:50'),(4840,21,'admin/language/zh-HK/tool','2021-02-19 13:41:50'),(4841,21,'admin/language/zh-HK/user','2021-02-19 13:41:50'),(4842,21,'admin/language/zh-HK/zh-HK.php','2021-02-19 13:41:50'),(4843,21,'admin/language/zh-HK/zh-HK.png','2021-02-19 13:41:50'),(4844,21,'admin/language/zh-HK/zh-HK.png-s','2021-02-19 13:41:50'),(4845,21,'admin/view/extension/module','2021-02-19 13:41:50'),(4846,21,'admin/view/image/MOC-new-logo-112x20.png','2021-02-19 13:41:50'),(4847,21,'admin/view/stylesheet/stylesheet.css','2021-02-19 13:41:50'),(4848,21,'catalog/language/zh-HK/account','2021-02-19 13:41:50'),(4849,21,'catalog/language/zh-HK/affiliate','2021-02-19 13:41:50'),(4850,21,'catalog/language/zh-HK/api','2021-02-19 13:41:50'),(4851,21,'catalog/language/zh-HK/basel','2021-02-19 13:41:50'),(4852,21,'catalog/language/zh-HK/checkout','2021-02-19 13:41:50'),(4853,21,'catalog/language/zh-HK/common','2021-02-19 13:41:50'),(4854,21,'catalog/language/zh-HK/error','2021-02-19 13:41:50'),(4855,21,'catalog/language/zh-HK/extension','2021-02-19 13:41:50'),(4856,21,'catalog/language/zh-HK/information','2021-02-19 13:41:50'),(4857,21,'catalog/language/zh-HK/mail','2021-02-19 13:41:50'),(4858,21,'catalog/language/zh-HK/product','2021-02-19 13:41:50'),(4859,21,'catalog/language/zh-HK/tool','2021-02-19 13:41:50'),(4860,21,'catalog/language/zh-HK/zh-HK-moc.png','2021-02-19 13:41:50'),(4861,21,'catalog/language/zh-HK/zh-HK.php','2021-02-19 13:41:50'),(4862,21,'catalog/language/zh-HK/zh-HK.png','2021-02-19 13:41:50'),(4863,21,'admin/controller/extension/module/chinnese_lang_pack.php','2021-02-19 13:41:50'),(4864,21,'admin/language/zh-HK/catalog/attribute.php','2021-02-19 13:41:50'),(4865,21,'admin/language/zh-HK/catalog/attribute_group.php','2021-02-19 13:41:50'),(4866,21,'admin/language/zh-HK/catalog/category.php','2021-02-19 13:41:50'),(4867,21,'admin/language/zh-HK/catalog/download.php','2021-02-19 13:41:50'),(4868,21,'admin/language/zh-HK/catalog/filter.php','2021-02-19 13:41:50'),(4869,21,'admin/language/zh-HK/catalog/information.php','2021-02-19 13:41:50'),(4870,21,'admin/language/zh-HK/catalog/manufacturer.php','2021-02-19 13:41:50'),(4871,21,'admin/language/zh-HK/catalog/option.php','2021-02-19 13:41:50'),(4872,21,'admin/language/zh-HK/catalog/product.php','2021-02-19 13:41:50'),(4873,21,'admin/language/zh-HK/catalog/product.php--','2021-02-19 13:41:50'),(4874,21,'admin/language/zh-HK/catalog/recurring.php','2021-02-19 13:41:50'),(4875,21,'admin/language/zh-HK/catalog/review.php','2021-02-19 13:41:50'),(4876,21,'admin/language/zh-HK/catalog/xtended_product.php','2021-02-19 13:41:50'),(4877,21,'admin/language/zh-HK/common/admin_fast_search.php','2021-02-19 13:41:50'),(4878,21,'admin/language/zh-HK/common/column_left.php','2021-02-19 13:41:50'),(4879,21,'admin/language/zh-HK/common/dashboard.php','2021-02-19 13:41:50'),(4880,21,'admin/language/zh-HK/common/filemanager.php','2021-02-19 13:41:50'),(4881,21,'admin/language/zh-HK/common/footer.php','2021-02-19 13:41:50'),(4882,21,'admin/language/zh-HK/common/forgotten.php','2021-02-19 13:41:50'),(4883,21,'admin/language/zh-HK/common/header.php','2021-02-19 13:41:50'),(4884,21,'admin/language/zh-HK/common/login.php','2021-02-19 13:41:50'),(4885,21,'admin/language/zh-HK/common/reset.php','2021-02-19 13:41:50'),(4886,21,'admin/language/zh-HK/customer/custom_field.php','2021-02-19 13:41:50'),(4887,21,'admin/language/zh-HK/customer/customer.php','2021-02-19 13:41:50'),(4888,21,'admin/language/zh-HK/customer/customer_group.php','2021-02-19 13:41:50'),(4889,21,'admin/language/zh-HK/design/banner.php','2021-02-19 13:41:50'),(4890,21,'admin/language/zh-HK/design/language.php','2021-02-19 13:41:50'),(4891,21,'admin/language/zh-HK/design/layout.php','2021-02-19 13:41:50'),(4892,21,'admin/language/zh-HK/design/menu.php','2021-02-19 13:41:50'),(4893,21,'admin/language/zh-HK/design/theme.php','2021-02-19 13:41:50'),(4894,21,'admin/language/zh-HK/design/translation.php','2021-02-19 13:41:50'),(4895,21,'admin/language/zh-HK/error/not_found.php','2021-02-19 13:41:50'),(4896,21,'admin/language/zh-HK/error/permission.php','2021-02-19 13:41:50'),(4897,21,'admin/language/zh-HK/extension/analytics','2021-02-19 13:41:50'),(4898,21,'admin/language/zh-HK/extension/captcha','2021-02-19 13:41:50'),(4899,21,'admin/language/zh-HK/extension/dashboard','2021-02-19 13:41:50'),(4900,21,'admin/language/zh-HK/extension/event.php','2021-02-19 13:41:50'),(4901,21,'admin/language/zh-HK/extension/extension','2021-02-19 13:41:50'),(4902,21,'admin/language/zh-HK/extension/extension.php','2021-02-19 13:41:50'),(4903,21,'admin/language/zh-HK/extension/feed','2021-02-19 13:41:50'),(4904,21,'admin/language/zh-HK/extension/fraud','2021-02-19 13:41:50'),(4905,21,'admin/language/zh-HK/extension/installer.php','2021-02-19 13:41:50'),(4906,21,'admin/language/zh-HK/extension/modification.php','2021-02-19 13:41:50'),(4907,21,'admin/language/zh-HK/extension/module','2021-02-19 13:41:50'),(4908,21,'admin/language/zh-HK/extension/openbay','2021-02-19 13:41:50'),(4909,21,'admin/language/zh-HK/extension/openbay.php','2021-02-19 13:41:50'),(4910,21,'admin/language/zh-HK/extension/payment','2021-02-19 13:41:50'),(4911,21,'admin/language/zh-HK/extension/shipping','2021-02-19 13:41:50'),(4912,21,'admin/language/zh-HK/extension/store.php','2021-02-19 13:41:50'),(4913,21,'admin/language/zh-HK/extension/theme','2021-02-19 13:41:50'),(4914,21,'admin/language/zh-HK/extension/total','2021-02-19 13:41:50'),(4915,21,'admin/language/zh-HK/localisation/country.php','2021-02-19 13:41:50'),(4916,21,'admin/language/zh-HK/localisation/currency.php','2021-02-19 13:41:50'),(4917,21,'admin/language/zh-HK/localisation/fast_comment_status.php','2021-02-19 13:41:50'),(4918,21,'admin/language/zh-HK/localisation/fast_comment_status_menu.php','2021-02-19 13:41:50'),(4919,21,'admin/language/zh-HK/localisation/geo_zone.php','2021-02-19 13:41:50'),(4920,21,'admin/language/zh-HK/localisation/language.php','2021-02-19 13:41:50'),(4921,21,'admin/language/zh-HK/localisation/length_class.php','2021-02-19 13:41:50'),(4922,21,'admin/language/zh-HK/localisation/location.php','2021-02-19 13:41:50'),(4923,21,'admin/language/zh-HK/localisation/order_status.php','2021-02-19 13:41:50'),(4924,21,'admin/language/zh-HK/localisation/return_action.php','2021-02-19 13:41:50'),(4925,21,'admin/language/zh-HK/localisation/return_reason.php','2021-02-19 13:41:50'),(4926,21,'admin/language/zh-HK/localisation/return_status.php','2021-02-19 13:41:50'),(4927,21,'admin/language/zh-HK/localisation/stock_status.php','2021-02-19 13:41:50'),(4928,21,'admin/language/zh-HK/localisation/tax_class.php','2021-02-19 13:41:50'),(4929,21,'admin/language/zh-HK/localisation/tax_rate.php','2021-02-19 13:41:50'),(4930,21,'admin/language/zh-HK/localisation/weight_class.php','2021-02-19 13:41:50'),(4931,21,'admin/language/zh-HK/localisation/zone.php','2021-02-19 13:41:50'),(4932,21,'admin/language/zh-HK/mail/affiliate.php','2021-02-19 13:41:50'),(4933,21,'admin/language/zh-HK/mail/customer.php','2021-02-19 13:41:50'),(4934,21,'admin/language/zh-HK/mail/forgotten.php','2021-02-19 13:41:50'),(4935,21,'admin/language/zh-HK/mail/return.php','2021-02-19 13:41:50'),(4936,21,'admin/language/zh-HK/mail/voucher.php','2021-02-19 13:41:50'),(4937,21,'admin/language/zh-HK/marketing/affiliate.php','2021-02-19 13:41:50'),(4938,21,'admin/language/zh-HK/marketing/contact.php','2021-02-19 13:41:50'),(4939,21,'admin/language/zh-HK/marketing/coupon.php','2021-02-19 13:41:50'),(4940,21,'admin/language/zh-HK/marketing/marketing.php','2021-02-19 13:41:50'),(4941,21,'admin/language/zh-HK/report/affiliate.php','2021-02-19 13:41:50'),(4942,21,'admin/language/zh-HK/report/affiliate_activity.php','2021-02-19 13:41:50'),(4943,21,'admin/language/zh-HK/report/customer_activity.php','2021-02-19 13:41:50'),(4944,21,'admin/language/zh-HK/report/customer_credit.php','2021-02-19 13:41:50'),(4945,21,'admin/language/zh-HK/report/customer_online.php','2021-02-19 13:41:50'),(4946,21,'admin/language/zh-HK/report/customer_order.php','2021-02-19 13:41:50'),(4947,21,'admin/language/zh-HK/report/customer_reward.php','2021-02-19 13:41:50'),(4948,21,'admin/language/zh-HK/report/customer_search.php','2021-02-19 13:41:50'),(4949,21,'admin/language/zh-HK/report/marketing.php','2021-02-19 13:41:50'),(4950,21,'admin/language/zh-HK/report/product_purchased.php','2021-02-19 13:41:50'),(4951,21,'admin/language/zh-HK/report/product_viewed.php','2021-02-19 13:41:50'),(4952,21,'admin/language/zh-HK/report/sale_coupon.php','2021-02-19 13:41:50'),(4953,21,'admin/language/zh-HK/report/sale_order.php','2021-02-19 13:41:50'),(4954,21,'admin/language/zh-HK/report/sale_return.php','2021-02-19 13:41:50'),(4955,21,'admin/language/zh-HK/report/sale_shipping.php','2021-02-19 13:41:50'),(4956,21,'admin/language/zh-HK/report/sale_tax.php','2021-02-19 13:41:50'),(4957,21,'admin/language/zh-HK/sale/order.php','2021-02-19 13:41:50'),(4958,21,'admin/language/zh-HK/sale/recurring.php','2021-02-19 13:41:50'),(4959,21,'admin/language/zh-HK/sale/return.php','2021-02-19 13:41:50'),(4960,21,'admin/language/zh-HK/sale/voucher.php','2021-02-19 13:41:50'),(4961,21,'admin/language/zh-HK/sale/voucher_theme.php','2021-02-19 13:41:50'),(4962,21,'admin/language/zh-HK/setting/setting.php','2021-02-19 13:41:50'),(4963,21,'admin/language/zh-HK/setting/store.php','2021-02-19 13:41:50'),(4964,21,'admin/language/zh-HK/tool/backup.php','2021-02-19 13:41:50'),(4965,21,'admin/language/zh-HK/tool/error_log.php','2021-02-19 13:41:50'),(4966,21,'admin/language/zh-HK/tool/log.php','2021-02-19 13:41:50'),(4967,21,'admin/language/zh-HK/tool/upload.php','2021-02-19 13:41:50'),(4968,21,'admin/language/zh-HK/user/api.php','2021-02-19 13:41:50'),(4969,21,'admin/language/zh-HK/user/user.php','2021-02-19 13:41:50'),(4970,21,'admin/language/zh-HK/user/user_group.php','2021-02-19 13:41:50'),(4971,21,'admin/view/extension/module/chinnese_lang_pack.tpl','2021-02-19 13:41:50'),(4972,21,'catalog/language/zh-HK/account/account.php','2021-02-19 13:41:50'),(4973,21,'catalog/language/zh-HK/account/address.php','2021-02-19 13:41:50'),(4974,21,'catalog/language/zh-HK/account/download.php','2021-02-19 13:41:50'),(4975,21,'catalog/language/zh-HK/account/edit.php','2021-02-19 13:41:50'),(4976,21,'catalog/language/zh-HK/account/forgotten.php','2021-02-19 13:41:50'),(4977,21,'catalog/language/zh-HK/account/login.php','2021-02-19 13:41:50'),(4978,21,'catalog/language/zh-HK/account/logout.php','2021-02-19 13:41:50'),(4979,21,'catalog/language/zh-HK/account/newsletter.php','2021-02-19 13:41:50'),(4980,21,'catalog/language/zh-HK/account/order.php','2021-02-19 13:41:50'),(4981,21,'catalog/language/zh-HK/account/password.php','2021-02-19 13:41:50'),(4982,21,'catalog/language/zh-HK/account/recurring.php','2021-02-19 13:41:50'),(4983,21,'catalog/language/zh-HK/account/register.php','2021-02-19 13:41:50'),(4984,21,'catalog/language/zh-HK/account/reset.php','2021-02-19 13:41:50'),(4985,21,'catalog/language/zh-HK/account/return.php','2021-02-19 13:41:50'),(4986,21,'catalog/language/zh-HK/account/reward.php','2021-02-19 13:41:50'),(4987,21,'catalog/language/zh-HK/account/success.php','2021-02-19 13:41:50'),(4988,21,'catalog/language/zh-HK/account/transaction.php','2021-02-19 13:41:50'),(4989,21,'catalog/language/zh-HK/account/voucher.php','2021-02-19 13:41:50'),(4990,21,'catalog/language/zh-HK/account/wishlist.php','2021-02-19 13:41:50'),(4991,21,'catalog/language/zh-HK/affiliate/account.php','2021-02-19 13:41:50'),(4992,21,'catalog/language/zh-HK/affiliate/edit.php','2021-02-19 13:41:50'),(4993,21,'catalog/language/zh-HK/affiliate/forgotten.php','2021-02-19 13:41:50'),(4994,21,'catalog/language/zh-HK/affiliate/login.php','2021-02-19 13:41:50'),(4995,21,'catalog/language/zh-HK/affiliate/logout.php','2021-02-19 13:41:50'),(4996,21,'catalog/language/zh-HK/affiliate/password.php','2021-02-19 13:41:50'),(4997,21,'catalog/language/zh-HK/affiliate/payment.php','2021-02-19 13:41:50'),(4998,21,'catalog/language/zh-HK/affiliate/register.php','2021-02-19 13:41:50'),(4999,21,'catalog/language/zh-HK/affiliate/success.php','2021-02-19 13:41:50'),(5000,21,'catalog/language/zh-HK/affiliate/tracking.php','2021-02-19 13:41:50'),(5001,21,'catalog/language/zh-HK/affiliate/transaction.php','2021-02-19 13:41:50'),(5002,21,'catalog/language/zh-HK/api/cart.php','2021-02-19 13:41:50'),(5003,21,'catalog/language/zh-HK/api/coupon.php','2021-02-19 13:41:50'),(5004,21,'catalog/language/zh-HK/api/currency.php','2021-02-19 13:41:50'),(5005,21,'catalog/language/zh-HK/api/customer.php','2021-02-19 13:41:50'),(5006,21,'catalog/language/zh-HK/api/login.php','2021-02-19 13:41:50'),(5007,21,'catalog/language/zh-HK/api/order.php','2021-02-19 13:41:50'),(5008,21,'catalog/language/zh-HK/api/payment.php','2021-02-19 13:41:50'),(5009,21,'catalog/language/zh-HK/api/reward.php','2021-02-19 13:41:50'),(5010,21,'catalog/language/zh-HK/api/shipping.php','2021-02-19 13:41:50'),(5011,21,'catalog/language/zh-HK/api/voucher.php','2021-02-19 13:41:50'),(5012,21,'catalog/language/zh-HK/basel/basel_theme.php','2021-02-19 13:41:50'),(5013,21,'catalog/language/zh-HK/checkout/cart.php','2021-02-19 13:41:50'),(5014,21,'catalog/language/zh-HK/checkout/checkout.php','2021-02-19 13:41:50'),(5015,21,'catalog/language/zh-HK/checkout/failure.php','2021-02-19 13:41:50'),(5016,21,'catalog/language/zh-HK/checkout/success.php','2021-02-19 13:41:50'),(5017,21,'catalog/language/zh-HK/common/cart.php','2021-02-19 13:41:50'),(5018,21,'catalog/language/zh-HK/common/currency.php','2021-02-19 13:41:50'),(5019,21,'catalog/language/zh-HK/common/footer.php','2021-02-19 13:41:50'),(5020,21,'catalog/language/zh-HK/common/header.php','2021-02-19 13:41:50'),(5021,21,'catalog/language/zh-HK/common/language.php','2021-02-19 13:41:50'),(5022,21,'catalog/language/zh-HK/common/maintenance.php','2021-02-19 13:41:50'),(5023,21,'catalog/language/zh-HK/common/search.php','2021-02-19 13:41:50'),(5024,21,'catalog/language/zh-HK/error/not_found.php','2021-02-19 13:41:50'),(5025,21,'catalog/language/zh-HK/extension/captcha','2021-02-19 13:41:50'),(5026,21,'catalog/language/zh-HK/extension/credit_card','2021-02-19 13:41:50'),(5027,21,'catalog/language/zh-HK/extension/module','2021-02-19 13:41:50'),(5028,21,'catalog/language/zh-HK/extension/openbay','2021-02-19 13:41:50'),(5029,21,'catalog/language/zh-HK/extension/payment','2021-02-19 13:41:50'),(5030,21,'catalog/language/zh-HK/extension/recurring','2021-02-19 13:41:50'),(5031,21,'catalog/language/zh-HK/extension/shipping','2021-02-19 13:41:50'),(5032,21,'catalog/language/zh-HK/extension/total','2021-02-19 13:41:50'),(5033,21,'catalog/language/zh-HK/information/contact.php','2021-02-19 13:41:50'),(5034,21,'catalog/language/zh-HK/information/information.php','2021-02-19 13:41:50'),(5035,21,'catalog/language/zh-HK/information/sitemap.php','2021-02-19 13:41:50'),(5036,21,'catalog/language/zh-HK/mail/affiliate.php','2021-02-19 13:41:50'),(5037,21,'catalog/language/zh-HK/mail/customer.php','2021-02-19 13:41:50'),(5038,21,'catalog/language/zh-HK/mail/forgotten.php','2021-02-19 13:41:50'),(5039,21,'catalog/language/zh-HK/mail/order.php','2021-02-19 13:41:50'),(5040,21,'catalog/language/zh-HK/mail/review.php','2021-02-19 13:41:50'),(5041,21,'catalog/language/zh-HK/mail/voucher.php','2021-02-19 13:41:50'),(5042,21,'catalog/language/zh-HK/product/category.php','2021-02-19 13:41:50'),(5043,21,'catalog/language/zh-HK/product/compare.php','2021-02-19 13:41:50'),(5044,21,'catalog/language/zh-HK/product/manufacturer.php','2021-02-19 13:41:50'),(5045,21,'catalog/language/zh-HK/product/product.php','2021-02-19 13:41:50'),(5046,21,'catalog/language/zh-HK/product/search.php','2021-02-19 13:41:50'),(5047,21,'catalog/language/zh-HK/product/special.php','2021-02-19 13:41:50'),(5048,21,'catalog/language/zh-HK/tool/upload.php','2021-02-19 13:41:50'),(5049,21,'admin/language/zh-HK/extension/analytics/google_analytics.php','2021-02-19 13:41:50'),(5050,21,'admin/language/zh-HK/extension/analytics/universal_chat.php','2021-02-19 13:41:50'),(5051,21,'admin/language/zh-HK/extension/captcha/basic_captcha.php','2021-02-19 13:41:50'),(5052,21,'admin/language/zh-HK/extension/captcha/google_captcha.php','2021-02-19 13:41:50'),(5053,21,'admin/language/zh-HK/extension/dashboard/activity.php','2021-02-19 13:41:50'),(5054,21,'admin/language/zh-HK/extension/dashboard/chart.php','2021-02-19 13:41:50'),(5055,21,'admin/language/zh-HK/extension/dashboard/customer.php','2021-02-19 13:41:50'),(5056,21,'admin/language/zh-HK/extension/dashboard/map.php','2021-02-19 13:41:50'),(5057,21,'admin/language/zh-HK/extension/dashboard/online.php','2021-02-19 13:41:50'),(5058,21,'admin/language/zh-HK/extension/dashboard/order.php','2021-02-19 13:41:50'),(5059,21,'admin/language/zh-HK/extension/dashboard/recent.php','2021-02-19 13:41:50'),(5060,21,'admin/language/zh-HK/extension/dashboard/sale.php','2021-02-19 13:41:50'),(5061,21,'admin/language/zh-HK/extension/extension/analytics.php','2021-02-19 13:41:50'),(5062,21,'admin/language/zh-HK/extension/extension/captcha.php','2021-02-19 13:41:50'),(5063,21,'admin/language/zh-HK/extension/extension/dashboard.php','2021-02-19 13:41:50'),(5064,21,'admin/language/zh-HK/extension/extension/feed.php','2021-02-19 13:41:50'),(5065,21,'admin/language/zh-HK/extension/extension/fraud.php','2021-02-19 13:41:50'),(5066,21,'admin/language/zh-HK/extension/extension/installer.php','2021-02-19 13:41:50'),(5067,21,'admin/language/zh-HK/extension/extension/modification.php','2021-02-19 13:41:50'),(5068,21,'admin/language/zh-HK/extension/extension/module.php','2021-02-19 13:41:50'),(5069,21,'admin/language/zh-HK/extension/extension/openbay.php','2021-02-19 13:41:50'),(5070,21,'admin/language/zh-HK/extension/extension/payment.php','2021-02-19 13:41:50'),(5071,21,'admin/language/zh-HK/extension/extension/shipping.php','2021-02-19 13:41:50'),(5072,21,'admin/language/zh-HK/extension/extension/theme.php','2021-02-19 13:41:50'),(5073,21,'admin/language/zh-HK/extension/extension/total.php','2021-02-19 13:41:50'),(5074,21,'admin/language/zh-HK/extension/feed/google_base.php','2021-02-19 13:41:50'),(5075,21,'admin/language/zh-HK/extension/feed/google_sitemap.php','2021-02-19 13:41:50'),(5076,21,'admin/language/zh-HK/extension/feed/openbaypro.php','2021-02-19 13:41:50'),(5077,21,'admin/language/zh-HK/extension/fraud/fraudlabspro.php','2021-02-19 13:41:50'),(5078,21,'admin/language/zh-HK/extension/fraud/ip.php','2021-02-19 13:41:50'),(5079,21,'admin/language/zh-HK/extension/fraud/maxmind.php','2021-02-19 13:41:50'),(5080,21,'admin/language/zh-HK/extension/module/account.php','2021-02-19 13:41:50'),(5081,21,'admin/language/zh-HK/extension/module/admin_quick_links.php','2021-02-19 13:41:50'),(5082,21,'admin/language/zh-HK/extension/module/affiliate.php','2021-02-19 13:41:50'),(5083,21,'admin/language/zh-HK/extension/module/amazon_login.php','2021-02-19 13:41:50'),(5084,21,'admin/language/zh-HK/extension/module/amazon_pay.php','2021-02-19 13:41:50'),(5085,21,'admin/language/zh-HK/extension/module/banner.php','2021-02-19 13:41:50'),(5086,21,'admin/language/zh-HK/extension/module/bestseller.php','2021-02-19 13:41:50'),(5087,21,'admin/language/zh-HK/extension/module/carousel.php','2021-02-19 13:41:50'),(5088,21,'admin/language/zh-HK/extension/module/category.php','2021-02-19 13:41:50'),(5089,21,'admin/language/zh-HK/extension/module/divido_calculator.php','2021-02-19 13:41:50'),(5090,21,'admin/language/zh-HK/extension/module/ebay_listing.php','2021-02-19 13:41:50'),(5091,21,'admin/language/zh-HK/extension/module/emailverification.php','2021-02-19 13:41:50'),(5092,21,'admin/language/zh-HK/extension/module/featured.php','2021-02-19 13:41:50'),(5093,21,'admin/language/zh-HK/extension/module/filter.php','2021-02-19 13:41:50'),(5094,21,'admin/language/zh-HK/extension/module/google_hangouts.php','2021-02-19 13:41:50'),(5095,21,'admin/language/zh-HK/extension/module/html.php','2021-02-19 13:41:50'),(5096,21,'admin/language/zh-HK/extension/module/information.php','2021-02-19 13:41:50'),(5097,21,'admin/language/zh-HK/extension/module/klarna_checkout_module.php','2021-02-19 13:41:50'),(5098,21,'admin/language/zh-HK/extension/module/language_switch.php','2021-02-19 13:41:50'),(5099,21,'admin/language/zh-HK/extension/module/latest.php','2021-02-19 13:41:50'),(5100,21,'admin/language/zh-HK/extension/module/laybuy_layout.php','2021-02-19 13:41:50'),(5101,21,'admin/language/zh-HK/extension/module/live_search.php','2021-02-19 13:41:50'),(5102,21,'admin/language/zh-HK/extension/module/pilibaba_button.php','2021-02-19 13:41:50'),(5103,21,'admin/language/zh-HK/extension/module/pp_button.php','2021-02-19 13:41:50'),(5104,21,'admin/language/zh-HK/extension/module/pp_login.php','2021-02-19 13:41:50'),(5105,21,'admin/language/zh-HK/extension/module/sagepay_direct_cards.php','2021-02-19 13:41:50'),(5106,21,'admin/language/zh-HK/extension/module/sagepay_server_cards.php','2021-02-19 13:41:50'),(5107,21,'admin/language/zh-HK/extension/module/slideshow.php','2021-02-19 13:41:50'),(5108,21,'admin/language/zh-HK/extension/module/special.php','2021-02-19 13:41:50'),(5109,21,'admin/language/zh-HK/extension/module/store.php','2021-02-19 13:41:50'),(5110,21,'admin/language/zh-HK/extension/openbay/amazon.php','2021-02-19 13:41:50'),(5111,21,'admin/language/zh-HK/extension/openbay/amazon_bulk_linking.php','2021-02-19 13:41:50'),(5112,21,'admin/language/zh-HK/extension/openbay/amazon_bulk_listing.php','2021-02-19 13:41:50'),(5113,21,'admin/language/zh-HK/extension/openbay/amazon_links.php','2021-02-19 13:41:50'),(5114,21,'admin/language/zh-HK/extension/openbay/amazon_listing.php','2021-02-19 13:41:50'),(5115,21,'admin/language/zh-HK/extension/openbay/amazon_listingsaved.php','2021-02-19 13:41:50'),(5116,21,'admin/language/zh-HK/extension/openbay/amazon_settings.php','2021-02-19 13:41:50'),(5117,21,'admin/language/zh-HK/extension/openbay/amazon_stockupdates.php','2021-02-19 13:41:50'),(5118,21,'admin/language/zh-HK/extension/openbay/amazon_subscription.php','2021-02-19 13:41:50'),(5119,21,'admin/language/zh-HK/extension/openbay/amazonus.php','2021-02-19 13:41:50'),(5120,21,'admin/language/zh-HK/extension/openbay/amazonus_bulk_linking.php','2021-02-19 13:41:50'),(5121,21,'admin/language/zh-HK/extension/openbay/amazonus_bulk_listing.php','2021-02-19 13:41:50'),(5122,21,'admin/language/zh-HK/extension/openbay/amazonus_links.php','2021-02-19 13:41:50'),(5123,21,'admin/language/zh-HK/extension/openbay/amazonus_listing.php','2021-02-19 13:41:50'),(5124,21,'admin/language/zh-HK/extension/openbay/amazonus_listingsaved.php','2021-02-19 13:41:50'),(5125,21,'admin/language/zh-HK/extension/openbay/amazonus_settings.php','2021-02-19 13:41:50'),(5126,21,'admin/language/zh-HK/extension/openbay/amazonus_stockupdates.php','2021-02-19 13:41:50'),(5127,21,'admin/language/zh-HK/extension/openbay/amazonus_subscription.php','2021-02-19 13:41:50'),(5128,21,'admin/language/zh-HK/extension/openbay/ebay.php','2021-02-19 13:41:50'),(5129,21,'admin/language/zh-HK/extension/openbay/ebay_edit.php','2021-02-19 13:41:50'),(5130,21,'admin/language/zh-HK/extension/openbay/ebay_import.php','2021-02-19 13:41:50'),(5131,21,'admin/language/zh-HK/extension/openbay/ebay_links.php','2021-02-19 13:41:50'),(5132,21,'admin/language/zh-HK/extension/openbay/ebay_new.php','2021-02-19 13:41:50'),(5133,21,'admin/language/zh-HK/extension/openbay/ebay_newbulk.php','2021-02-19 13:41:50'),(5134,21,'admin/language/zh-HK/extension/openbay/ebay_orders.php','2021-02-19 13:41:50'),(5135,21,'admin/language/zh-HK/extension/openbay/ebay_profile.php','2021-02-19 13:41:50'),(5136,21,'admin/language/zh-HK/extension/openbay/ebay_settings.php','2021-02-19 13:41:50'),(5137,21,'admin/language/zh-HK/extension/openbay/ebay_subscription.php','2021-02-19 13:41:50'),(5138,21,'admin/language/zh-HK/extension/openbay/ebay_summary.php','2021-02-19 13:41:50'),(5139,21,'admin/language/zh-HK/extension/openbay/ebay_syncronise.php','2021-02-19 13:41:50'),(5140,21,'admin/language/zh-HK/extension/openbay/ebay_template.php','2021-02-19 13:41:50'),(5141,21,'admin/language/zh-HK/extension/openbay/ebay_usage.php','2021-02-19 13:41:50'),(5142,21,'admin/language/zh-HK/extension/openbay/etsy.php','2021-02-19 13:41:50'),(5143,21,'admin/language/zh-HK/extension/openbay/etsy_create.php','2021-02-19 13:41:50'),(5144,21,'admin/language/zh-HK/extension/openbay/etsy_edit.php','2021-02-19 13:41:50'),(5145,21,'admin/language/zh-HK/extension/openbay/etsy_links.php','2021-02-19 13:41:50'),(5146,21,'admin/language/zh-HK/extension/openbay/etsy_listings.php','2021-02-19 13:41:50'),(5147,21,'admin/language/zh-HK/extension/openbay/etsy_settings.php','2021-02-19 13:41:50'),(5148,21,'admin/language/zh-HK/extension/openbay/fba.php','2021-02-19 13:41:50'),(5149,21,'admin/language/zh-HK/extension/openbay/fba_fulfillment.php','2021-02-19 13:41:50'),(5150,21,'admin/language/zh-HK/extension/openbay/fba_fulfillment_list.php','2021-02-19 13:41:50'),(5151,21,'admin/language/zh-HK/extension/openbay/fba_order.php','2021-02-19 13:41:50'),(5152,21,'admin/language/zh-HK/extension/openbay/fba_settings.php','2021-02-19 13:41:50'),(5153,21,'admin/language/zh-HK/extension/openbay/openbay_itemlist.php','2021-02-19 13:41:50'),(5154,21,'admin/language/zh-HK/extension/openbay/openbay_menu.php','2021-02-19 13:41:50'),(5155,21,'admin/language/zh-HK/extension/openbay/openbay_order.php','2021-02-19 13:41:50'),(5156,21,'admin/language/zh-HK/extension/payment/amazon_login_pay.php','2021-02-19 13:41:50'),(5157,21,'admin/language/zh-HK/extension/payment/authorizenet_aim.php','2021-02-19 13:41:50'),(5158,21,'admin/language/zh-HK/extension/payment/authorizenet_sim.php','2021-02-19 13:41:50'),(5159,21,'admin/language/zh-HK/extension/payment/bank_transfer.php','2021-02-19 13:41:50'),(5160,21,'admin/language/zh-HK/extension/payment/bluepay_hosted.php','2021-02-19 13:41:50'),(5161,21,'admin/language/zh-HK/extension/payment/bluepay_redirect.php','2021-02-19 13:41:50'),(5162,21,'admin/language/zh-HK/extension/payment/cardconnect.php','2021-02-19 13:41:50'),(5163,21,'admin/language/zh-HK/extension/payment/cardinity.php','2021-02-19 13:41:50'),(5164,21,'admin/language/zh-HK/extension/payment/cheque.php','2021-02-19 13:41:50'),(5165,21,'admin/language/zh-HK/extension/payment/cod.php','2021-02-19 13:41:50'),(5166,21,'admin/language/zh-HK/extension/payment/divido.php','2021-02-19 13:41:50'),(5167,21,'admin/language/zh-HK/extension/payment/eway.php','2021-02-19 13:41:50'),(5168,21,'admin/language/zh-HK/extension/payment/firstdata.php','2021-02-19 13:41:50'),(5169,21,'admin/language/zh-HK/extension/payment/firstdata_remote.php','2021-02-19 13:41:50'),(5170,21,'admin/language/zh-HK/extension/payment/free_checkout.php','2021-02-19 13:41:50'),(5171,21,'admin/language/zh-HK/extension/payment/g2apay.php','2021-02-19 13:41:50'),(5172,21,'admin/language/zh-HK/extension/payment/globalpay.php','2021-02-19 13:41:50'),(5173,21,'admin/language/zh-HK/extension/payment/globalpay_remote.php','2021-02-19 13:41:50'),(5174,21,'admin/language/zh-HK/extension/payment/klarna_account.php','2021-02-19 13:41:50'),(5175,21,'admin/language/zh-HK/extension/payment/klarna_checkout.php','2021-02-19 13:41:50'),(5176,21,'admin/language/zh-HK/extension/payment/klarna_invoice.php','2021-02-19 13:41:50'),(5177,21,'admin/language/zh-HK/extension/payment/laybuy.php','2021-02-19 13:41:50'),(5178,21,'admin/language/zh-HK/extension/payment/liqpay.php','2021-02-19 13:41:50'),(5179,21,'admin/language/zh-HK/extension/payment/nochex.php','2021-02-19 13:41:50'),(5180,21,'admin/language/zh-HK/extension/payment/paymate.php','2021-02-19 13:41:50'),(5181,21,'admin/language/zh-HK/extension/payment/paypoint.php','2021-02-19 13:41:50'),(5182,21,'admin/language/zh-HK/extension/payment/payza.php','2021-02-19 13:41:50'),(5183,21,'admin/language/zh-HK/extension/payment/perpetual_payments.php','2021-02-19 13:41:50'),(5184,21,'admin/language/zh-HK/extension/payment/pilibaba.php','2021-02-19 13:41:50'),(5185,21,'admin/language/zh-HK/extension/payment/pp_express.php','2021-02-19 13:41:50'),(5186,21,'admin/language/zh-HK/extension/payment/pp_express_order.php','2021-02-19 13:41:50'),(5187,21,'admin/language/zh-HK/extension/payment/pp_express_refund.php','2021-02-19 13:41:50'),(5188,21,'admin/language/zh-HK/extension/payment/pp_express_search.php','2021-02-19 13:41:50'),(5189,21,'admin/language/zh-HK/extension/payment/pp_express_view.php','2021-02-19 13:41:50'),(5190,21,'admin/language/zh-HK/extension/payment/pp_payflow.php','2021-02-19 13:41:50'),(5191,21,'admin/language/zh-HK/extension/payment/pp_payflow_iframe.php','2021-02-19 13:41:50'),(5192,21,'admin/language/zh-HK/extension/payment/pp_pro.php','2021-02-19 13:41:50'),(5193,21,'admin/language/zh-HK/extension/payment/pp_pro_iframe.php','2021-02-19 13:41:50'),(5194,21,'admin/language/zh-HK/extension/payment/pp_standard.php','2021-02-19 13:41:50'),(5195,21,'admin/language/zh-HK/extension/payment/realex.php','2021-02-19 13:41:50'),(5196,21,'admin/language/zh-HK/extension/payment/realex_remote.php','2021-02-19 13:41:50'),(5197,21,'admin/language/zh-HK/extension/payment/sagepay_direct.php','2021-02-19 13:41:50'),(5198,21,'admin/language/zh-HK/extension/payment/sagepay_server.php','2021-02-19 13:41:50'),(5199,21,'admin/language/zh-HK/extension/payment/sagepay_us.php','2021-02-19 13:41:50'),(5200,21,'admin/language/zh-HK/extension/payment/securetrading_pp.php','2021-02-19 13:41:50'),(5201,21,'admin/language/zh-HK/extension/payment/securetrading_ws.php','2021-02-19 13:41:50'),(5202,21,'admin/language/zh-HK/extension/payment/skrill.php','2021-02-19 13:41:50'),(5203,21,'admin/language/zh-HK/extension/payment/twocheckout.php','2021-02-19 13:41:50'),(5204,21,'admin/language/zh-HK/extension/payment/web_payment_software.php','2021-02-19 13:41:50'),(5205,21,'admin/language/zh-HK/extension/payment/worldpay.php','2021-02-19 13:41:50'),(5206,21,'admin/language/zh-HK/extension/shipping/auspost.php','2021-02-19 13:41:50'),(5207,21,'admin/language/zh-HK/extension/shipping/citylink.php','2021-02-19 13:41:50'),(5208,21,'admin/language/zh-HK/extension/shipping/fedex.php','2021-02-19 13:41:50'),(5209,21,'admin/language/zh-HK/extension/shipping/flat.php','2021-02-19 13:41:50'),(5210,21,'admin/language/zh-HK/extension/shipping/free.php','2021-02-19 13:41:50'),(5211,21,'admin/language/zh-HK/extension/shipping/item.php','2021-02-19 13:41:50'),(5212,21,'admin/language/zh-HK/extension/shipping/parcelforce_48.php','2021-02-19 13:41:50'),(5213,21,'admin/language/zh-HK/extension/shipping/pickup.php','2021-02-19 13:41:50'),(5214,21,'admin/language/zh-HK/extension/shipping/royal_mail.php','2021-02-19 13:41:50'),(5215,21,'admin/language/zh-HK/extension/shipping/ups.php','2021-02-19 13:41:50'),(5216,21,'admin/language/zh-HK/extension/shipping/usps.php','2021-02-19 13:41:50'),(5217,21,'admin/language/zh-HK/extension/shipping/weight.php','2021-02-19 13:41:50'),(5218,21,'admin/language/zh-HK/extension/theme/theme_default.php','2021-02-19 13:41:50'),(5219,21,'admin/language/zh-HK/extension/total/coupon.php','2021-02-19 13:41:50'),(5220,21,'admin/language/zh-HK/extension/total/credit.php','2021-02-19 13:41:50'),(5221,21,'admin/language/zh-HK/extension/total/handling.php','2021-02-19 13:41:50'),(5222,21,'admin/language/zh-HK/extension/total/klarna_fee.php','2021-02-19 13:41:50'),(5223,21,'admin/language/zh-HK/extension/total/low_order_fee.php','2021-02-19 13:41:50'),(5224,21,'admin/language/zh-HK/extension/total/reward.php','2021-02-19 13:41:50'),(5225,21,'admin/language/zh-HK/extension/total/shipping.php','2021-02-19 13:41:50'),(5226,21,'admin/language/zh-HK/extension/total/sub_total.php','2021-02-19 13:41:50'),(5227,21,'admin/language/zh-HK/extension/total/tax.php','2021-02-19 13:41:50'),(5228,21,'admin/language/zh-HK/extension/total/total.php','2021-02-19 13:41:50'),(5229,21,'admin/language/zh-HK/extension/total/voucher.php','2021-02-19 13:41:50'),(5230,21,'catalog/language/zh-HK/extension/captcha/basic_captcha.php','2021-02-19 13:41:50'),(5231,21,'catalog/language/zh-HK/extension/captcha/google_captcha.php','2021-02-19 13:41:50'),(5232,21,'catalog/language/zh-HK/extension/credit_card/sagepay_direct.php','2021-02-19 13:41:50'),(5233,21,'catalog/language/zh-HK/extension/credit_card/sagepay_server.php','2021-02-19 13:41:50'),(5234,21,'catalog/language/zh-HK/extension/module/account.php','2021-02-19 13:41:50'),(5235,21,'catalog/language/zh-HK/extension/module/affiliate.php','2021-02-19 13:41:50'),(5236,21,'catalog/language/zh-HK/extension/module/amazon_login.php','2021-02-19 13:41:50'),(5237,21,'catalog/language/zh-HK/extension/module/amazon_pay.php','2021-02-19 13:41:50'),(5238,21,'catalog/language/zh-HK/extension/module/bestseller.php','2021-02-19 13:41:50'),(5239,21,'catalog/language/zh-HK/extension/module/category.php','2021-02-19 13:41:50'),(5240,21,'catalog/language/zh-HK/extension/module/customer.php','2021-02-19 13:41:50'),(5241,21,'catalog/language/zh-HK/extension/module/divido_calculator.php','2021-02-19 13:41:50'),(5242,21,'catalog/language/zh-HK/extension/module/ebay_listing.php','2021-02-19 13:41:50'),(5243,21,'catalog/language/zh-HK/extension/module/emailverification.php','2021-02-19 13:41:50'),(5244,21,'catalog/language/zh-HK/extension/module/featured.php','2021-02-19 13:41:50'),(5245,21,'catalog/language/zh-HK/extension/module/filter.php','2021-02-19 13:41:50'),(5246,21,'catalog/language/zh-HK/extension/module/google_hangouts.php','2021-02-19 13:41:50'),(5247,21,'catalog/language/zh-HK/extension/module/information.php','2021-02-19 13:41:50'),(5248,21,'catalog/language/zh-HK/extension/module/latest.php','2021-02-19 13:41:50'),(5249,21,'catalog/language/zh-HK/extension/module/laybuy_layout.php','2021-02-19 13:41:50'),(5250,21,'catalog/language/zh-HK/extension/module/newsletter.php','2021-02-19 13:41:50'),(5251,21,'catalog/language/zh-HK/extension/module/special.php','2021-02-19 13:41:50'),(5252,21,'catalog/language/zh-HK/extension/module/store.php','2021-02-19 13:41:50'),(5253,21,'catalog/language/zh-HK/extension/openbay/amazon_order.php','2021-02-19 13:41:50'),(5254,21,'catalog/language/zh-HK/extension/openbay/amazonus_order.php','2021-02-19 13:41:50'),(5255,21,'catalog/language/zh-HK/extension/openbay/ebay_order.php','2021-02-19 13:41:50'),(5256,21,'catalog/language/zh-HK/extension/openbay/etsy_order.php','2021-02-19 13:41:50'),(5257,21,'catalog/language/zh-HK/extension/payment/amazon_login_pay.php','2021-02-19 13:41:50'),(5258,21,'catalog/language/zh-HK/extension/payment/authorizenet_aim.php','2021-02-19 13:41:50'),(5259,21,'catalog/language/zh-HK/extension/payment/authorizenet_sim.php','2021-02-19 13:41:50'),(5260,21,'catalog/language/zh-HK/extension/payment/bank_transfer.php','2021-02-19 13:41:50'),(5261,21,'catalog/language/zh-HK/extension/payment/bitpay.php','2021-02-19 13:41:50'),(5262,21,'catalog/language/zh-HK/extension/payment/bluepay_hosted.php','2021-02-19 13:41:50'),(5263,21,'catalog/language/zh-HK/extension/payment/bluepay_redirect.php','2021-02-19 13:41:50'),(5264,21,'catalog/language/zh-HK/extension/payment/cardconnect.php','2021-02-19 13:41:50'),(5265,21,'catalog/language/zh-HK/extension/payment/cardinity.php','2021-02-19 13:41:50'),(5266,21,'catalog/language/zh-HK/extension/payment/cheque.php','2021-02-19 13:41:50'),(5267,21,'catalog/language/zh-HK/extension/payment/cod.php','2021-02-19 13:41:50'),(5268,21,'catalog/language/zh-HK/extension/payment/divido.php','2021-02-19 13:41:50'),(5269,21,'catalog/language/zh-HK/extension/payment/eway.php','2021-02-19 13:41:50'),(5270,21,'catalog/language/zh-HK/extension/payment/firstdata.php','2021-02-19 13:41:50'),(5271,21,'catalog/language/zh-HK/extension/payment/firstdata_remote.php','2021-02-19 13:41:50'),(5272,21,'catalog/language/zh-HK/extension/payment/free_checkout.php','2021-02-19 13:41:50'),(5273,21,'catalog/language/zh-HK/extension/payment/g2apay.php','2021-02-19 13:41:50'),(5274,21,'catalog/language/zh-HK/extension/payment/globalpay.php','2021-02-19 13:41:50'),(5275,21,'catalog/language/zh-HK/extension/payment/globalpay_remote.php','2021-02-19 13:41:50'),(5276,21,'catalog/language/zh-HK/extension/payment/klarna_account.php','2021-02-19 13:41:50'),(5277,21,'catalog/language/zh-HK/extension/payment/klarna_checkout.php','2021-02-19 13:41:50'),(5278,21,'catalog/language/zh-HK/extension/payment/klarna_invoice.php','2021-02-19 13:41:50'),(5279,21,'catalog/language/zh-HK/extension/payment/laybuy.php','2021-02-19 13:41:50'),(5280,21,'catalog/language/zh-HK/extension/payment/liqpay.php','2021-02-19 13:41:50'),(5281,21,'catalog/language/zh-HK/extension/payment/nochex.php','2021-02-19 13:41:50'),(5282,21,'catalog/language/zh-HK/extension/payment/paymate.php','2021-02-19 13:41:50'),(5283,21,'catalog/language/zh-HK/extension/payment/paypoint.php','2021-02-19 13:41:50'),(5284,21,'catalog/language/zh-HK/extension/payment/payza.php','2021-02-19 13:41:50'),(5285,21,'catalog/language/zh-HK/extension/payment/perpetual_payments.php','2021-02-19 13:41:50'),(5286,21,'catalog/language/zh-HK/extension/payment/pilibaba.php','2021-02-19 13:41:50'),(5287,21,'catalog/language/zh-HK/extension/payment/pp_express.php','2021-02-19 13:41:50'),(5288,21,'catalog/language/zh-HK/extension/payment/pp_payflow.php','2021-02-19 13:41:50'),(5289,21,'catalog/language/zh-HK/extension/payment/pp_payflow_iframe.php','2021-02-19 13:41:50'),(5290,21,'catalog/language/zh-HK/extension/payment/pp_pro.php','2021-02-19 13:41:50'),(5291,21,'catalog/language/zh-HK/extension/payment/pp_pro_iframe.php','2021-02-19 13:41:50'),(5292,21,'catalog/language/zh-HK/extension/payment/pp_standard.php','2021-02-19 13:41:50'),(5293,21,'catalog/language/zh-HK/extension/payment/realex.php','2021-02-19 13:41:50'),(5294,21,'catalog/language/zh-HK/extension/payment/realex_remote.php','2021-02-19 13:41:50'),(5295,21,'catalog/language/zh-HK/extension/payment/sagepay_direct.php','2021-02-19 13:41:50'),(5296,21,'catalog/language/zh-HK/extension/payment/sagepay_server.php','2021-02-19 13:41:50'),(5297,21,'catalog/language/zh-HK/extension/payment/sagepay_us.php','2021-02-19 13:41:50'),(5298,21,'catalog/language/zh-HK/extension/payment/securetrading_pp.php','2021-02-19 13:41:50'),(5299,21,'catalog/language/zh-HK/extension/payment/securetrading_ws.php','2021-02-19 13:41:50'),(5300,21,'catalog/language/zh-HK/extension/payment/skrill.php','2021-02-19 13:41:50'),(5301,21,'catalog/language/zh-HK/extension/payment/twocheckout.php','2021-02-19 13:41:50'),(5302,21,'catalog/language/zh-HK/extension/payment/web_payment_software.php','2021-02-19 13:41:50'),(5303,21,'catalog/language/zh-HK/extension/payment/worldpay.php','2021-02-19 13:41:50'),(5304,21,'catalog/language/zh-HK/extension/recurring/pp_express.php','2021-02-19 13:41:50'),(5305,21,'catalog/language/zh-HK/extension/shipping/auspost.php','2021-02-19 13:41:50'),(5306,21,'catalog/language/zh-HK/extension/shipping/citylink.php','2021-02-19 13:41:50'),(5307,21,'catalog/language/zh-HK/extension/shipping/fedex.php','2021-02-19 13:41:50'),(5308,21,'catalog/language/zh-HK/extension/shipping/flat.php','2021-02-19 13:41:50'),(5309,21,'catalog/language/zh-HK/extension/shipping/free.php','2021-02-19 13:41:50'),(5310,21,'catalog/language/zh-HK/extension/shipping/item.php','2021-02-19 13:41:50'),(5311,21,'catalog/language/zh-HK/extension/shipping/parcelforce_48.php','2021-02-19 13:41:50'),(5312,21,'catalog/language/zh-HK/extension/shipping/pickup.php','2021-02-19 13:41:50'),(5313,21,'catalog/language/zh-HK/extension/shipping/pilibaba.php','2021-02-19 13:41:50'),(5314,21,'catalog/language/zh-HK/extension/shipping/royal_mail.php','2021-02-19 13:41:50'),(5315,21,'catalog/language/zh-HK/extension/shipping/ups.php','2021-02-19 13:41:50'),(5316,21,'catalog/language/zh-HK/extension/shipping/usps.php','2021-02-19 13:41:50'),(5317,21,'catalog/language/zh-HK/extension/shipping/weight.php','2021-02-19 13:41:50'),(5318,21,'catalog/language/zh-HK/extension/total/coupon.php','2021-02-19 13:41:50'),(5319,21,'catalog/language/zh-HK/extension/total/credit.php','2021-02-19 13:41:50'),(5320,21,'catalog/language/zh-HK/extension/total/handling.php','2021-02-19 13:41:50'),(5321,21,'catalog/language/zh-HK/extension/total/klarna_fee.php','2021-02-19 13:41:50'),(5322,21,'catalog/language/zh-HK/extension/total/low_order_fee.php','2021-02-19 13:41:50'),(5323,21,'catalog/language/zh-HK/extension/total/reward.php','2021-02-19 13:41:50'),(5324,21,'catalog/language/zh-HK/extension/total/shipping.php','2021-02-19 13:41:50'),(5325,21,'catalog/language/zh-HK/extension/total/sub_total.php','2021-02-19 13:41:50'),(5326,21,'catalog/language/zh-HK/extension/total/total.php','2021-02-19 13:41:50'),(5327,21,'catalog/language/zh-HK/extension/total/voucher.php','2021-02-19 13:41:50'),(5328,37,'admin/view/javascript/OneSignalSDKUpdaterWorker.js','2021-03-01 08:21:24'),(5329,37,'admin/view/javascript/OneSignalSDKWorker.js','2021-03-01 08:21:24'),(5330,37,'catalog/view/javascript/manifest.json','2021-03-01 08:21:24'),(5331,37,'admin/controller/extension/module/webpush.php','2021-03-01 08:21:24'),(5332,37,'catalog/controller/extension/module/webpush.php','2021-03-01 08:21:24'),(5333,37,'admin/language/en-gb/extension/module/webpush.php','2021-03-01 08:21:24'),(5334,37,'admin/view/template/extension/module/webpush.twig','2021-03-01 08:21:24');

--
-- Table structure for table `oc_faq_group`
--

CREATE TABLE `oc_faq_group` (
  `group_id` int(11) NOT NULL AUTO_INCREMENT,
  `name` varchar(30) DEFAULT NULL,
  `sort_order` int(11) DEFAULT NULL,
  PRIMARY KEY (`group_id`)
) ENGINE=MyISAM AUTO_INCREMENT=2 DEFAULT CHARSET=utf8;

--
-- Dumping data for table `oc_faq_group`
--

INSERT INTO `oc_faq_group` VALUES (1,'Email',1);

--
-- Table structure for table `oc_faq_support`
--

CREATE TABLE `oc_faq_support` (
  `faq_id` int(11) NOT NULL AUTO_INCREMENT,
  `group_id` int(11) DEFAULT NULL,
  `que_id` int(11) DEFAULT NULL,
  `language_id` int(11) DEFAULT NULL,
  `question` text DEFAULT NULL,
  `answer` text DEFAULT NULL,
  PRIMARY KEY (`faq_id`)
) ENGINE=MyISAM AUTO_INCREMENT=4 DEFAULT CHARSET=utf8;

--
